000
CXUS56 KMFR 022220
CF6LMT
PRELIMINARY LOCAL CLIMATOLOGICAL DATA (WS FORM: F-6)
STATION: KLAMATH FALLS OR
MONTH: MARCH
YEAR: 2022
LATITUDE: 42 9 N
LONGITUDE: 121 44 W
TEMPERATURE IN F: :PCPN: SNOW: WIND :SUNSHINE: SKY :PK WND
================================================================================
1 2 3 4 5 6A 6B 7 8 9 10 11 12 13 14 15 16 17 18
12Z AVG MX 2MIN
DY MAX MIN AVG DEP HDD CDD WTR SNW DPTH SPD SPD DIR MIN PSBL S-S WX SPD DR
================================================================================
1 62 32 47 9 18 0 0.00 M M 5.1 15 290 M M 3 19 280
2 64 28 46 8 19 0 0.00 M M 9.9 26 190 M M 2 32 180
3 43 29 36 -2 29 0 T M M 8.2 16 330 M M 9 21 340
4 42 15 29 -9 36 0 T M M 10.6 25 330 M M 5 34 320
5 47 25 36 -2 29 0 0.00 M M 13.0 23 320 M M 6 34 340
6 49 12 31 -7 34 0 0.00 M M 5.6 20 50 M M 0 24 40
7 58 13 36 -2 29 0 0.00 M M 7.0 29 330 M M 1 36 320
8 52 21 37 -2 28 0 0.00 M M 9.5 28 330 M M 5 34 330
9 48 26 37 -2 28 0 0.00 M M 11.0 26 270 M M 6 33 270
10 48 13 31 -8 34 0 0.00 M M 4.3 15 50 M M 0 23 50
11 62 13 38 -1 27 0 0.00 M M 2.1 10 260 M M 0 8 13 280
12 60 18 39 0 26 0 0.03 M M 15.7 38 210 M M 3 18 53 180
13 45 30 38 -1 27 0 T M M 9.8 24 250 M M 7 1 31 250
14 65 30 48 9 17 0 0.04 M M 8.1 25 180 M M 8 32 180
15 49 35 42 2 23 0 0.14 M M 9.6 24 260 M M 8 1 33 250
16 55 22 39 -1 26 0 0.00 M M 2.8 13 300 M M 0 14 300
17 58 25 42 2 23 0 0.00 M M 4.8 21 330 M M 3 28 260
18 60 19 40 0 25 0 0.00 M M 4.1 14 210 M M 1 18 230
19 47 25 36 -4 29 0 0.08 M M 9.3 26 330 M M 5 1 34 320
20 47 14 31 -9 34 0 0.00 M M 2.8 14 270 M M 3 17 250
21 55 29 42 2 23 0 T M M 3.7 15 260 M M 8 18 270
22 70 31 51 11 14 0 0.00 M M 2.9 15 160 M M 4 12 19 170
23 70 29 50 10 15 0 0.00 M M 5.9 23 270 M M 1 1 33 260
24 71 21 46 6 19 0 0.00 M M 3.3 15 280 M M 1 12 19 270
25 71 31 51 11 14 0 0.00 M M 6.0 20 290 M M 0 8 28 290
26 71 26 49 9 16 0 0.00 M M 6.5 22 180 M M 0 37 160
27 62 42 52 12 13 0 0.00 M M 6.1 17 190 M M 4 22 190
28 57 42 50 10 15 0 T M M 9.0 23 280 M M 9 28 280
29 64 27 46 5 19 0 0.00 M M 4.7 21 290 M M 1 26 250
30 51 30 41 0 24 0 0.00 M M 8.2 22 330 M M 1 27 330
31 55 18 37 -4 28 0 0.00 M M 4.4 16 320 M M 1 12 23 310
================================================================================
SM 1758 771 741 0 0.29 M 214.0 M 105
================================================================================
AV 56.7 24.9 6.9 FASTST M M 3 MAX(MPH)
MISC ----> 38 210 53 180
================================================================================
NOTES:
# LAST OF SEVERAL OCCURRENCES
COLUMN 17 PEAK WIND IN M.P.H.
PRELIMINARY LOCAL CLIMATOLOGICAL DATA (WS FORM: F-6) , PAGE 2
STATION: KLAMATH FALLS OR
MONTH: MARCH
YEAR: 2022
LATITUDE: 42 9 N
LONGITUDE: 121 44 W
[TEMPERATURE DATA] [PRECIPITATION DATA] SYMBOLS USED IN COLUMN 16
AVERAGE MONTHLY: 40.8 TOTAL FOR MONTH: 0.29 1 = FOG OR MIST
DPTR FM NORMAL: 1.4 DPTR FM NORMAL: -0.74 2 = FOG REDUCING VISIBILITY
HIGHEST: 71 ON 26,25 GRTST 24HR 0.18 ON 14-15 TO 1/4 MILE OR LESS
LOWEST: 12 ON 6 3 = THUNDER
SNOW, ICE PELLETS, HAIL 4 = ICE PELLETS
TOTAL MONTH: M 5 = HAIL
GRTST 24HR M ON M 6 = FREEZING RAIN OR DRIZZLE
GRTST DEPTH: M ON M 7 = DUSTSTORM OR SANDSTORM:
VSBY 1/2 MILE OR LESS
8 = SMOKE OR HAZE
[NO. OF DAYS WITH] [WEATHER - DAYS WITH] 9 = BLOWING SNOW
X = TORNADO
MAX 32 OR BELOW: 0 0.01 INCH OR MORE: 4
MAX 90 OR ABOVE: 0 0.10 INCH OR MORE: 1
MIN 32 OR BELOW: 28 0.50 INCH OR MORE: 0
MIN 0 OR BELOW: 0 1.00 INCH OR MORE: 0
[HDD (BASE 65) ]
TOTAL THIS MO. 741 CLEAR (SCALE 0-3) 15
DPTR FM NORMAL -53 PTCLDY (SCALE 4-7) 13
TOTAL FM JUL 1 5254 CLOUDY (SCALE 8-10) 3
DPTR FM NORMAL -186
[CDD (BASE 65) ]
TOTAL THIS MO. 0
DPTR FM NORMAL 0 [PRESSURE DATA]
TOTAL FM JAN 1 0 HIGHEST SLP 30.56 ON 7
DPTR FM NORMAL 0 LOWEST SLP 29.57 ON 27
[REMARKS]
#FINAL-03-22#