000
CXUS53 KMKX 010810
CF6LNR
PRELIMINARY LOCAL CLIMATOLOGICAL DATA (WS FORM: F-6)
STATION: LONE ROCK WI
MONTH: JULY
YEAR: 2023
LATITUDE: 43 12 N
LONGITUDE: 90 11 W
TEMPERATURE IN F: :PCPN: SNOW: WIND :SUNSHINE: SKY :PK WND
================================================================================
1 2 3 4 5 6A 6B 7 8 9 10 11 12 13 14 15 16 17 18
12Z AVG MX 2MIN
DY MAX MIN AVG DEP HDD CDD WTR SNW DPTH SPD SPD DIR MIN PSBL S-S WX SPD DR
================================================================================
1 84 67 76 5 0 11 0.12 M M 1.5 7 180 M M 4 13 10 220
2 90 64 77 5 0 12 0.00 M M 4.8 13 10 M M 2 1 16 10
3 92 58 75 3 0 10 0.00 M M 4.4 31 340 M M 1 13 43 350
4 92 67 80 8 0 15 T M M 4.1 18 330 M M 2 27 340
5 87 65 76 4 0 11 0.00 M M 6.4 16 330 M M 4 8 21 360
6 80 54 67 -5 0 2 0.00 M M 7.4 15 310 M M 1 22 290
7 79 45 62 -10 3 0 T M M 3.3 10 330 M M 3 13 330
8 84 56 70 -2 0 5 T M M 5.1 16 300 M M 4 20 310
9 86 51 69 -3 0 4 0.00 M M 4.0 13 270 M M 0 19 240
10 90 55 73 1 0 8 0.00 M M 7.3 17 250 M M 0 3 31 250
11 83 64 74 2 0 9 T M M 3.7 12 20 M M 1 17 40
12 68 58 63 -9 2 0 1.49 M M 6.1 17 20 M M 7 13 23 50
13 82 61 72 0 0 7 0.00 M M 3.6 15 30 M M 7 13 19 30
14 88 65 77 5 0 12 0.45 M M 4.4 25 230 M M 3 13 39 230
15 84 63 74 2 0 9 0.25 M M 5.8 26 300 M M 4 1238 40 290
16 80 58 69 -3 0 4 T M M 8.1 20 270 M M 1 138 27 280
17 76 54 65 -7 0 0 0.00 M M 6.5 16 300 M M 2 1 22 320
18 82 50 66 -6 0 1 0.00 M M 0.7 8 210 M M 2 12 12 190
19 83 52 68 -4 0 3 0.00 M M 3.9 16 170 M M 0 1 22 180
20 81 58 70 -2 0 5 0.00 M M 7.8 21 320 M M 4 29 320
21 84 52 68 -4 0 3 0.00 M M 2.3 8 300 M M 1 13 340
22 85 56 71 -1 0 6 0.25 M M 5.7 30 340 M M 4 13 46 340
23 84 57 71 -1 0 6 0.00 M M 3.5 10 290 M M 3 12 15 280
24 88 58 73 1 0 8 0.00 M M 1.4 9 280 M M 3 128 13 200
25 91 62 77 5 0 12 0.00 M M 3.9 13 170 M M 2 128 18 140
26 89 68 79 7 0 14 0.12 M M 5.5 29 100 M M 2 13 39 100
27 93 65 79 7 0 14 0.03 M M 4.6 26 10 M M 4 123 42 20
28 91 67 79 7 0 14 1.09 M M 4.5 47 330 M M 3 138 77 300
29 86 65 76 4 0 11 0.00 M M 3.7 13 330 M M 4 19 330
30 83 58 71 -1 0 6 0.00 M M 3.1 13 340 M M 3 18 310
31 82 55 69 -3 0 4 0.00 M M 1.2 7 290 M M 1 12 11 290
================================================================================
SM 2627 1828 5 226 3.80 M 138.3 M 82
================================================================================
AV 84.7 59.0 4.5 FASTST M M 3 MAX(MPH)
MISC ----> 47 330 77 300
================================================================================
NOTES:
# LAST OF SEVERAL OCCURRENCES
COLUMN 17 PEAK WIND IN M.P.H.
PRELIMINARY LOCAL CLIMATOLOGICAL DATA (WS FORM: F-6) , PAGE 2
STATION: LONE ROCK WI
MONTH: JULY
YEAR: 2023
LATITUDE: 43 12 N
LONGITUDE: 90 11 W
[TEMPERATURE DATA] [PRECIPITATION DATA] SYMBOLS USED IN COLUMN 16
AVERAGE MONTHLY: 71.9 TOTAL FOR MONTH: 3.80 1 = FOG OR MIST
DPTR FM NORMAL: -0.1 DPTR FM NORMAL: -0.74 2 = FOG REDUCING VISIBILITY
HIGHEST: 93 ON 27 GRTST 24HR 1.49 ON 11-12 TO 1/4 MILE OR LESS
LOWEST: 45 ON 7 3 = THUNDER
SNOW, ICE PELLETS, HAIL 4 = ICE PELLETS
TOTAL MONTH: M 5 = HAIL
GRTST 24HR M ON M 6 = FREEZING RAIN OR DRIZZLE
GRTST DEPTH: M ON M 7 = DUSTSTORM OR SANDSTORM:
VSBY 1/2 MILE OR LESS
8 = SMOKE OR HAZE
[NO. OF DAYS WITH] [WEATHER - DAYS WITH] 9 = BLOWING SNOW
X = TORNADO
MAX 32 OR BELOW: 0 0.01 INCH OR MORE: 8
MAX 90 OR ABOVE: 7 0.10 INCH OR MORE: 7
MIN 32 OR BELOW: 0 0.50 INCH OR MORE: 2
MIN 0 OR BELOW: 0 1.00 INCH OR MORE: 2
[HDD (BASE 65) ]
TOTAL THIS MO. 5 CLEAR (SCALE 0-3) 19
DPTR FM NORMAL -2 PTCLDY (SCALE 4-7) 12
TOTAL FM JUL 1 5 CLOUDY (SCALE 8-10) 0
DPTR FM NORMAL 5
[CDD (BASE 65) ]
TOTAL THIS MO. 226
DPTR FM NORMAL 2 [PRESSURE DATA]
TOTAL FM JAN 1 435 HIGHEST SLP M ON M
DPTR FM NORMAL 23 LOWEST SLP 29.62 ON 26
[REMARKS]
#FINAL-07-23#