563
CXUS55 KJKL 011000
CF6LOZ
PRELIMINARY LOCAL CLIMATOLOGICAL DATA (WS FORM: F-6)
STATION: LONDON KY
MONTH: DECEMBER
YEAR: 2020
LATITUDE: 37 4 N
LONGITUDE: 84 5 W
TEMPERATURE IN F: :PCPN: SNOW: WIND :SUNSHINE: SKY :PK WND
================================================================================
1 2 3 4 5 6A 6B 7 8 9 10 11 12 13 14 15 16 17 18
12Z AVG MX 2MIN
DY MAX MIN AVG DEP HDD CDD WTR SNW DPTH SPD SPD DIR MIN PSBL S-S WX SPD DR
================================================================================
1 30 23 27 -15 38 0 0.01 M M 9.7 18 260 M M 9 1 25 280
2 40 18 29 -13 36 0 0.00 M M 1.7 9 260 M M 0 12 220
3 50 21 36 -6 29 0 T M M 1.5 10 240 M M 4 13 240
4 47 40 44 3 21 0 0.83 M M 5.8 16 300 M M 10 1 21 300
5 46 28 37 -4 28 0 0.00 M M 4.1 12 250 M M 6 12 18 270
6 51 25 38 -3 27 0 0.00 M M 2.0 7 360 M M 3 1 10 10
7 41 31 36 -4 29 0 T M M 8.0 14 350 M M 10 1 18 300
8 35 28 32 -8 33 0 0.00 M M 4.1 10 360 M M 6 14 340
9 58 25 42 2 23 0 0.00 M M 4.4 15 240 M M 0 20 240
10 63 30 47 7 18 0 0.00 M M 2.3 9 190 M M 0 13 200
11 64 31 48 9 17 0 0.00 M M 4.2 15 190 M M 0 21 200
12 58 49 54 15 11 0 0.37 M M 7.3 17 200 M M 7 1 26 210
13 50 40 45 6 20 0 T M M 3.5 12 30 M M 6 1 16 40
14 42 30 36 -3 29 0 1.18 M M 6.7 14 10 M M 10 1 20 20
15 41 27 34 -4 31 0 0.00 M M 6.2 12 50 M M 3 17 20
16 42 33 38 0 27 0 0.32 M M 3.8 14 270 M M 10 1 19 270
17 37 30 34 -4 31 0 T M M 7.4 13 260 M M 10 16 18 270
18 39 24 32 -6 33 0 0.00 M M 1.9 10 70 M M 3 1 18 100
19 47 26 37 -1 28 0 T M M 4.6 12 190 M M 4 17 170
20 45 38 42 5 23 0 0.10 M M 4.8 17 270 M M 10 1 26 260
21 53 37 45 8 20 0 0.00 M M 10.2 28 260 M M 6 38 260
22 48 29 39 2 26 0 0.00 M M 5.4 16 260 M M 0 22 260
23 56 27 42 5 23 0 T M M 8.4 22 180 M M 2 37 180
24 55 21 38 1 27 0 1.01 M M 10.7 22 190 M M 10 1268 35 180
25 21 11 16 -21 49 0 0.01 M M 10.4 20 250 M M 10 26 290
26 39 10 25 -11 40 0 0.00 M M 4.9 12 210 M M 0 18 220
27 52 22 37 1 28 0 0.00 M M 4.4 14 180 M M 0 21 170
28 53 29 41 5 24 0 0.00 M M 8.4 18 250 M M 7 27 210
29 45 25 35 -1 30 0 0.00 M M 4.4 13 100 M M 0 1 18 100
30 62 30 46 10 19 0 T M M 10.2 24 190 M M 5 34 180
31 56 38 47 11 18 0 0.91 M M 7.4 15 10 M M 10 1 21 10
================================================================================
SM 1466 876 836 0 4.74 M 178.8 M 161
================================================================================
AV 47.3 28.3 5.8 FASTST M M 5 MAX(MPH)
MISC ----> 28 260 38 260
================================================================================
NOTES:
# LAST OF SEVERAL OCCURRENCES
COLUMN 17 PEAK WIND IN M.P.H.
PRELIMINARY LOCAL CLIMATOLOGICAL DATA (WS FORM: F-6) , PAGE 2
STATION: LONDON KY
MONTH: DECEMBER
YEAR: 2020
LATITUDE: 37 4 N
LONGITUDE: 84 5 W
[TEMPERATURE DATA] [PRECIPITATION DATA] SYMBOLS USED IN COLUMN 16
AVERAGE MONTHLY: 37.8 TOTAL FOR MONTH: 4.74 1 = FOG OR MIST
DPTR FM NORMAL: -0.7 DPTR FM NORMAL: 0.50 2 = FOG REDUCING VISIBILITY
HIGHEST: 64 ON 11 GRTST 24HR 1.18 ON 14-14 TO 1/4 MILE OR LESS
LOWEST: 10 ON 26 3 = THUNDER
SNOW, ICE PELLETS, HAIL 4 = ICE PELLETS
TOTAL MONTH: M 5 = HAIL
GRTST 24HR M ON M 6 = FREEZING RAIN OR DRIZZLE
GRTST DEPTH: M ON M 7 = DUSTSTORM OR SANDSTORM:
VSBY 1/2 MILE OR LESS
8 = SMOKE OR HAZE
[NO. OF DAYS WITH] [WEATHER - DAYS WITH] 9 = BLOWING SNOW
X = TORNADO
MAX 32 OR BELOW: 2 0.01 INCH OR MORE: 9
MAX 90 OR ABOVE: 0 0.10 INCH OR MORE: 7
MIN 32 OR BELOW: 24 0.50 INCH OR MORE: 4
MIN 0 OR BELOW: 0 1.00 INCH OR MORE: 2
[HDD (BASE 65) ]
TOTAL THIS MO. 836 CLEAR (SCALE 0-3) 10
DPTR FM NORMAL 14 PTCLDY (SCALE 4-7) 11
TOTAL FM JUL 1 1532 CLOUDY (SCALE 8-10) 10
DPTR FM NORMAL -120
[CDD (BASE 65) ]
TOTAL THIS MO. 0
DPTR FM NORMAL -1 [PRESSURE DATA]
TOTAL FM JAN 1 1254 HIGHEST SLP 30.56 ON 29
DPTR FM NORMAL 63 LOWEST SLP 29.69 ON 24
[REMARKS]
#FINAL-12-20#