000
CXUS54 KCRP 031608
CF6LRD
PRELIMINARY LOCAL CLIMATOLOGICAL DATA (WS FORM: F-6)
STATION: LAREDO
MONTH: AUGUST
YEAR: 2022
LATITUDE: 27 31 N
LONGITUDE: 99 28 W
TEMPERATURE IN F: :PCPN: SNOW: WIND :SUNSHINE: SKY :PK WND
================================================================================
1 2 3 4 5 6A 6B 7 8 9 10 11 12 13 14 15 16 17 18
12Z AVG MX 2MIN
DY MAX MIN AVG DEP HDD CDD WTR SNW DPTH SPD SPD DIR MIN PSBL S-S WX SPD DR
================================================================================
1 102 77 90 0 0 25 0.00 0.0 0 M M M M M 1 M M
2 106 79 93 3 0 28 0.00 0.0 0 M M M M M 0 M M
3 107 80 94 4 0 29 0.00 0.0 0 M M M M M 0 M M
4 107 79 93 3 0 28 0.00 0.0 0 M M M M M 0 M M
5 105 79 92 2 0 27 0.00 0.0 0 M M M M M 1 M M
6 104 78 91 1 0 26 0.00 0.0 0 M M M M M 1 M M
7 102 78 90 0 0 25 0.00 0.0 0 M M M M M 1 M M
8 102 77 90 0 0 25 0.00 0.0 0 M M M M M 1 3 M M
9 101 77 89 -1 0 24 0.00 0.0 0 M M M M M 1 M M
10 105 78 92 2 0 27 0.00 0.0 0 M M M M M 0 M M
11 106 78 92 2 0 27 0.03 0.0 0 M M M M M 2 3 M M
12 97 79 88 -2 0 23 0.58 0.0 0 M M M M M 3 3 M M
13 101 77 89 -1 0 24 0.00 0.0 0 M M M M M 3 M M
14 86 74 80 -10 0 15 0.55 0.0 0 M M M M M 7 M M
15 84 72 78 -12 0 13 6.82 0.0 0 M M M M M 9 3 M M
16 99 76 88 -1 0 23 0.00 0.0 0 M M M M M 5 M M
17 100 77 89 0 0 24 0.00 0.0 0 M M M M M 3 M M
18 101 78 90 1 0 25 0.01 0.0 0 M M M M M 1 M M
19 102 77 90 1 0 25 0.00 0.0 0 M M M M M 2 M M
20 100 77 89 0 0 24 0.00 0.0 0 M M M M M 2 M M
21 100 77 89 1 0 24 0.00 0.0 0 M M M M M 3 M M
22 102 79 91 3 0 26 0.00 0.0 0 M M M M M 1 M M
23 93 77 85 -3 0 20 0.00 0.0 0 M M M M M 5 M M
24 96 80 88 0 0 23 0.06 0.0 0 M M M M M 3 3 M M
25 90 75 83 -5 0 18 0.43 0.0 0 M M M M M 6 3 M M
26 93 77 85 -2 0 20 T 0.0 0 M M M M M 7 3 M M
27 97 78 88 1 0 23 0.00 0.0 0 M M M M M 2 M M
28 99 77 88 1 0 23 0.00 0.0 0 M M M M M 1 M M
29 98 78 88 1 0 23 0.00 0.0 0 M M M M M 1 M M
30 94 76 85 -1 0 20 0.12 0.0 0 M M M M M 3 3 M M
31 93 76 85 -1 0 20 T 0.0 0 M M M M M 3 3 M M
================================================================================
SM 3072 2397 0 727 8.60 0.0 M M 78
================================================================================
AV 99.1 77.3 M FASTST M M 3 MAX(MPH)
MISC ----> M M M M
================================================================================
NOTES:
# LAST OF SEVERAL OCCURRENCES
COLUMN 17 PEAK WIND IN M.P.H.
PRELIMINARY LOCAL CLIMATOLOGICAL DATA (WS FORM: F-6) , PAGE 2
STATION: LAREDO
MONTH: AUGUST
YEAR: 2022
LATITUDE: 27 31 N
LONGITUDE: 99 28 W
[TEMPERATURE DATA] [PRECIPITATION DATA] SYMBOLS USED IN COLUMN 16
AVERAGE MONTHLY: 88.2 TOTAL FOR MONTH: 8.60 1 = FOG OR MIST
DPTR FM NORMAL: -0.7 DPTR FM NORMAL: 6.92 2 = FOG REDUCING VISIBILITY
HIGHEST: 107 ON 4, 3 GRTST 24HR 6.82 ON 15-15 TO 1/4 MILE OR LESS
LOWEST: 72 ON 15 3 = THUNDER
SNOW, ICE PELLETS, HAIL 4 = ICE PELLETS
TOTAL MONTH: 0.0 INCH 5 = HAIL
GRTST 24HR 0.0 6 = FREEZING RAIN OR DRIZZLE
GRTST DEPTH: 0 7 = DUSTSTORM OR SANDSTORM:
VSBY 1/2 MILE OR LESS
8 = SMOKE OR HAZE
[NO. OF DAYS WITH] [WEATHER - DAYS WITH] 9 = BLOWING SNOW
X = TORNADO
MAX 32 OR BELOW: 0 0.01 INCH OR MORE: 8
MAX 90 OR ABOVE: 29 0.10 INCH OR MORE: 5
MIN 32 OR BELOW: 0 0.50 INCH OR MORE: 3
MIN 0 OR BELOW: 0 1.00 INCH OR MORE: 1
[HDD (BASE 65) ]
TOTAL THIS MO. 0 CLEAR (SCALE 0-3) 21
DPTR FM NORMAL 0 PTCLDY (SCALE 4-7) 9
TOTAL FM JUL 1 0 CLOUDY (SCALE 8-10) 1
DPTR FM NORMAL 0
[CDD (BASE 65) ]
TOTAL THIS MO. 727
DPTR FM NORMAL -12 [PRESSURE DATA]
TOTAL FM JAN 1 3729 HIGHEST SLP 30.05 ON 10
DPTR FM NORMAL 457 LOWEST SLP 29.70 ON 28
[REMARKS]
#FINAL-08-22#
ANM...PRECIP DATA FOR 08/15 TAKEN FROM BACKUP SITE (41-5060-09) AS AWOS DATA WAS UNREPRESENTATIVE. CHANGE APPROVED BY VM AND STATE CLIMATOLOGIST DR. JNG