000
CXUS54 KEPZ 011030
CF6LRU
PRELIMINARY LOCAL CLIMATOLOGICAL DATA (WS FORM: F-6)
STATION: LAS CRUCES
MONTH: JUNE
YEAR: 2022
LATITUDE: 32 17 N
LONGITUDE: 106 46 W
TEMPERATURE IN F: :PCPN: SNOW: WIND :SUNSHINE: SKY :PK WND
================================================================================
1 2 3 4 5 6A 6B 7 8 9 10 11 12 13 14 15 16 17 18
12Z AVG MX 2MIN
DY MAX MIN AVG DEP HDD CDD WTR SNW DPTH SPD SPD DIR MIN PSBL S-S WX SPD DR
================================================================================
1 98 61 80 M 0 15 0.00 M M 8.5 23 120 M M 0 29 120
2 95 65 80 M 0 15 0.00 M M 9.8 18 120 M M 0 24 120
3 96 64 80 M 0 15 0.00 M M 9.0 17 250 M M 0 25 240
4 95 65 80 M 0 15 0.00 M M 15.1 27 260 M M 0 36 250
5 97 64 81 M 0 16 0.00 M M 11.9 25 250 M M 0 35 250
6 100 67 84 M 0 19 0.00 M M 10.2 18 250 M M 0 27 230
7 102 69 86 M 0 21 0.00 M M 9.6 17 250 M M 0 23 240
8 105 72 89 M 0 24 0.02 M M 10.6 25 140 M M 2 8 35 140
9 98 72 85 M 0 20 0.00 M M 7.0 15 170 M M 2 37 180
10 104 70 87 M 0 22 0.00 M M 4.5 9 330 M M 0 21 210
11 107 69 88 M 0 23 0.00 M M 6.3 14 310 M M 0 28 310
12 103 75 89 M 0 24 0.00 M M 10.2 24 280 M M 0 35 280
13 103 74 89 M 0 24 0.00 M M 12.0 30 270 M M 0 41 270
14 99 72 86 M 0 21 0.00 M M 16.2 25 260 M M 0 36 290
15 101 65 83 M 0 18 0.00 M M 5.8 10 340 M M 0 22 340
16 102 72 87 M 0 22 0.00 M M 9.4 25 70 M M 1 33 70
17 97 69 83 M 0 18 0.00 M M 10.0 17 270 M M 1 28 270
18 99 70 85 M 0 20 0.03 M M 9.9 16 330 M M 2 38 41 190
19 92 69 81 M 0 16 0.00 M M 8.6 15 350 M M 4 30 0
20 87 66 77 M 0 12 0.00 M M 7.1 13 150 M M 6 31 70
21 78 64 71 M 0 6 0.20 M M 5.2 10 110 M M 9 M M
22 80 65 73 M 0 8 0.11 M M 5.7 10 30 M M 8 18 90
23 93 65 79 M 0 14 0.00 M M 6.0 14 340 M M 3 26 10
24 93 69 81 M 0 16 T M M 8.6 17 350 M M 3 24 350
25 94 68 81 M 0 16 0.04 M M 7.1 15 260 M M 3 25 90
26 93 68 81 M 0 16 0.00 M M 12.4 20 350 M M 5 24 350
27 91 68 80 M 0 15 0.00 M M 8.7 20 130 M M 3 28 130
28 89 68 79 M 0 14 0.00 M M 7.6 15 360 M M 5 22 360
29 94 70 82 M 0 17 0.02 M M 6.0 12 120 M M 2 18 90
30 95 65 80 M 0 15 0.00 M M 5.9 17 270 M M 2 25 270
================================================================================
SM 2880 2040 0 517 0.42 M 264.9 M 61
================================================================================
AV 96.0 68.0 8.8 FASTST M M 2 MAX(MPH)
MISC ----> 30 270 # 41 270
================================================================================
NOTES:
# LAST OF SEVERAL OCCURRENCES
COLUMN 17 PEAK WIND IN M.P.H.
PRELIMINARY LOCAL CLIMATOLOGICAL DATA (WS FORM: F-6) , PAGE 2
STATION: LAS CRUCES
MONTH: JUNE
YEAR: 2022
LATITUDE: 32 17 N
LONGITUDE: 106 46 W
[TEMPERATURE DATA] [PRECIPITATION DATA] SYMBOLS USED IN COLUMN 16
AVERAGE MONTHLY: 82.0 TOTAL FOR MONTH: 0.42 1 = FOG OR MIST
DPTR FM NORMAL: 0.0 DPTR FM NORMAL: M 2 = FOG REDUCING VISIBILITY
HIGHEST: 107 ON 11 GRTST 24HR 0.20 ON 21-21 TO 1/4 MILE OR LESS
LOWEST: 61 ON 1 3 = THUNDER
SNOW, ICE PELLETS, HAIL 4 = ICE PELLETS
TOTAL MONTH: M 5 = HAIL
GRTST 24HR M ON M 6 = FREEZING RAIN OR DRIZZLE
GRTST DEPTH: M ON M 7 = DUSTSTORM OR SANDSTORM:
VSBY 1/2 MILE OR LESS
8 = SMOKE OR HAZE
[NO. OF DAYS WITH] [WEATHER - DAYS WITH] 9 = BLOWING SNOW
X = TORNADO
MAX 32 OR BELOW: 0 0.01 INCH OR MORE: 6
MAX 90 OR ABOVE: 26 0.10 INCH OR MORE: 2
MIN 32 OR BELOW: 0 0.50 INCH OR MORE: 0
MIN 0 OR BELOW: 0 1.00 INCH OR MORE: 0
[HDD (BASE 65) ]
TOTAL THIS MO. 0 CLEAR (SCALE 0-3) 23
DPTR FM NORMAL M PTCLDY (SCALE 4-7) 6
TOTAL FM JUL 1 2343 CLOUDY (SCALE 8-10) 1
DPTR FM NORMAL M
[CDD (BASE 65) ]
TOTAL THIS MO. 517
DPTR FM NORMAL M [PRESSURE DATA]
TOTAL FM JAN 1 923 HIGHEST SLP M ON M
DPTR FM NORMAL M LOWEST SLP M ON M
[REMARKS]
#FINAL-06-22#