000
CXUS54 KEPZ 011130
CF6LRU
PRELIMINARY LOCAL CLIMATOLOGICAL DATA (WS FORM: F-6)
STATION: LAS CRUCES
MONTH: DECEMBER
YEAR: 2021
LATITUDE: 32 17 N
LONGITUDE: 106 46 W
TEMPERATURE IN F: :PCPN: SNOW: WIND :SUNSHINE: SKY :PK WND
================================================================================
1 2 3 4 5 6A 6B 7 8 9 10 11 12 13 14 15 16 17 18
12Z AVG MX 2MIN
DY MAX MIN AVG DEP HDD CDD WTR SNW DPTH SPD SPD DIR MIN PSBL S-S WX SPD DR
================================================================================
1 66 37 52 M 13 0 0.00 M M 3.8 8 330 M M 0 M M
2 71 37 54 M 11 0 0.00 M M 3.6 8 260 M M 0 M M
3 71 39 55 M 10 0 0.00 M M 3.8 8 220 M M 0 M M
4 66 38 52 M 13 0 0.00 M M 3.1 7 40 M M 1 M M
5 70 36 53 M 12 0 0.00 M M 7.0 13 250 M M 0 16 0
6 58 36 47 M 18 0 0.00 M M 7.3 17 150 M M 0 21 160
7 M 33 M M M M 0.00 M M 6.1 16 280 M M 0 22 280
8 70 38 54 M 11 0 0.00 M M 6.2 14 220 M M 0 20 0
9 71 43 57 M 8 0 0.00 M M 10.4 22 230 M M 2 28 230
10 60 43 52 M 13 0 T M M 18.5 40 260 M M 5 52 260
11 55 31 43 M 22 0 0.00 M M 6.7 16 350 M M 0 21 330
12 62 28 45 M 20 0 0.00 M M 3.8 8 320 M M 0 M M
13 68 35 52 M 13 0 0.00 M M 3.9 8 220 M M 0 M M
14 73 39 56 M 9 0 0.00 M M 5.4 13 190 M M 1 18 190
15 67 46 57 M 8 0 0.00 M M 12.7 24 240 M M 0 32 240
16 63 37 50 M 15 0 0.00 M M 5.3 10 180 M M 0 M M
17 66 38 52 M 13 0 0.00 M M 7.3 17 260 M M 1 27 260
18 48 40 44 M 21 0 0.00 M M 12.1 22 340 M M 7 32 340
19 55 32 44 M 21 0 0.00 M M 4.2 8 270 M M 4 M M
20 64 29 47 M 18 0 0.00 M M 4.6 9 330 M M 0 M M
21 65 30 48 M 17 0 0.00 M M 3.0 8 240 M M 0 M M
22 69 36 53 M 12 0 0.00 M M 3.6 7 340 M M 0 M M
23 M 41 M M M M 0.00 M M 5.4 16 240 M M 0 17 260
24 74 46 60 M 5 0 0.00 M M 14.5 29 270 M M 2 37 220
25 71 41 56 M 9 0 0.00 M M 7.1 15 250 M M 1 18 250
26 71 40 56 M 9 0 0.00 M M 13.8 25 230 M M 1 31 260
27 61 37 49 M 16 0 0.01 M M 9.7 31 290 M M 6 38 290
28 58 33 46 M 19 0 0.00 M M 11.5 24 270 M M 1 36 260
29 58 34 46 M 19 0 0.00 M M 11.5 23 270 M M 0 29 260
30 56 31 44 M 21 0 0.00 M M 6.4 21 220 M M 5 27 230
31 50 45 48 M 17 0 0.49 M M 8.7 22 260 M M 9 31 260
================================================================================
SM 1857 1149 413 0 0.50 M 230.9 M 46
================================================================================
AV 64.0 37.1 7.4 FASTST M M 1 MAX(MPH)
MISC ----> 40 260 52 260
================================================================================
NOTES:
# LAST OF SEVERAL OCCURRENCES
COLUMN 17 PEAK WIND IN M.P.H.
PRELIMINARY LOCAL CLIMATOLOGICAL DATA (WS FORM: F-6) , PAGE 2
STATION: LAS CRUCES
MONTH: DECEMBER
YEAR: 2021
LATITUDE: 32 17 N
LONGITUDE: 106 46 W
[TEMPERATURE DATA] [PRECIPITATION DATA] SYMBOLS USED IN COLUMN 16
AVERAGE MONTHLY: 50.5 TOTAL FOR MONTH: 0.50 1 = FOG OR MIST
DPTR FM NORMAL: 0.0 DPTR FM NORMAL: M 2 = FOG REDUCING VISIBILITY
HIGHEST: 74 ON 24 GRTST 24HR 0.49 ON 31-31 TO 1/4 MILE OR LESS
LOWEST: 28 ON 12 3 = THUNDER
SNOW, ICE PELLETS, HAIL 4 = ICE PELLETS
TOTAL MONTH: M 5 = HAIL
GRTST 24HR M ON M 6 = FREEZING RAIN OR DRIZZLE
GRTST DEPTH: M ON M 7 = DUSTSTORM OR SANDSTORM:
VSBY 1/2 MILE OR LESS
8 = SMOKE OR HAZE
[NO. OF DAYS WITH] [WEATHER - DAYS WITH] 9 = BLOWING SNOW
X = TORNADO
MAX 32 OR BELOW: 0 0.01 INCH OR MORE: 2
MAX 90 OR ABOVE: 0 0.10 INCH OR MORE: 1
MIN 32 OR BELOW: 6 0.50 INCH OR MORE: 0
MIN 0 OR BELOW: 0 1.00 INCH OR MORE: 0
[HDD (BASE 65) ]
TOTAL THIS MO. 413 CLEAR (SCALE 0-3) 25
DPTR FM NORMAL M PTCLDY (SCALE 4-7) 5
TOTAL FM JUL 1 820 CLOUDY (SCALE 8-10) 1
DPTR FM NORMAL M
[CDD (BASE 65) ]
TOTAL THIS MO. 0
DPTR FM NORMAL M [PRESSURE DATA]
TOTAL FM JAN 1 2005 HIGHEST SLP M ON M
DPTR FM NORMAL M LOWEST SLP M ON M
[REMARKS]
#FINAL-12-21#