000
CXUS53 KARX 010900
CF6LSE
PRELIMINARY LOCAL CLIMATOLOGICAL DATA (WS FORM: F-6)
STATION: LA CROSSE WI
MONTH: JUNE
YEAR: 2021
LATITUDE: 43 52 N
LONGITUDE: 91 15 W
TEMPERATURE IN F: :PCPN: SNOW: WIND :SUNSHINE: SKY :PK WND
================================================================================
1 2 3 4 5 6A 6B 7 8 9 10 11 12 13 14 15 16 17 18
12Z AVG MX 2MIN
DY MAX MIN AVG DEP HDD CDD WTR SNW DPTH SPD SPD DIR MIN PSBL S-S WX SPD DR
================================================================================
1 82 52 67 0 0 2 0.00 0.0 0 7.4 15 190 M M 1 23 170
2 83 58 71 4 0 6 0.00 0.0 0 7.6 14 200 M M 1 19 180
3 92 60 76 8 0 11 T 0.0 0 8.2 23 290 M M 2 31 270
4 96 71 84 16 0 19 0.00 0.0 0 11.6 21 220 M M 1 28 220
5 99 71 85 17 0 20 0.00 0.0 0 11.6 22 240 M M 0 28 230
6 94 75 85 17 0 20 0.00 0.0 0 13.3 24 180 M M 1 35 180
7 93 74 84 15 0 19 0.00 0.0 0 8.8 14 190 M M 0 19 160
8 97 72 85 16 0 20 T 0.0 0 5.5 14 90 M M 3 3 20 90
9 97 70 84 15 0 19 0.00 0.0 0 3.9 10 110 M M 1 15 190
10 99 74 87 17 0 22 T 0.0 0 6.7 23 80 M M 1 3 37 100
11 97 72 85 15 0 20 0.00 0.0 0 5.6 15 240 M M 0 19 230
12 89 62 76 6 0 11 0.00 0.0 0 9.5 20 340 M M 1 27 340
13 95 58 77 6 0 12 0.00 0.0 0 5.1 21 350 M M 0 32 350
14 89 61 75 4 0 10 0.00 0.0 0 7.4 17 320 M M 1 23 360
15 86 58 72 1 0 7 0.00 0.0 0 5.6 16 50 M M 1 22 60
16 87 59 73 1 0 8 0.00 0.0 0 7.8 16 180 M M 0 24 180
17 92 69 81 9 0 16 1.48 0.0 0 10.5 33 340 M M 3 13 47 330
18 91 69 80 8 0 15 0.12 0.0 0 5.7 30 330 M M 2 13 46 310
19 84 65 75 3 0 10 0.00 0.0 0 7.6 14 320 M M 1 22 330
20 78 61 70 -2 0 5 0.19 0.0 0 9.0 30 320 M M 6 1 41 320
21 70 53 62 -11 3 0 T 0.0 0 12.8 26 330 M M 5 34 330
22 77 49 63 -10 2 0 0.00 0.0 0 5.6 12 240 M M 2 17 270
23 84 58 71 -2 0 6 0.00 0.0 0 11.8 21 160 M M 5 27 160
24 92 71 82 9 0 17 0.05 0.0 0 13.2 24 180 M M 2 3 32 70
25 82 72 77 3 0 12 T 0.0 0 4.4 9 80 M M 8 1 14 20
26 76 66 71 -3 0 6 2.77 0.0 0 5.7 17 320 M M 9 1 23 320
27 83 63 73 -1 0 8 0.05 0.0 0 6.2 18 330 M M 5 1 23 340
28 88 67 78 4 0 13 0.54 0.0 0 6.4 20 320 M M 2 13 25 330
29 85 69 77 3 0 12 0.10 0.0 0 4.0 22 360 M M 6 13 33 320
30 90 67 79 5 0 14 0.00 0.0 0 4.5 13 320 M M 2 12 19 310
================================================================================
SM 2647 1946 5 360 5.30 0.0 233.0 M 72
================================================================================
AV 88.2 64.9 7.8 FASTST M M 2 MAX(MPH)
MISC ----> 33 340 47 330
================================================================================
NOTES:
# LAST OF SEVERAL OCCURRENCES
COLUMN 17 PEAK WIND IN M.P.H.
PRELIMINARY LOCAL CLIMATOLOGICAL DATA (WS FORM: F-6) , PAGE 2
STATION: LA CROSSE WI
MONTH: JUNE
YEAR: 2021
LATITUDE: 43 52 N
LONGITUDE: 91 15 W
[TEMPERATURE DATA] [PRECIPITATION DATA] SYMBOLS USED IN COLUMN 16
AVERAGE MONTHLY: 76.6 TOTAL FOR MONTH: 5.30 1 = FOG OR MIST
DPTR FM NORMAL: 5.6 DPTR FM NORMAL: 0.22 2 = FOG REDUCING VISIBILITY
HIGHEST: 99 ON 10, 5 GRTST 24HR 2.82 ON 26-27 TO 1/4 MILE OR LESS
LOWEST: 49 ON 22 3 = THUNDER
SNOW, ICE PELLETS, HAIL 4 = ICE PELLETS
TOTAL MONTH: 0.0 INCH 5 = HAIL
GRTST 24HR 0.0 6 = FREEZING RAIN OR DRIZZLE
GRTST DEPTH: 0 7 = DUSTSTORM OR SANDSTORM:
VSBY 1/2 MILE OR LESS
8 = SMOKE OR HAZE
[NO. OF DAYS WITH] [WEATHER - DAYS WITH] 9 = BLOWING SNOW
X = TORNADO
MAX 32 OR BELOW: 0 0.01 INCH OR MORE: 8
MAX 90 OR ABOVE: 14 0.10 INCH OR MORE: 6
MIN 32 OR BELOW: 0 0.50 INCH OR MORE: 3
MIN 0 OR BELOW: 0 1.00 INCH OR MORE: 2
[HDD (BASE 65) ]
TOTAL THIS MO. 5 CLEAR (SCALE 0-3) 23
DPTR FM NORMAL -19 PTCLDY (SCALE 4-7) 6
TOTAL FM JUL 1 6647 CLOUDY (SCALE 8-10) 1
DPTR FM NORMAL -136
[CDD (BASE 65) ]
TOTAL THIS MO. 360
DPTR FM NORMAL 154 [PRESSURE DATA]
TOTAL FM JAN 1 458 HIGHEST SLP 30.16 ON 1
DPTR FM NORMAL 186 LOWEST SLP 29.45 ON 20
[REMARKS]
#FINAL-06-21#