000
CXUS53 KARX 061624
CLSLSE
MKECLMLSE 000
TTAA00 KARX 030227
CLIMATE REPORT
NATIONAL WEATHER SERVICE LA CROSSE WI
919 PM CDT TUE JUN 2 2020
...................................
...THE LA CROSSE WI CLIMATE SUMMARY FOR THE SEASON, FROM
3/1/2020 TO 5/31/2020...
CLIMATE NORMAL PERIOD 1981 TO 2010
CLIMATE RECORD PERIOD 1873 TO 2020
WEATHER OBSERVED NORMAL DEPART
VALUE DATE(S) VALUE FROM
NORMAL
................................................
TEMPERATURE (F)
RECORD
HIGH 107 05/31/1934
LOW -28 03/01/1962
HIGHEST 89 05/26 MM MM
LOWEST 19 03/15 MM MM
AVG. MAXIMUM 58.6 58.0 0.6
AVG. MINIMUM 39.0 37.3 1.7
MEAN 48.8 47.6 1.2
DAYS MAX >= 90 0 0.7 -0.7
DAYS MAX <= 32 0 4.7 -4.7
DAYS MIN <= 32 27 31.4 -4.4
DAYS MIN <= 0 0 0.6 -0.6
PRECIPITATION (INCHES)
RECORD
MAXIMUM MM MM
MINIMUM MM MM
TOTALS 7.84 8.90 -1.06
DAILY AVG. 0.08 0.10 -0.02
DAYS >= .01 35 32.9 2.1
DAYS >= .10 18 18.0 0.0
DAYS >= .50 7 5.9 1.1
DAYS >= 1.00 1 2.0 -1.0
GREATEST
24 HR. TOTAL 1.08 MM
STORM TOTAL MM
(MM/DD(HH)) MM
SNOWFALL (INCHES)
RECORDS
TOTAL MM 5
24 HR TOTAL MM
TOTALS 3.9 8.8 -4.9
LIQUID EQUIV 0.39 0.90 -0.51
SINCE 7/1 39.2 43.3 -4.1
LIQUID 7/1 3.92
DAYS >= TRACE 11 5.5 5.5
DAYS >= 1.0 1 2.3 -1.3
GREATEST
SNOW DEPTH 4 03/01
24 HR TOTAL 1.5 MM
STORM TOTAL MM
(MM/DD(HH)) MM
DEGREE_DAYS
HEATING TOTAL 1513 1649 -136
SINCE 7/1 MM 7157 MM
COOLING TOTAL 54 48 6
SINCE 1/1 54 48 6
FREEZE DATES
RECORD
EARLIEST MM
LATEST MM
EARLIEST MM
LATEST MM
.................................................
WIND (MPH)
AVERAGE WIND SPEED 9.0
HIGHEST WIND SPEED/DIRECTION 38/320 DATE 04/20
HIGHEST GUST SPEED/DIRECTION 53/330 DATE 04/20
SKY COVER
POSSIBLE SUNSHINE (PERCENT) MM
AVERAGE SKY COVER 0.40
NUMBER OF DAYS FAIR 35
NUMBER OF DAYS PC 35
NUMBER OF DAYS CLOUDY 22
AVERAGE RH (PERCENT) 60
WEATHER CONDITIONS. NUMBER OF DAYS WITH
THUNDERSTORM 7 MIXED PRECIP 0
HEAVY RAIN 6 RAIN 15
LIGHT RAIN 42 FREEZING RAIN 1
LT FREEZING RAIN 1 HAIL 0
HEAVY SNOW 0 SNOW 1
LIGHT SNOW 10 SLEET 0
FOG 33 FOG W/VIS <= 1/4 MILE 5
HAZE 10
- INDICATES NEGATIVE NUMBERS.
R INDICATES RECORD WAS SET OR TIED.
MM INDICATES DATA IS MISSING.
T INDICATES TRACE AMOUNT.
$$