000
CXUS54 KFWD 010730
CF6LUD
PRELIMINARY LOCAL CLIMATOLOGICAL DATA (WS FORM: F-6)
STATION: DECATUR
MONTH: APRIL
YEAR: 2021
LATITUDE: 33 15 N
LONGITUDE: 97 30 W
TEMPERATURE IN F: :PCPN: SNOW: WIND :SUNSHINE: SKY :PK WND
================================================================================
1 2 3 4 5 6A 6B 7 8 9 10 11 12 13 14 15 16 17 18
12Z AVG MX 2MIN
DY MAX MIN AVG DEP HDD CDD WTR SNW DPTH SPD SPD DIR MIN PSBL S-S WX SPD DR
================================================================================
1 67 42 55 -3 10 0 0.00 M M 4.4 9 110 M M 0 M M
2 67 41 54 -4 11 0 0.00 M M 9.6 17 130 M M 3 23 130
3 70 55 63 5 2 0 0.00 M M 11.4 16 170 M M 6 22 170
4 70 58 64 6 1 0 0.00 M M 9.8 14 160 M M 9 17 200
5 77 56 67 8 0 2 0.00 M M 12.7 18 150 M M 1 8 24 160
6 81 63 72 13 0 7 0.00 M M 18.8 28 160 M M 5 37 160
7 74 55 65 6 0 0 0.00 M M 12.3 21 160 M M 2 33 160
8 82 50 66 6 0 1 0.00 M M 5.5 14 130 M M 0 21 160
9 90 57 74 14 0 9 0.00 M M 10.9 17 340 M M 2 8 32 340
10 71 45 58 -2 7 0 0.00 M M 7.2 14 320 M M 0 21 320
11 84 53 69 9 0 4 0.00 M M 9.7 15 160 M M 0 21 140
12 79 56 68 7 0 3 0.01 0.0 M 5.8 14 150 M M 1 17 140
13 76 53 65 4 0 0 0.06 M M 7.0 10 20 M M 3 17 340
14 68 52 60 -1 5 0 0.00 M M 9.4 14 60 M M 8 1 20 60
15 58 53 56 -6 9 0 0.83 M M 10.8 15 70 M M 9 1 22 70
16 59 47 53 -9 12 0 0.34 M M 7.4 14 340 M M 10 123 30 340
17 61 41 51 -11 14 0 0.00 M M 7.9 12 310 M M 4 22 330
18 66 41 54 -8 11 0 0.00 M M 5.6 13 290 M M 1 18 320
19 74 46 60 -3 5 0 0.00 M M 7.2 14 170 M M 0 20 170
20 58 37 48 -15 17 0 0.00 M M 9.0 14 170 M M 1 23 350
21 60 35 48 -15 17 0 0.00 M M 2.5 6 110 M M 3 M M
22 60 51 56 -8 9 0 M M M 7.2 15 100 M M 9 18 120
23 69 56 63 -1 2 0 0.80 M M 8.9 15 120 M M 9 1 31 360
24 66 52 59 -5 6 0 M M M 6.4 13 320 M M 4 1 21 310
25 80 52 66 1 0 1 0.00 M M 11.3 20 160 M M 0 25 140
26 80 63 72 7 0 7 0.00 M M 16.2 24 160 M M 1 33 160
27 76 67 72 7 0 7 M M M 13.5 24 130 M M 5 1 33 130
28 73 64 69 4 0 4 0.82 M M 6.1 16 150 M M 9 1 22 150
29 65 60 63 -3 2 0 1.33 M M 7.3 16 10 M M 9 1 26 10
30 72 59 66 0 0 1 0.05 M M 8.5 15 70 M M 7 18 23 90
================================================================================
SM 2133 1560 140 46 4.24 0.0 270.4 M 121
================================================================================
AV 71.1 52.0 9.0 FASTST M M 4 MAX(MPH)
MISC ----> 28 160 37 160
================================================================================
NOTES:
# LAST OF SEVERAL OCCURRENCES
COLUMN 17 PEAK WIND IN M.P.H.
PRELIMINARY LOCAL CLIMATOLOGICAL DATA (WS FORM: F-6) , PAGE 2
STATION: DECATUR
MONTH: APRIL
YEAR: 2021
LATITUDE: 33 15 N
LONGITUDE: 97 30 W
[TEMPERATURE DATA] [PRECIPITATION DATA] SYMBOLS USED IN COLUMN 16
AVERAGE MONTHLY: 61.6 TOTAL FOR MONTH: 4.24 1 = FOG OR MIST
DPTR FM NORMAL: -0.2 DPTR FM NORMAL: 1.02 2 = FOG REDUCING VISIBILITY
HIGHEST: 90 ON 9 GRTST 24HR 1.33 ON 29-29 TO 1/4 MILE OR LESS
LOWEST: 35 ON 21 3 = THUNDER
SNOW, ICE PELLETS, HAIL 4 = ICE PELLETS
TOTAL MONTH: 0.0 INCH 5 = HAIL
GRTST 24HR 0.0 6 = FREEZING RAIN OR DRIZZLE
GRTST DEPTH: M ON M 7 = DUSTSTORM OR SANDSTORM:
VSBY 1/2 MILE OR LESS
8 = SMOKE OR HAZE
[NO. OF DAYS WITH] [WEATHER - DAYS WITH] 9 = BLOWING SNOW
X = TORNADO
MAX 32 OR BELOW: 0 0.01 INCH OR MORE: 8
MAX 90 OR ABOVE: 1 0.10 INCH OR MORE: 5
MIN 32 OR BELOW: 0 0.50 INCH OR MORE: 4
MIN 0 OR BELOW: 0 1.00 INCH OR MORE: 1
[HDD (BASE 65) ]
TOTAL THIS MO. 140 CLEAR (SCALE 0-3) 16
DPTR FM NORMAL -9 PTCLDY (SCALE 4-7) 7
TOTAL FM JUL 1 2286 CLOUDY (SCALE 8-10) 7
DPTR FM NORMAL -635
[CDD (BASE 65) ]
TOTAL THIS MO. 46
DPTR FM NORMAL -7 [PRESSURE DATA]
TOTAL FM JAN 1 75 HIGHEST SLP M ON M
DPTR FM NORMAL 10 LOWEST SLP M ON M
[REMARKS]
#FINAL-04-21#