000
CXUS55 KBYZ 011000
CF6LVM
PRELIMINARY LOCAL CLIMATOLOGICAL DATA (WS FORM: F-6)
STATION: LIVINGSTON MT
MONTH: JULY
YEAR: 2022
LATITUDE: 45 41 N
LONGITUDE: 110 26 W
TEMPERATURE IN F: :PCPN: SNOW: WIND :SUNSHINE: SKY :PK WND
================================================================================
1 2 3 4 5 6A 6B 7 8 9 10 11 12 13 14 15 16 17 18
12Z AVG MX 2MIN
DY MAX MIN AVG DEP HDD CDD WTR SNW DPTH SPD SPD DIR MIN PSBL S-S WX SPD DR
================================================================================
1 87 46 67 3 0 2 0.00 M M 7.2 25 350 M M 1 3 32 350
2 87 44 66 2 0 1 T M M 5.5 32 280 M M 1 39 270
3 79 52 66 1 0 1 0.10 M M 7.6 25 250 M M 3 3 32 250
4 81 52 67 2 0 2 0.10 M M 5.7 23 80 M M 2 13 30 320
5 79 58 69 4 0 4 0.09 M M 6.1 15 150 M M 6 3 19 90
6 89 51 70 4 0 5 0.00 M M 8.5 28 330 M M 0 34 340
7 89 60 75 9 0 10 T M M 10.2 36 260 M M 3 47 260
8 93 49 71 5 0 6 0.00 M M 6.4 20 320 M M 0 22 320
9 91 48 70 3 0 5 0.00 M M 10.1 37 340 M M 0 45 320
10 86 50 68 1 0 3 0.00 M M 10.7 28 330 M M 2 38 270
11 84 42 63 -4 2 0 0.00 M M 5.7 16 280 M M 0 20 250
12 92 45 69 1 0 4 0.00 M M 6.7 14 100 M M 0 18 70
13 97 52 75 7 0 10 0.25 M M 7.4 23 270 M M 2 3 31 350
14 91 55 73 5 0 8 0.00 M M 8.7 43 340 M M 0 50 350
15 86 53 70 2 0 5 0.09 M M 7.9 32 250 M M 1 39 250
16 95 56 76 7 0 11 0.01 M M 10.0 32 200 M M 0 3 39 210
17 101 52 77 8 0 12 0.03 M M 7.6 39 220 M M 1 58 240
18 94 57 76 7 0 11 0.02 M M 18.9 46 280 M M 2 3 56 280
19 90 54 72 3 0 7 0.00 M M 15.2 28 260 M M 0 37 240
20 93 45 69 0 0 4 0.00 M M 9.1 25 290 M M 0 33 290
21 92 48 70 0 0 5 0.00 M M 11.5 30 260 M M 0 36 270
22 97 48 73 3 0 8 0.00 M M 6.2 22 90 M M 0 29 100
23 88 49 69 -1 0 4 0.00 M M 7.5 23 90 M M 0 29 100
24 88 54 71 1 0 6 0.00 M M 11.2 32 330 M M 1 3 41 350
25 87 48 68 -2 0 3 T M M 11.4 24 100 M M 2 31 110
26 88 58 73 3 0 8 T M M 9.2 20 110 M M 2 25 110
27 92 50 71 1 0 6 T M M 9.5 26 90 M M 2 34 80
28 91 48 70 0 0 5 0.00 M M 5.4 15 100 M M 0 18 100
29 97 51 74 4 0 9 0.10 M M 7.4 22 300 M M 1 3 27 90
30 94 58 76 6 0 11 0.00 M M 11.6 22 240 M M 0 27 230
31 97 52 75 5 0 10 0.00 M M 7.8 25 280 M M 0 34 250
================================================================================
SM 2795 1585 2 186 0.79 M 273.9 M 32
================================================================================
AV 90.2 51.1 8.8 FASTST M M 1 MAX(MPH)
MISC ----> 46 280 58 240
================================================================================
NOTES:
# LAST OF SEVERAL OCCURRENCES
COLUMN 17 PEAK WIND IN M.P.H.
PRELIMINARY LOCAL CLIMATOLOGICAL DATA (WS FORM: F-6) , PAGE 2
STATION: LIVINGSTON MT
MONTH: JULY
YEAR: 2022
LATITUDE: 45 41 N
LONGITUDE: 110 26 W
[TEMPERATURE DATA] [PRECIPITATION DATA] SYMBOLS USED IN COLUMN 16
AVERAGE MONTHLY: 70.6 TOTAL FOR MONTH: 0.79 1 = FOG OR MIST
DPTR FM NORMAL: 2.7 DPTR FM NORMAL: -0.52 2 = FOG REDUCING VISIBILITY
HIGHEST: 101 ON 17 GRTST 24HR 0.25 ON 13-13 TO 1/4 MILE OR LESS
LOWEST: 42 ON 11 3 = THUNDER
SNOW, ICE PELLETS, HAIL 4 = ICE PELLETS
TOTAL MONTH: M 5 = HAIL
GRTST 24HR M ON M 6 = FREEZING RAIN OR DRIZZLE
GRTST DEPTH: M ON M 7 = DUSTSTORM OR SANDSTORM:
VSBY 1/2 MILE OR LESS
8 = SMOKE OR HAZE
[NO. OF DAYS WITH] [WEATHER - DAYS WITH] 9 = BLOWING SNOW
X = TORNADO
MAX 32 OR BELOW: 0 0.01 INCH OR MORE: 9
MAX 90 OR ABOVE: 17 0.10 INCH OR MORE: 4
MIN 32 OR BELOW: 0 0.50 INCH OR MORE: 0
MIN 0 OR BELOW: 0 1.00 INCH OR MORE: 0
[HDD (BASE 65) ]
TOTAL THIS MO. 2 CLEAR (SCALE 0-3) 30
DPTR FM NORMAL -37 PTCLDY (SCALE 4-7) 1
TOTAL FM JUL 1 2 CLOUDY (SCALE 8-10) 0
DPTR FM NORMAL -35
[CDD (BASE 65) ]
TOTAL THIS MO. 186
DPTR FM NORMAL 56 [PRESSURE DATA]
TOTAL FM JAN 1 208 HIGHEST SLP 30.24 ON 11
DPTR FM NORMAL 55 LOWEST SLP 29.59 ON 18
[REMARKS]
#FINAL-07-22#