000
CXUS53 KDMX 011900
CF6LWD
PRELIMINARY LOCAL CLIMATOLOGICAL DATA (WS FORM: F-6)
STATION: LAMONI IA
MONTH: MAY
YEAR: 2021
LATITUDE: 40 37 N
LONGITUDE: 93 56 W
TEMPERATURE IN F: :PCPN: SNOW: WIND :SUNSHINE: SKY :PK WND
================================================================================
1 2 3 4 5 6A 6B 7 8 9 10 11 12 13 14 15 16 17 18
12Z AVG MX 2MIN
DY MAX MIN AVG DEP HDD CDD WTR SNW DPTH SPD SPD DIR MIN PSBL S-S WX SPD DR
================================================================================
1 83 55 69 12 0 4 0.00 0.0 0 17.3 31 210 M M 0 40 200
2 80 57 69 12 0 4 0.00 0.0 0 13.4 24 210 M M 1 31 200
3 67 54 61 3 4 0 0.10 0.0 0 10.9 22 340 M M 7 1 30 340
4 62 45 54 -4 11 0 0.00 0.0 0 12.9 22 350 M M 0 30 360
5 68 38 53 -5 12 0 0.00 0.0 0 6.0 15 200 M M 2 20 220
6 64 44 54 -5 11 0 0.00 0.0 0 12.5 24 340 M M 4 36 10
7 70 47 59 0 6 0 0.00 0.0 0 9.4 21 290 M M 5 28 290
8 56 44 50 -9 15 0 0.28 0.0 0 12.7 28 40 M M 10 13 46 40
9 59 41 50 -10 15 0 1.09 0.0 0 10.1 25 70 M M 7 13 44 50
10 63 39 51 -9 14 0 0.00 0.0 0 6.5 15 290 M M 2 23 290
11 60 42 51 -9 14 0 0.00 0.0 0 7.4 16 70 M M 1 27 60
12 63 39 51 -10 14 0 0.00 0.0 0 5.0 13 140 M M 0 20 150
13 65 43 54 -7 11 0 0.00 0.0 0 6.3 13 180 M M 0 25 200
14 69 49 59 -3 6 0 T 0.0 0 8.2 15 150 M M 5 22 190
15 63 53 58 -4 7 0 0.09 0.0 0 7.2 14 210 M M 9 1 19 220
16 62 51 57 -5 8 0 0.66 0.0 0 5.4 13 100 M M 9 12 21 100
17 67 59 63 0 2 0 0.13 0.0 0 7.6 13 70 M M 10 18 22 100
18 73 60 67 4 0 2 0.08 0.0 0 5.9 10 140 M M 8 1 16 130
19 76 65 71 8 0 6 0.06 0.0 0 10.8 18 150 M M 9 1 27 140
20 73 65 69 5 0 4 0.55 0.0 0 9.9 20 170 M M 9 1 34 170
21 77 66 72 8 0 7 0.01 0.0 0 11.8 21 170 M M 7 1 34 160
22 77 65 71 7 0 6 0.18 0.0 0 8.6 22 190 M M 9 1 31 180
23 79 63 71 6 0 6 0.00 0.0 0 8.9 20 210 M M 4 25 210
24 78 67 73 8 0 8 0.00 0.0 0 7.5 16 190 M M 4 24 200
25 76 67 72 6 0 7 T 0.0 0 11.4 23 200 M M 7 31 200
26 84 58 71 5 0 6 0.00 0.0 0 3.2 10 340 M M 1 15 340
27 80 50 65 -1 0 0 0.16 0.0 0 11.4 23 180 M M 6 13 35 180
28 52 44 48 -18 17 0 0.01 0.0 0 12.3 21 360 M M 10 1 27 350
29 66 39 53 -14 12 0 0.00 0.0 0 4.5 12 60 M M 1 1 18 70
30 63 45 54 -13 11 0 0.00 0.0 0 4.6 14 200 M M 2 17 170
31 66 53 60 -8 5 0 0.04 0.0 0 3.9 9 170 M M 7 12 14 170
================================================================================
SM 2141 1607 195 60 3.44 0.0 273.5 M 156
================================================================================
AV 69.1 51.8 8.8 FASTST M M 5 MAX(MPH)
MISC ----> 31 210 46 40
================================================================================
NOTES:
# LAST OF SEVERAL OCCURRENCES
COLUMN 17 PEAK WIND IN M.P.H.
PRELIMINARY LOCAL CLIMATOLOGICAL DATA (WS FORM: F-6) , PAGE 2
STATION: LAMONI IA
MONTH: MAY
YEAR: 2021
LATITUDE: 40 37 N
LONGITUDE: 93 56 W
[TEMPERATURE DATA] [PRECIPITATION DATA] SYMBOLS USED IN COLUMN 16
AVERAGE MONTHLY: 60.5 TOTAL FOR MONTH: 3.44 1 = FOG OR MIST
DPTR FM NORMAL: -1.8 DPTR FM NORMAL: -1.70 2 = FOG REDUCING VISIBILITY
HIGHEST: 84 ON 26 GRTST 24HR 1.37 ON 8- 9 TO 1/4 MILE OR LESS
LOWEST: 38 ON 5 3 = THUNDER
SNOW, ICE PELLETS, HAIL 4 = ICE PELLETS
TOTAL MONTH: 0.0 INCH 5 = HAIL
GRTST 24HR 0.0 6 = FREEZING RAIN OR DRIZZLE
GRTST DEPTH: 0 7 = DUSTSTORM OR SANDSTORM:
VSBY 1/2 MILE OR LESS
8 = SMOKE OR HAZE
[NO. OF DAYS WITH] [WEATHER - DAYS WITH] 9 = BLOWING SNOW
X = TORNADO
MAX 32 OR BELOW: 0 0.01 INCH OR MORE: 14
MAX 90 OR ABOVE: 0 0.10 INCH OR MORE: 8
MIN 32 OR BELOW: 0 0.50 INCH OR MORE: 3
MIN 0 OR BELOW: 0 1.00 INCH OR MORE: 1
[HDD (BASE 65) ]
TOTAL THIS MO. 195 CLEAR (SCALE 0-3) 11
DPTR FM NORMAL 46 PTCLDY (SCALE 4-7) 11
TOTAL FM JUL 1 5893 CLOUDY (SCALE 8-10) 9
DPTR FM NORMAL 12
[CDD (BASE 65) ]
TOTAL THIS MO. 60
DPTR FM NORMAL -4 [PRESSURE DATA]
TOTAL FM JAN 1 74 HIGHEST SLP 30.48 ON 12
DPTR FM NORMAL 0 LOWEST SLP 29.47 ON 2
[REMARKS]
#FINAL-05-21#