000
CXUS53 KILX 011001
CF6LWV
PRELIMINARY LOCAL CLIMATOLOGICAL DATA (WS FORM: F-6)
STATION: LAWRENCEVILLE IL AIRPORT
MONTH: FEBRUARY
YEAR: 2024
LATITUDE: 38 45 N
LONGITUDE: 87 36 W
TEMPERATURE IN F: :PCPN: SNOW: WIND :SUNSHINE: SKY :PK WND
================================================================================
1 2 3 4 5 6A 6B 7 8 9 10 11 12 13 14 15 16 17 18
12Z AVG MX 2MIN
DY MAX MIN AVG DEP HDD CDD WTR SNW DPTH SPD SPD DIR MIN PSBL S-S WX SPD DR
================================================================================
1 59 30 45 13 20 0 0.00 M M 8.5 16 210 M M 0 20 210
2 54 35 45 13 20 0 0.00 M M 9.3 18 30 M M 2 1 24 30
3 55 31 43 11 22 0 0.00 M M 9.7 17 90 M M 0 23 100
4 57 35 46 13 19 0 0.00 M M 11.2 17 30 M M 0 24 40
5 57 33 45 12 20 0 0.00 M M 11.7 20 10 M M 0 28 360
6 49 28 39 6 26 0 0.00 M M 5.9 14 50 M M 2 18 20 80
7 57 29 43 10 22 0 0.00 M M 5.4 12 100 M M 0 1 13 150
8 62 38 50 16 15 0 T M M 17.5 30 180 M M 4 39 190
9 65 50 58 24 7 0 0.00 M M 13.5 22 200 M M 2 28 200
10 55 38 47 13 18 0 0.33 M M 9.2 24 350 M M 3 13 28 350
11 51 33 42 8 23 0 0.00 M M 9.3 16 30 M M 0 21 30
12 50 32 41 7 24 0 0.00 M M 11.5 20 10 M M 1 23 340
13 54 29 42 7 23 0 0.00 M M 6.7 17 300 M M 2 23 300
14 58 30 44 9 21 0 0.00 M M 5.2 10 90 M M 1 14 90
15 57 31 44 9 21 0 T M M 10.3 25 300 M M 2 33 290
16 37 19 28 -8 37 0 0.19 M M 11.9 26 30 M M 6 12 35 30
17 21 6 14 -22 51 0 0.00 M M 10.9 18 320 M M 0 23 320
18 40 8 24 -12 41 0 0.00 M M 7.7 16 230 M M 0 20 210
19 50 17 34 -2 31 0 0.00 M M 2.4 9 80 M M 0 128 10 160
20 60 26 43 6 22 0 0.00 M M 5.7 17 170 M M 0 22 170
21 69 35 52 15 13 0 0.00 M M 11.2 25 190 M M 2 31 190
22 61 39 50 13 15 0 0.02 M M 9.1 20 230 M M 7 138 25 220
23 56 38 47 9 18 0 0.00 M M 11.3 23 310 M M 3 12 30 300
24 50 27 39 1 26 0 0.00 M M 11.2 26 330 M M 4 33 340
25 65 27 46 8 19 0 T M M 10.1 23 200 M M 1 28 180
26 77 34 56 17 9 0 0.00 M M 11.0 26 190 M M 1 39 180
27 76 59 68 29 0 3 0.00 M M 17.6 31 220 M M 5 43 220
28 71 25 48 9 17 0 0.02 M M 17.7 38 300 M M 3 36 49 280
29 47 19 33 -7 32 0 0.00 M M 5.7 12 160 M M 0 16 180
================================================================================
SM 1620 881 632 3 0.56 M 288.4 M 51
================================================================================
AV 55.9 30.4 9.9 FASTST M M 2 MAX(MPH)
MISC ----> 38 300 49 280
================================================================================
NOTES:
# LAST OF SEVERAL OCCURRENCES
COLUMN 17 PEAK WIND IN M.P.H.
PRELIMINARY LOCAL CLIMATOLOGICAL DATA (WS FORM: F-6) , PAGE 2
STATION: LAWRENCEVILLE IL AIRPORT
MONTH: FEBRUARY
YEAR: 2024
LATITUDE: 38 45 N
LONGITUDE: 87 36 W
[TEMPERATURE DATA] [PRECIPITATION DATA] SYMBOLS USED IN COLUMN 16
AVERAGE MONTHLY: 43.1 TOTAL FOR MONTH: 0.56 1 = FOG OR MIST
DPTR FM NORMAL: 7.7 DPTR FM NORMAL: -1.60 2 = FOG REDUCING VISIBILITY
HIGHEST: 77 ON 26 GRTST 24HR 0.33 ON 10-10 TO 1/4 MILE OR LESS
LOWEST: 6 ON 17 3 = THUNDER
SNOW, ICE PELLETS, HAIL 4 = ICE PELLETS
TOTAL MONTH: M 5 = HAIL
GRTST 24HR M ON M 6 = FREEZING RAIN OR DRIZZLE
GRTST DEPTH: M ON M 7 = DUSTSTORM OR SANDSTORM:
VSBY 1/2 MILE OR LESS
8 = SMOKE OR HAZE
[NO. OF DAYS WITH] [WEATHER - DAYS WITH] 9 = BLOWING SNOW
X = TORNADO
MAX 32 OR BELOW: 1 0.01 INCH OR MORE: 4
MAX 90 OR ABOVE: 0 0.10 INCH OR MORE: 2
MIN 32 OR BELOW: 17 0.50 INCH OR MORE: 0
MIN 0 OR BELOW: 0 1.00 INCH OR MORE: 0
[HDD (BASE 65) ]
TOTAL THIS MO. 632 CLEAR (SCALE 0-3) 24
DPTR FM NORMAL -198 PTCLDY (SCALE 4-7) 5
TOTAL FM JUL 1 2948 CLOUDY (SCALE 8-10) 0
DPTR FM NORMAL -810
[CDD (BASE 65) ]
TOTAL THIS MO. 3
DPTR FM NORMAL 3 [PRESSURE DATA]
TOTAL FM JAN 1 3 HIGHEST SLP 30.59 ON 29
DPTR FM NORMAL 3 LOWEST SLP 29.37 ON 28
[REMARKS]
#FINAL-02-24#