000
CXUS55 KPUB 011210
CF6LXV
PRELIMINARY LOCAL CLIMATOLOGICAL DATA (WS FORM: F-6)
STATION: LEADVILLE CO
MONTH: MAY
YEAR: 2023
LATITUDE: 39 15 N
LONGITUDE: 106 18 W
TEMPERATURE IN F: :PCPN: SNOW: WIND :SUNSHINE: SKY :PK WND
================================================================================
1 2 3 4 5 6A 6B 7 8 9 10 11 12 13 14 15 16 17 18
12Z AVG MX 2MIN
DY MAX MIN AVG DEP HDD CDD WTR SNW DPTH SPD SPD DIR MIN PSBL S-S WX SPD DR
================================================================================
1 61 25 43 8 22 0 0.00 M M 5.6 24 280 M M 2 35 280
2 56 27 42 6 23 0 0.01 M M 5.6 26 190 M M 4 3 35 180
3 59 28 44 8 21 0 0.00 M M 4.3 16 240 M M 2 25 230
4 53 29 41 5 24 0 0.06 M M 4.4 25 180 M M 6 1 35 190
5 51 23 37 0 28 0 0.00 M M 5.4 17 190 M M 0 33 230
6 51 25 38 1 27 0 T M M 9.1 23 260 M M 4 34 260
7 48 29 39 1 26 0 0.00 M M 8.9 20 300 M M 6 29 210
8 57 26 42 4 23 0 0.00 M M 7.0 22 280 M M 4 32 280
9 60 27 44 6 21 0 0.00 M M 6.9 25 190 M M 1 35 180
10 60 24 42 3 23 0 0.16 M M 8.4 37 160 M M 4 13 55 170
11 39 32 36 -3 29 0 0.20 M M 9.6 16 320 M M 10 12 26 330
12 51 32 42 3 23 0 T M M 8.5 20 10 M M 7 30 350
13 54 29 42 2 23 0 0.34 M M 3.9 20 170 M M 8 123 39 180
14 54 31 43 3 22 0 T M M 5.2 16 180 M M 8 1 23 180
15 58 35 47 6 18 0 0.00 M M 4.5 24 300 M M 8 32 330
16 59 30 45 4 20 0 T M M 6.8 24 10 M M 4 38 340
17 61 27 44 3 21 0 0.00 M M 4.0 22 290 M M 2 28 300
18 55 34 45 3 20 0 0.01 M M 6.0 21 10 M M 8 3 30 320
19 53 32 43 1 22 0 0.10 M M 7.6 23 210 M M 8 123 33 190
20 57 34 46 4 19 0 0.00 M M 5.6 23 10 M M 7 3 31 360
21 57 29 43 0 22 0 0.00 M M 5.7 18 200 M M 6 23 190
22 62 28 45 2 20 0 0.16 M M 5.4 22 180 M M 4 1 33 40
23 61 28 45 1 20 0 0.02 M M 4.4 22 40 M M 4 13 31 50
24 57 31 44 0 21 0 0.24 M M 5.8 37 190 M M 4 13 54 190
25 61 27 44 0 21 0 T M M 3.7 26 180 M M 4 37 180
26 59 31 45 0 20 0 T M M 7.2 35 180 M M 3 3 46 180
27 60 31 46 1 19 0 0.00 M M 7.9 22 240 M M 3 32 240
28 61 25 43 -2 22 0 0.00 M M 6.1 18 260 M M 2 25 300
29 64 27 46 0 19 0 0.00 M M 6.2 17 280 M M 1 26 270
30 61 27 44 -2 21 0 0.00 M M 5.1 24 180 M M 2 35 180
31 60 30 45 -1 20 0 0.01 M M 6.3 31 180 M M 5 3 42 190
================================================================================
SM 1760 893 680 0 1.31 M 191.1 M 141
================================================================================
AV 56.8 28.8 6.2 FASTST M M 5 MAX(MPH)
MISC ----> # 37 160 55 170
================================================================================
NOTES:
# LAST OF SEVERAL OCCURRENCES
COLUMN 17 PEAK WIND IN M.P.H.
PRELIMINARY LOCAL CLIMATOLOGICAL DATA (WS FORM: F-6) , PAGE 2
STATION: LEADVILLE CO
MONTH: MAY
YEAR: 2023
LATITUDE: 39 15 N
LONGITUDE: 106 18 W
[TEMPERATURE DATA] [PRECIPITATION DATA] SYMBOLS USED IN COLUMN 16
AVERAGE MONTHLY: 42.8 TOTAL FOR MONTH: 1.31 1 = FOG OR MIST
DPTR FM NORMAL: 1.9 DPTR FM NORMAL: 0.25 2 = FOG REDUCING VISIBILITY
HIGHEST: 64 ON 29 GRTST 24HR 0.35 ON 10-11 TO 1/4 MILE OR LESS
LOWEST: 23 ON 5 3 = THUNDER
SNOW, ICE PELLETS, HAIL 4 = ICE PELLETS
TOTAL MONTH: M 5 = HAIL
GRTST 24HR M ON M 6 = FREEZING RAIN OR DRIZZLE
GRTST DEPTH: M ON M 7 = DUSTSTORM OR SANDSTORM:
VSBY 1/2 MILE OR LESS
8 = SMOKE OR HAZE
[NO. OF DAYS WITH] [WEATHER - DAYS WITH] 9 = BLOWING SNOW
X = TORNADO
MAX 32 OR BELOW: 0 0.01 INCH OR MORE: 11
MAX 90 OR ABOVE: 0 0.10 INCH OR MORE: 6
MIN 32 OR BELOW: 28 0.50 INCH OR MORE: 0
MIN 0 OR BELOW: 0 1.00 INCH OR MORE: 0
[HDD (BASE 65) ]
TOTAL THIS MO. 680 CLEAR (SCALE 0-3) 10
DPTR FM NORMAL -69 PTCLDY (SCALE 4-7) 17
TOTAL FM JUL 1 10759 CLOUDY (SCALE 8-10) 4
DPTR FM NORMAL 144
[CDD (BASE 65) ]
TOTAL THIS MO. 0
DPTR FM NORMAL 0 [PRESSURE DATA]
TOTAL FM JAN 1 0 HIGHEST SLP 30.31 ON 14
DPTR FM NORMAL 0 LOWEST SLP 29.56 ON 11
[REMARKS]
#FINAL-05-23#