000
CXUS51 KRNK 010553
CF6LYH
PRELIMINARY LOCAL CLIMATOLOGICAL DATA (WS FORM: F-6)
STATION: LYNCHBURG VA
MONTH: DECEMBER
YEAR: 2022
LATITUDE: 37 19 N
LONGITUDE: 79 12 W
TEMPERATURE IN F: :PCPN: SNOW: WIND :SUNSHINE: SKY :PK WND
================================================================================
1 2 3 4 5 6A 6B 7 8 9 10 11 12 13 14 15 16 17 18
12Z AVG MX 2MIN
DY MAX MIN AVG DEP HDD CDD WTR SNW DPTH SPD SPD DIR MIN PSBL S-S WX SPD DR
================================================================================
1 50 25 38 -4 27 0 0.00 0.0 0 3.9 18 290 M M 0 26 280
2 53 23 38 -4 27 0 T 0.0 0 3.7 15 170 M M 2 18 200
3 65 44 55 14 10 0 0.58 0.0 0 7.2 17 190 M M 7 1 22 190
4 51 27 39 -2 26 0 0.00 0.0 0 2.8 12 190 M M 0 16 300
5 45 26 36 -5 29 0 T 0.0 0 1.1 7 180 M M 2 8 220
6 48 40 44 3 21 0 0.78 0.0 0 2.4 9 180 M M 10 1 11 160
7 60 48 54 14 11 0 0.16 0.0 0 3.6 10 190 M M 9 12 23 210
8 56 46 51 11 14 0 0.02 0.0 0 3.8 10 50 M M 9 12 14 60
9 50 45 48 8 17 0 0.04 0.0 0 5.8 12 50 M M 10 1 15 40
10 48 40 44 4 21 0 0.02 0.0 0 4.1 9 40 M M 10 12 50
11 51 33 42 2 23 0 0.01 0.0 0 1.7 10 200 M M 6 13 190
12 51 28 40 0 25 0 0.00 0.0 0 3.7 12 20 M M 4 1 15 30
13 45 27 36 -3 29 0 0.00 0.0 0 1.9 8 230 M M 6 11 230
14 40 27 34 -5 31 0 0.35 0.0 0 3.1 9 50 M M 4 1 11 40
15 40 32 36 -3 29 0 0.81 0.0 0 8.9 18 50 M M 9 1 23 40
16 51 30 41 2 24 0 0.00 0.0 0 4.3 12 250 M M 3 1 17 250
17 49 27 38 -1 27 0 0.00 0.0 0 3.6 13 260 M M 0 19 220
18 45 26 36 -2 29 0 0.00 0.0 0 4.5 15 300 M M 6 21 300
19 45 20 33 -5 32 0 0.00 0.0 0 3.0 9 250 M M 0 13 260
20 40 23 32 -6 33 0 0.00 0.0 0 2.4 8 190 M M 1 11 40
21 46 22 34 -4 31 0 T T 0 4.0 10 40 M M 4 17 220
22 42 34 38 0 27 0 2.02 0.0 0 8.9 20 20 M M 10 16 27 30
23 45 8 27 -11 38 0 0.02 0.0 0 12.7 25 300 M M 4 1 44 280
24 24 4 14 -24 51 0 0.00 0.0 0 8.8 16 260 M M 0 29 260
25 34 18 26 -11 39 0 0.00 0.0 0 6.4 21 270 M M 0 28 270
26 36 11 24 -13 41 0 0.00 0.0 0 1.9 7 210 M M 2 11 210
27 49 21 35 -2 30 0 0.00 0.0 0 0.9 7 210 M M 3 10 270
28 53 20 37 0 28 0 0.00 0.0 0 2.3 12 190 M M 0 15 210
29 63 25 44 7 21 0 0.00 0.0 0 3.7 10 210 M M 0 14 210
30 67 29 48 11 17 0 0.00 0.0 0 4.0 14 190 M M 3 17 190
31 56 47 52 15 13 0 0.87 0.0 0 2.9 10 210 M M 10 12 15 210
================================================================================
SM 1498 876 821 0 5.68 T 132.0 M 134
================================================================================
AV 48.3 28.3 4.3 FASTST M M 4 MAX(MPH)
MISC ----> 25 300 44 280
================================================================================
NOTES:
# LAST OF SEVERAL OCCURRENCES
COLUMN 17 PEAK WIND IN M.P.H.
PRELIMINARY LOCAL CLIMATOLOGICAL DATA (WS FORM: F-6) , PAGE 2
STATION: LYNCHBURG VA
MONTH: DECEMBER
YEAR: 2022
LATITUDE: 37 19 N
LONGITUDE: 79 12 W
[TEMPERATURE DATA] [PRECIPITATION DATA] SYMBOLS USED IN COLUMN 16
AVERAGE MONTHLY: 38.3 TOTAL FOR MONTH: 5.68 1 = FOG OR MIST
DPTR FM NORMAL: -0.6 DPTR FM NORMAL: 2.18 2 = FOG REDUCING VISIBILITY
HIGHEST: 67 ON 30 GRTST 24HR 2.02 ON 21-22 TO 1/4 MILE OR LESS
LOWEST: 4 ON 24 3 = THUNDER
SNOW, ICE PELLETS, HAIL 4 = ICE PELLETS
TOTAL MONTH: T 5 = HAIL
GRTST 24HR T ON 21-21 6 = FREEZING RAIN OR DRIZZLE
GRTST DEPTH: 0 7 = DUSTSTORM OR SANDSTORM:
VSBY 1/2 MILE OR LESS
8 = SMOKE OR HAZE
[NO. OF DAYS WITH] [WEATHER - DAYS WITH] 9 = BLOWING SNOW
X = TORNADO
MAX 32 OR BELOW: 1 0.01 INCH OR MORE: 12
MAX 90 OR ABOVE: 0 0.10 INCH OR MORE: 7
MIN 32 OR BELOW: 22 0.50 INCH OR MORE: 5
MIN 0 OR BELOW: 0 1.00 INCH OR MORE: 1
[HDD (BASE 65) ]
TOTAL THIS MO. 821 CLEAR (SCALE 0-3) 15
DPTR FM NORMAL 13 PTCLDY (SCALE 4-7) 8
TOTAL FM JUL 1 1545 CLOUDY (SCALE 8-10) 8
DPTR FM NORMAL -134
[CDD (BASE 65) ]
TOTAL THIS MO. 0
DPTR FM NORMAL 0 [PRESSURE DATA]
TOTAL FM JAN 1 1540 HIGHEST SLP M ON M
DPTR FM NORMAL 425 LOWEST SLP 29.30 ON 23
[REMARKS]
#FINAL-12-22#