000
CXUS51 KRNK 012346
CF6LYH
PRELIMINARY LOCAL CLIMATOLOGICAL DATA (WS FORM: F-6)
STATION: LYNCHBURG VA
MONTH: FEBRUARY
YEAR: 2024
LATITUDE: 37 19 N
LONGITUDE: 79 12 W
TEMPERATURE IN F: :PCPN: SNOW: WIND :SUNSHINE: SKY :PK WND
================================================================================
1 2 3 4 5 6A 6B 7 8 9 10 11 12 13 14 15 16 17 18
12Z AVG MX 2MIN
DY MAX MIN AVG DEP HDD CDD WTR SNW DPTH SPD SPD DIR MIN PSBL S-S WX SPD DR
================================================================================
1 57 25 41 5 24 0 0.00 0.0 0 2.4 10 260 M M 0 16 260
2 61 32 47 11 18 0 0.00 0.0 0 5.6 18 30 M M 2 25 30
3 54 25 40 3 25 0 0.00 0.0 0 1.5 8 30 M M 0 12 360
4 54 24 39 2 26 0 0.00 0.0 0 1.5 9 50 M M 0 13 30
5 57 25 41 4 24 0 0.00 0.0 0 3.6 15 40 M M 0 21 60
6 49 29 39 2 26 0 0.00 0.0 0 8.1 20 30 M M 0 27 30
7 54 21 38 1 27 0 0.00 0.0 0 1.7 9 20 M M 0 13 20
8 59 24 42 5 23 0 0.00 0.0 0 3.8 15 160 M M 0 22 160
9 62 39 51 13 14 0 T 0.0 0 5.3 12 200 M M 3 16 200
10 61 45 53 15 12 0 0.24 0.0 0 4.7 17 310 M M 6 1 26 300
11 58 46 52 14 13 0 0.55 0.0 0 1.5 12 110 M M 9 12 14 110
12 51 48 50 12 15 0 0.21 0.0 0 5.4 10 20 M M 10 12 13 40
13 52 35 44 6 21 0 0.67 0.0 0 6.6 18 300 M M 3 1 32 310
14 58 32 45 7 20 0 0.00 0.0 0 5.0 14 300 M M 3 25 300
15 60 28 44 5 21 0 0.00 0.0 0 5.2 18 190 M M 0 25 200
16 56 39 48 9 17 0 0.00 0.0 0 5.0 13 170 M M 1 20 290
17 46 25 36 -3 29 0 T 0.0 0 7.4 16 300 M M 2 29 290
18 50 22 36 -3 29 0 0.00 0.0 0 6.0 14 210 M M 0 22 250
19 55 22 39 -1 26 0 0.00 0.0 0 1.9 9 40 M M 0 15 300
20 52 25 39 -1 26 0 0.00 0.0 0 1.9 10 130 M M 0 15 120
21 54 24 39 -1 26 0 0.00 0.0 0 1.7 10 210 M M 0 14 210
22 65 30 48 8 17 0 T 0.0 0 8.7 22 190 M M 2 31 190
23 54 38 46 6 19 0 0.25 0.0 0 4.6 16 270 M M 7 1 26 260
24 50 36 43 2 22 0 0.05 0.0 0 4.3 15 270 M M 6 3 21 230
25 50 23 37 -4 28 0 0.00 0.0 0 4.0 13 190 M M 1 21 190
26 68 33 51 10 14 0 0.01 0.0 0 7.2 20 200 M M 5 25 200
27 56 40 48 6 17 0 0.10 0.0 0 5.9 15 190 M M 6 13 21 20
28 63 39 51 9 14 0 0.67 0.0 0 10.9 22 200 M M 8 1 38 320
29 51 29 40 -2 25 0 0.00 0.0 0 5.0 15 310 M M 0 24 330
================================================================================
SM 1617 903 618 0 2.75 0.0 136.4 M 74
================================================================================
AV 55.8 31.1 4.7 FASTST M M 3 MAX(MPH)
MISC ----> # 22 190 38 320
================================================================================
NOTES:
# LAST OF SEVERAL OCCURRENCES
COLUMN 17 PEAK WIND IN M.P.H.
PRELIMINARY LOCAL CLIMATOLOGICAL DATA (WS FORM: F-6) , PAGE 2
STATION: LYNCHBURG VA
MONTH: FEBRUARY
YEAR: 2024
LATITUDE: 37 19 N
LONGITUDE: 79 12 W
[TEMPERATURE DATA] [PRECIPITATION DATA] SYMBOLS USED IN COLUMN 16
AVERAGE MONTHLY: 43.4 TOTAL FOR MONTH: 2.75 1 = FOG OR MIST
DPTR FM NORMAL: 4.6 DPTR FM NORMAL: -0.16 2 = FOG REDUCING VISIBILITY
HIGHEST: 68 ON 26 GRTST 24HR 0.88 ON 12-13 TO 1/4 MILE OR LESS
LOWEST: 21 ON 7 3 = THUNDER
SNOW, ICE PELLETS, HAIL 4 = ICE PELLETS
TOTAL MONTH: 0.0 INCH 5 = HAIL
GRTST 24HR 0.0 6 = FREEZING RAIN OR DRIZZLE
GRTST DEPTH: 0 7 = DUSTSTORM OR SANDSTORM:
VSBY 1/2 MILE OR LESS
8 = SMOKE OR HAZE
[NO. OF DAYS WITH] [WEATHER - DAYS WITH] 9 = BLOWING SNOW
X = TORNADO
MAX 32 OR BELOW: 0 0.01 INCH OR MORE: 9
MAX 90 OR ABOVE: 0 0.10 INCH OR MORE: 6
MIN 32 OR BELOW: 18 0.50 INCH OR MORE: 3
MIN 0 OR BELOW: 0 1.00 INCH OR MORE: 0
[HDD (BASE 65) ]
TOTAL THIS MO. 618 CLEAR (SCALE 0-3) 21
DPTR FM NORMAL -116 PTCLDY (SCALE 4-7) 5
TOTAL FM JUL 1 2928 CLOUDY (SCALE 8-10) 3
DPTR FM NORMAL -432
[CDD (BASE 65) ]
TOTAL THIS MO. 0
DPTR FM NORMAL 0 [PRESSURE DATA]
TOTAL FM JAN 1 0 HIGHEST SLP 30.46 ON 29
DPTR FM NORMAL 0 LOWEST SLP 29.30 ON 13
[REMARKS]
#FINAL-02-24#