000
CXUS51 KRNK 010759
CF6LYH
PRELIMINARY LOCAL CLIMATOLOGICAL DATA (WS FORM: F-6)
STATION: LYNCHBURG VA
MONTH: APRIL
YEAR: 2021
LATITUDE: 37 19 N
LONGITUDE: 79 12 W
TEMPERATURE IN F: :PCPN: SNOW: WIND :SUNSHINE: SKY :PK WND
================================================================================
1 2 3 4 5 6A 6B 7 8 9 10 11 12 13 14 15 16 17 18
12Z AVG MX 2MIN
DY MAX MIN AVG DEP HDD CDD WTR SNW DPTH SPD SPD DIR MIN PSBL S-S WX SPD DR
================================================================================
1 52 34 43 -8 22 0 0.03 0.0 0 7.5 17 280 M M 6 29 70
2 49 29 39 -12 26 0 0.00 0.0 0 6.4 18 10 M M 2 25 360
3 59 24 42 -10 23 0 0.00 0.0 0 3.5 12 200 M M 0 16 210
4 75 34 55 3 10 0 0.00 0.0 0 4.7 15 260 M M 0 23 250
5 78 43 61 9 4 0 0.00 0.0 0 3.5 13 180 M M 0 24 180
6 83 45 64 11 1 0 0.00 0.0 0 2.4 13 210 M M 0 20 220
7 84 48 66 13 0 1 0.00 0.0 0 2.1 14 260 M M 1 19 270
8 78 57 68 15 0 3 1.30 0.0 0 8.4 16 70 M M 5 13 24 120
9 67 55 61 7 4 0 T 0.0 0 6.0 15 40 M M 8 1 20 40
10 73 51 62 8 3 0 0.28 0.0 0 6.1 22 150 M M 8 12 31 140
11 77 54 66 12 0 1 0.01 0.0 0 7.2 25 180 M M 4 1 33 170
12 73 45 59 5 6 0 0.00 0.0 0 5.2 17 290 M M 3 28 250
13 77 48 63 8 2 0 0.00 0.0 0 1.8 12 20 M M 2 18 270
14 74 49 62 7 3 0 0.18 0.0 0 3.4 14 20 M M 6 1 19 30
15 66 49 58 3 7 0 0.02 0.0 0 6.2 14 310 M M 5 1 23 270
16 68 35 52 -4 13 0 0.00 0.0 0 5.4 15 260 M M 0 24 210
17 67 38 53 -3 12 0 T 0.0 0 4.2 13 200 M M 4 19 10
18 69 40 55 -1 10 0 0.00 0.0 0 3.1 12 170 M M 4 16 330
19 68 44 56 0 9 0 0.30 0.0 0 3.3 12 180 M M 5 1 16 160
20 76 39 58 1 7 0 0.00 0.0 0 7.5 23 190 M M 1 32 180
21 67 37 52 -5 13 0 0.00 0.0 0 8.3 21 280 M M 2 34 280
22 55 31 43 -14 22 0 0.00 0.0 0 6.2 16 260 M M 2 27 240
23 61 30 46 -12 19 0 0.00 0.0 0 3.1 14 200 M M 2 18 190
24 58 37 48 -10 17 0 0.60 0.0 0 4.4 14 20 M M 5 1 20 50
25 70 43 57 -1 8 0 0.00 0.0 0 5.1 16 10 M M 4 1 23 10
26 76 40 58 0 7 0 0.00 0.0 0 3.5 12 180 M M 0 16 180
27 86 46 66 8 0 1 0.00 0.0 0 7.0 22 200 M M 0 43 210
28 88 62 75 16 0 10 0.00 0.0 0 8.6 18 200 M M 1 25 200
29 85 65 75 16 0 10 0.01 0.0 0 7.0 21 200 M M 4 30 240
30 74 57 66 7 0 1 0.00 0.0 0 9.4 18 290 M M 2 33 330
================================================================================
SM 2133 1309 248 27 2.73 0.0 160.5 M 86
================================================================================
AV 71.1 43.6 5.3 FASTST M M 3 MAX(MPH)
MISC ----> 25 180 43 210
================================================================================
NOTES:
# LAST OF SEVERAL OCCURRENCES
COLUMN 17 PEAK WIND IN M.P.H.
PRELIMINARY LOCAL CLIMATOLOGICAL DATA (WS FORM: F-6) , PAGE 2
STATION: LYNCHBURG VA
MONTH: APRIL
YEAR: 2021
LATITUDE: 37 19 N
LONGITUDE: 79 12 W
[TEMPERATURE DATA] [PRECIPITATION DATA] SYMBOLS USED IN COLUMN 16
AVERAGE MONTHLY: 57.4 TOTAL FOR MONTH: 2.73 1 = FOG OR MIST
DPTR FM NORMAL: 2.0 DPTR FM NORMAL: -0.58 2 = FOG REDUCING VISIBILITY
HIGHEST: 88 ON 28 GRTST 24HR 1.30 ON 8- 8 TO 1/4 MILE OR LESS
LOWEST: 24 ON 3 3 = THUNDER
SNOW, ICE PELLETS, HAIL 4 = ICE PELLETS
TOTAL MONTH: 0.0 INCH 5 = HAIL
GRTST 24HR 0.0 6 = FREEZING RAIN OR DRIZZLE
GRTST DEPTH: 0 7 = DUSTSTORM OR SANDSTORM:
VSBY 1/2 MILE OR LESS
8 = SMOKE OR HAZE
[NO. OF DAYS WITH] [WEATHER - DAYS WITH] 9 = BLOWING SNOW
X = TORNADO
MAX 32 OR BELOW: 0 0.01 INCH OR MORE: 9
MAX 90 OR ABOVE: 0 0.10 INCH OR MORE: 5
MIN 32 OR BELOW: 4 0.50 INCH OR MORE: 2
MIN 0 OR BELOW: 0 1.00 INCH OR MORE: 1
[HDD (BASE 65) ]
TOTAL THIS MO. 248 CLEAR (SCALE 0-3) 17
DPTR FM NORMAL -56 PTCLDY (SCALE 4-7) 12
TOTAL FM JUL 1 3617 CLOUDY (SCALE 8-10) 1
DPTR FM NORMAL -706
[CDD (BASE 65) ]
TOTAL THIS MO. 27
DPTR FM NORMAL 11 [PRESSURE DATA]
TOTAL FM JAN 1 28 HIGHEST SLP 30.49 ON 3
DPTR FM NORMAL 10 LOWEST SLP 29.46 ON 11
[REMARKS]
#FINAL-04-21#