000
CXUS54 KMAF 012336
CLMMAF
CLIMATE REPORT
NATIONAL WEATHER SERVICE MIDLAND/ODESSA TX
636 PM CDT WED NOV 01 2023
...................................
...THE MIDLAND INTERNATIONAL AIRPORT CLIMATE SUMMARY FOR THE MONTH OF OCTOBER 2023...
CLIMATE NORMAL PERIOD 1991 TO 2020
CLIMATE RECORD PERIOD 1930 TO 2023
WEATHER OBSERVED NORMAL DEPART LAST YEAR`S
VALUE DATE(S) VALUE FROM VALUE DATE(S)
NORMAL
................................................................
TEMPERATURE (F)
RECORD
HIGH 100 10/08/1979
LOW 16 10/31/2019
HIGHEST 95 10/18 77 18 87 10/15
LOWEST 31 10/30 51 -20 36 10/25
10/31
AVG. MAXIMUM 78.2 79.0 -0.8 76.4
AVG. MINIMUM 55.0 54.0 1.0 51.7
MEAN 66.6 66.5 0.1 64.1
DAYS MAX >= 90 3 4.2 -1.2 0
DAYS MAX <= 32 0 0.0 0.0 0
DAYS MIN <= 32 2 0.5 1.5 0
DAYS MIN <= 0 0 0.0 0.0 0
PRECIPITATION (INCHES)
RECORD
MAXIMUM 7.45 1986
MINIMUM 0.00 1952
TOTALS 3.52 1.21 2.31 1.51
DAILY AVG. 0.11 0.04 0.07 0.05
DAYS >= .01 7 4.3 2.7 11
DAYS >= .10 4 2.4 1.6 5
DAYS >= .50 2 0.8 1.2 0
DAYS >= 1.00 1 0.3 0.7 0
GREATEST
24 HR. TOTAL 2.46 10/23 TO 10/24 0.82
SNOWFALL (INCHES)
RECORDS
TOTAL 0.6 1993
TOTALS 0.0 0.0 0.0 0.0
SINCE 7/1 0.0 0.0 0.0 MM
SNOWDEPTH AVG. 0 0
DAYS >= 1.0 0 0.0 0.0 0
GREATEST
SNOW DEPTH 0 0 MM
24 HR TOTAL 0.0 MM
DEGREE DAYS
HEATING TOTAL 92 83 9 99
SINCE 7/1 92 93 -1 MM
COOLING TOTAL 149 129 20 79
SINCE 1/1 3055 2659 396 MM
................................................................
WIND (MPH)
AVERAGE WIND SPEED 11.0
HIGHEST WIND SPEED/DIRECTION 48/170 DATE 10/03
HIGHEST GUST SPEED/DIRECTION 50/160 DATE 10/03
50/210 10/04
SKY COVER
POSSIBLE SUNSHINE (PERCENT) MM
AVERAGE SKY COVER 0.23
NUMBER OF DAYS FAIR 21
NUMBER OF DAYS PC 7
NUMBER OF DAYS CLOUDY 3
AVERAGE RH (PERCENT) 59
WEATHER CONDITIONS. NUMBER OF DAYS WITH
THUNDERSTORM 4 MIXED PRECIP 0
HEAVY RAIN 4 RAIN 4
LIGHT RAIN 10 FREEZING RAIN 0
LT FREEZING RAIN 0 HAIL 0
HEAVY SNOW 0 SNOW 0
LIGHT SNOW 0 SLEET 0
FOG 6 FOG W/VIS <= 1/4 MILE 0
HAZE 2
- INDICATES NEGATIVE NUMBERS.
R INDICATES RECORD WAS SET OR TIED.
MM INDICATES DATA IS MISSING.
T INDICATES TRACE AMOUNT.
$$