000
CXUS55 KABR 011700
CF6MBG
PRELIMINARY LOCAL CLIMATOLOGICAL DATA (WS FORM: F-6)
STATION: MOBRIDGE SD
MONTH: APRIL
YEAR: 2020
LATITUDE: 45 32 N
LONGITUDE: 100 25 W
TEMPERATURE IN F: :PCPN: SNOW: WIND :SUNSHINE: SKY :PK WND
================================================================================
1 2 3 4 5 6A 6B 7 8 9 10 11 12 13 14 15 16 17 18
12Z AVG MX 2MIN
DY MAX MIN AVG DEP HDD CDD WTR SNW DPTH SPD SPD DIR MIN PSBL S-S WX SPD DR
================================================================================
1 58 21 40 1 25 0 0.07 0.5 0 14.5 30 330 M M 8 8 43 320
2 21 15 18 -22 47 0 0.26 5.3 4 23.4 33 330 M M 10 289 46 340
3 28 9 19 -21 46 0 0.02 0.4 6 12.1 25 330 M M 4 32 320
4 45 7 26 -14 39 0 0.00 0.0 4 12.4 30 150 M M 2 38 130
5 61 22 42 1 23 0 0.00 0.0 2 10.1 23 120 M M 2 8 37 120
6 69 32 51 10 14 0 0.02 0.0 0 5.4 15 140 M M 1 138 20 140
7 73 36 55 13 10 0 0.00 0.0 0 8.4 26 310 M M 3 35 300
8 54 32 43 1 22 0 0.00 0.0 0 17.8 32 310 M M 5 45 320
9 43 25 34 -9 31 0 T T 0 14.5 37 330 M M 1 51 340
10 61 23 42 -1 23 0 0.00 0.0 0 6.8 17 170 M M 1 23 170
11 42 28 35 -9 30 0 0.02 T 0 14.6 29 20 M M 8 40 10
12 39 22 31 -13 34 0 0.00 0.0 0 16.1 26 360 M M 6 36 360
13 33 19 26 -18 39 0 T T 0 15.8 28 300 M M 6 8 39 320
14 38 16 27 -18 38 0 0.00 0.0 0 8.2 17 310 M M 6 23 40
15 45 17 31 -14 34 0 0.00 0.0 0 6.4 14 360 M M 4 21 350
16 49 14 32 -14 33 0 0.00 0.0 0 6.6 21 310 M M 2 18 27 330
17 59 15 37 -9 28 0 0.00 0.0 0 8.1 21 270 M M 0 28 260
18 62 33 48 2 17 0 0.00 0.0 0 10.8 22 320 M M 5 33 340
19 57 21 39 -8 26 0 0.00 0.0 0 8.8 18 250 M M 1 25 260
20 67 30 49 2 16 0 0.00 0.0 0 13.8 33 320 M M 4 43 320
21 80 27 54 6 11 0 0.00 0.0 0 8.6 23 260 M M 3 31 260
22 79 37 58 10 7 0 0.00 0.0 0 6.5 21 340 M M 2 32 330
23 64 38 51 3 14 0 0.01 0.0 0 6.9 15 260 M M 5 21 250
24 70 36 53 4 12 0 0.00 0.0 0 5.8 26 310 M M 2 35 310
25 65 36 51 2 14 0 T 0.0 0 9.0 22 10 M M 5 29 360
26 77 36 57 7 8 0 T 0.0 0 10.5 26 180 M M 2 38 190
27 78 34 56 6 9 0 0.27 0.0 0 7.5 30 100 M M 2 38 37 100
28 68 44 56 6 9 0 0.32 0.0 0 16.9 38 320 M M 5 13 52 320
29 67 45 56 5 9 0 0.00 0.0 0 9.7 24 350 M M 4 34 340
30 79 42 61 10 4 0 0.00 0.0 0 13.8 26 110 M M 0 35 100
================================================================================
SM 1731 812 672 0 0.99 6.2 329.8 M 109
================================================================================
AV 57.7 27.1 11.0 FASTST M M 4 MAX(MPH)
MISC ----> # 38 320 # 52 320
================================================================================
NOTES:
# LAST OF SEVERAL OCCURRENCES
COLUMN 17 PEAK WIND IN M.P.H.
PRELIMINARY LOCAL CLIMATOLOGICAL DATA (WS FORM: F-6) , PAGE 2
STATION: MOBRIDGE SD
MONTH: APRIL
YEAR: 2020
LATITUDE: 45 32 N
LONGITUDE: 100 25 W
[TEMPERATURE DATA] [PRECIPITATION DATA] SYMBOLS USED IN COLUMN 16
AVERAGE MONTHLY: 42.4 TOTAL FOR MONTH: 0.99 1 = FOG OR MIST
DPTR FM NORMAL: -2.9 DPTR FM NORMAL: -0.58 2 = FOG REDUCING VISIBILITY
HIGHEST: 80 ON 21 GRTST 24HR 0.32 ON 28-28 TO 1/4 MILE OR LESS
LOWEST: 7 ON 4 3 = THUNDER
SNOW, ICE PELLETS, HAIL 4 = ICE PELLETS
TOTAL MONTH: 6.2 INCHES 5 = HAIL
GRTST 24HR 5.3 ON 2- 2 6 = FREEZING RAIN OR DRIZZLE
GRTST DEPTH: 6 ON 3 7 = DUSTSTORM OR SANDSTORM:
VSBY 1/2 MILE OR LESS
8 = SMOKE OR HAZE
[NO. OF DAYS WITH] [WEATHER - DAYS WITH] 9 = BLOWING SNOW
X = TORNADO
MAX 32 OR BELOW: 2 0.01 INCH OR MORE: 8
MAX 90 OR ABOVE: 0 0.10 INCH OR MORE: 3
MIN 32 OR BELOW: 19 0.50 INCH OR MORE: 0
MIN 0 OR BELOW: 0 1.00 INCH OR MORE: 0
[HDD (BASE 65) ]
TOTAL THIS MO. 672 CLEAR (SCALE 0-3) 15
DPTR FM NORMAL 79 PTCLDY (SCALE 4-7) 13
TOTAL FM JUL 1 7434 CLOUDY (SCALE 8-10) 2
DPTR FM NORMAL -161
[CDD (BASE 65) ]
TOTAL THIS MO. 0
DPTR FM NORMAL -1 [PRESSURE DATA]
TOTAL FM JAN 1 0 HIGHEST SLP 30.37 ON 3
DPTR FM NORMAL -1 LOWEST SLP 29.54 ON 6
[REMARKS]
#FINAL-04-20#