000
CXUS56 KHNX 011149
CF6MCE
PRELIMINARY LOCAL CLIMATOLOGICAL DATA (WS FORM: F-6)
STATION: MERCED CA AIRPORT
MONTH: AUGUST
YEAR: 2023
LATITUDE: 37 16 N
LONGITUDE: 120 36 W
TEMPERATURE IN F: :PCPN: SNOW: WIND :SUNSHINE: SKY :PK WND
================================================================================
1 2 3 4 5 6A 6B 7 8 9 10 11 12 13 14 15 16 17 18
12Z AVG MX 2MIN
DY MAX MIN AVG DEP HDD CDD WTR SNW DPTH SPD SPD DIR MIN PSBL S-S WX SPD DR
================================================================================
1 95 64 80 1 0 15 0.00 0.0 0 5.6 13 310 M M 0 8 16 310
2 90 59 75 -4 0 10 0.00 0.0 0 6.5 13 330 M M 0 16 310
3 88 57 73 -6 0 8 0.00 0.0 0 5.3 13 320 M M 0 16 320
4 94 59 77 -2 0 12 0.00 0.0 0 5.4 15 330 M M 0 18 320
5 97 61 79 0 0 14 0.00 0.0 0 6.5 16 320 M M 0 19 300
6 99 68 84 5 0 19 0.00 0.0 0 6.8 17 320 M M 0 24 320
7 103 66 85 6 0 20 0.00 0.0 0 3.8 9 270 M M 0 14 270
8 93 64 79 1 0 14 0.00 0.0 0 3.9 8 270 M M 0 M M
9 94 60 77 -1 0 12 0.00 0.0 0 6.1 10 330 M M 0 13 330
10 92 63 78 0 0 13 0.00 0.0 0 5.5 9 270 M M 0 16 320
11 90 67 79 1 0 14 T 0.0 0 5.2 10 320 M M 0 13 260
12 96 63 80 2 0 15 0.00 0.0 0 5.9 13 350 M M 0 16 340
13 94 67 81 3 0 16 0.00 0.0 0 5.9 15 350 M M 0 19 10
14 103 72 88 10 0 23 0.00 0.0 0 5.3 14 330 M M 0 17 340
15 104 69 87 9 0 22 0.00 0.0 0 6.1 10 330 M M 0 14 320
16 100 71 86 8 0 21 0.00 0.0 0 4.2 10 270 M M 0 16 190
17 102 70 86 8 0 21 0.00 0.0 0 5.7 14 340 M M 0 16 340
18 95 68 82 4 0 17 0.00 0.0 0 6.5 12 340 M M 0 15 340
19 96 65 81 3 0 16 0.00 0.0 0 6.8 18 40 M M 0 25 50
20 86 71 79 1 0 14 0.06 0.0 0 5.8 20 130 M M 2 8 25 120
21 88 69 79 1 0 14 0.01 0.0 0 11.7 22 130 M M 5 8 26 120
22 90 66 78 1 0 13 0.00 0.0 0 6.6 13 320 M M 0 17 340
23 96 64 80 3 0 15 0.00 0.0 0 5.9 13 330 M M 0 16 340
24 98 66 82 5 0 17 0.00 0.0 0 3.2 8 340 M M 0 9 340
25 93 64 79 2 0 14 0.00 0.0 0 8.5 12 340 M M 0 8 17 300
26 95 63 79 2 0 14 0.00 0.0 0 8.5 15 340 M M 0 20 340
27 97 60 79 2 0 14 0.00 0.0 0 8.0 13 330 M M 0 18 310
28 99 57 78 1 0 13 0.00 0.0 0 6.7 14 340 M M 0 18 300
29 95 57 76 -1 0 11 0.00 0.0 0 7.1 17 340 M M 0 22 340
30 96 57 77 0 0 12 0.00 0.0 0 4.6 15 350 M M 0 8 20 340
31 98 60 79 3 0 14 0.00 0.0 0 5.3 14 270 M M 0 8 20 260
================================================================================
SM 2956 1987 0 467 0.07 0.0 188.9 M 7
================================================================================
AV 95.4 64.1 6.1 FASTST M M 0 MAX(MPH)
MISC ----> 22 130 26 120
================================================================================
NOTES:
# LAST OF SEVERAL OCCURRENCES
COLUMN 17 PEAK WIND IN M.P.H.
PRELIMINARY LOCAL CLIMATOLOGICAL DATA (WS FORM: F-6) , PAGE 2
STATION: MERCED CA AIRPORT
MONTH: AUGUST
YEAR: 2023
LATITUDE: 37 16 N
LONGITUDE: 120 36 W
[TEMPERATURE DATA] [PRECIPITATION DATA] SYMBOLS USED IN COLUMN 16
AVERAGE MONTHLY: 79.7 TOTAL FOR MONTH: 0.07 1 = FOG OR MIST
DPTR FM NORMAL: 1.8 DPTR FM NORMAL: 0.07 2 = FOG REDUCING VISIBILITY
HIGHEST: 104 ON 15 GRTST 24HR 0.06 ON 20-20 TO 1/4 MILE OR LESS
LOWEST: 57 ON 30,29 3 = THUNDER
SNOW, ICE PELLETS, HAIL 4 = ICE PELLETS
TOTAL MONTH: 0.0 INCH 5 = HAIL
GRTST 24HR 0.0 6 = FREEZING RAIN OR DRIZZLE
GRTST DEPTH: 0 7 = DUSTSTORM OR SANDSTORM:
VSBY 1/2 MILE OR LESS
8 = SMOKE OR HAZE
[NO. OF DAYS WITH] [WEATHER - DAYS WITH] 9 = BLOWING SNOW
X = TORNADO
MAX 32 OR BELOW: 0 0.01 INCH OR MORE: 2
MAX 90 OR ABOVE: 28 0.10 INCH OR MORE: 0
MIN 32 OR BELOW: 0 0.50 INCH OR MORE: 0
MIN 0 OR BELOW: 0 1.00 INCH OR MORE: 0
[HDD (BASE 65) ]
TOTAL THIS MO. 0 CLEAR (SCALE 0-3) 30
DPTR FM NORMAL 0 PTCLDY (SCALE 4-7) 1
TOTAL FM JUL 1 0 CLOUDY (SCALE 8-10) 0
DPTR FM NORMAL 0
[CDD (BASE 65) ]
TOTAL THIS MO. 467
DPTR FM NORMAL 69 [PRESSURE DATA]
TOTAL FM JAN 1 1352 HIGHEST SLP 30.05 ON 3
DPTR FM NORMAL 96 LOWEST SLP 29.56 ON 20
[REMARKS]
#FINAL-08-23#