000
CXUS53 KEAX 010736
CF6MCI
PRELIMINARY LOCAL CLIMATOLOGICAL DATA (WS FORM: F-6)
STATION: KANSAS CITY INTERNATIONAL MO
MONTH: JUNE
YEAR: 2021
LATITUDE: 39 19 N
LONGITUDE: 94 43 W
TEMPERATURE IN F: :PCPN: SNOW: WIND :SUNSHINE: SKY :PK WND
================================================================================
1 2 3 4 5 6A 6B 7 8 9 10 11 12 13 14 15 16 17 18
12Z AVG MX 2MIN
DY MAX MIN AVG DEP HDD CDD WTR SNW DPTH SPD SPD DIR MIN PSBL S-S WX SPD DR
================================================================================
1 76 59 68 -2 0 3 0.00 0.0 0 5.1 9 130 M M 8 18 14 100
2 78 55 67 -4 0 2 0.00 0.0 0 2.9 10 50 M M 5 18 15 60
3 84 57 71 0 0 6 0.00 0.0 0 3.5 8 180 M M 4 18 11 270
4 87 58 73 2 0 8 0.00 0.0 0 8.4 16 200 M M 3 18 22 190
5 87 64 76 4 0 11 0.00 0.0 0 10.0 17 190 M M 3 8 24 210
6 85 65 75 3 0 10 0.00 0.0 0 9.0 17 190 M M 6 22 170
7 88 65 77 5 0 12 0.00 0.0 0 7.4 14 160 M M 4 8 18 180
8 89 68 79 7 0 14 0.78 0.0 0 5.1 12 290 M M 3 M M
9 91 71 81 8 0 16 0.00 0.0 0 4.3 10 120 M M 3 18 17 110
10 93 73 83 10 0 18 0.00 0.0 0 5.6 12 130 M M 3 16 170
11 92 70 81 8 0 16 0.15 0.0 0 7.8 39 20 M M 5 138 55 10
12 88 70 79 5 0 14 0.00 0.0 0 6.9 15 10 M M 3 23 10
13 91 64 78 4 0 13 0.00 0.0 0 5.7 13 90 M M 1 16 60
14 94 65 80 6 0 15 0.00 0.0 0 4.2 10 290 M M 3 8 19 300
15 93 72 83 9 0 18 0.00 0.0 0 7.1 15 100 M M 3 20 90
16 93 71 82 8 0 17 0.04 0.0 0 8.6 14 160 M M 5 38 20 150
17 98 76 87 12 0 22 0.02 0.0 0 9.8 30 220 M M 5 38 37 220
18 98 76 87 12 0 22 0.00 0.0 0 11.9 22 200 M M 4 8 28 220
19 94 78 86 11 0 21 0.00 0.0 0 7.6 20 220 M M 6 8 28 220
20 94 72 83 8 0 18 0.43 0.0 0 12.4 30 340 M M 6 1238 42 360
21 79 62 71 -5 0 6 0.02 0.0 0 9.3 22 350 M M 5 8 31 20
22 87 53 70 -6 0 5 0.00 0.0 0 11.9 21 190 M M 4 8 28 200
23 89 68 79 3 0 14 0.00 0.0 0 15.4 23 200 M M 4 8 30 200
24 89 71 80 4 0 15 1.05 0.0 0 13.4 24 10 M M 8 13 45 10
25 91 70 81 5 0 16 1.74 0.0 0 11.6 28 200 M M 9 13 40 170
26 84 67 76 0 0 11 0.25 0.0 0 8.8 21 190 M M 8 1 29 190
27 81 66 74 -2 0 9 T 0.0 0 2.7 8 130 M M 8 1 10 290
28 80 70 75 -2 0 10 0.05 0.0 0 5.7 14 160 M M 8 13 17 170
29 81 71 76 -1 0 11 1.45 0.0 0 4.4 15 180 M M 9 1 21 180
30 78 70 74 -3 0 9 1.14 0.0 0 4.2 21 190 M M 10 1 27 190
================================================================================
SM 2632 2017 0 382 7.12 0.0 230.7 M 156
================================================================================
AV 87.7 67.2 7.7 FASTST M M 5 MAX(MPH)
MISC ----> 39 20 55 10
================================================================================
NOTES:
# LAST OF SEVERAL OCCURRENCES
COLUMN 17 PEAK WIND IN M.P.H.
PRELIMINARY LOCAL CLIMATOLOGICAL DATA (WS FORM: F-6) , PAGE 2
STATION: KANSAS CITY INTERNATIONAL MO
MONTH: JUNE
YEAR: 2021
LATITUDE: 39 19 N
LONGITUDE: 94 43 W
[TEMPERATURE DATA] [PRECIPITATION DATA] SYMBOLS USED IN COLUMN 16
AVERAGE MONTHLY: 77.5 TOTAL FOR MONTH: 7.12 1 = FOG OR MIST
DPTR FM NORMAL: 3.4 DPTR FM NORMAL: 1.87 2 = FOG REDUCING VISIBILITY
HIGHEST: 98 ON 18,17 GRTST 24HR 2.48 ON 24-25 TO 1/4 MILE OR LESS
LOWEST: 53 ON 22 3 = THUNDER
SNOW, ICE PELLETS, HAIL 4 = ICE PELLETS
TOTAL MONTH: 0.0 INCH 5 = HAIL
GRTST 24HR 0.0 6 = FREEZING RAIN OR DRIZZLE
GRTST DEPTH: 0 7 = DUSTSTORM OR SANDSTORM:
VSBY 1/2 MILE OR LESS
8 = SMOKE OR HAZE
[NO. OF DAYS WITH] [WEATHER - DAYS WITH] 9 = BLOWING SNOW
X = TORNADO
MAX 32 OR BELOW: 0 0.01 INCH OR MORE: 12
MAX 90 OR ABOVE: 12 0.10 INCH OR MORE: 8
MIN 32 OR BELOW: 0 0.50 INCH OR MORE: 5
MIN 0 OR BELOW: 0 1.00 INCH OR MORE: 4
[HDD (BASE 65) ]
TOTAL THIS MO. 0 CLEAR (SCALE 0-3) 8
DPTR FM NORMAL -7 PTCLDY (SCALE 4-7) 17
TOTAL FM JUL 1 4790 CLOUDY (SCALE 8-10) 5
DPTR FM NORMAL -277
[CDD (BASE 65) ]
TOTAL THIS MO. 382
DPTR FM NORMAL 102 [PRESSURE DATA]
TOTAL FM JAN 1 498 HIGHEST SLP M ON M
DPTR FM NORMAL 98 LOWEST SLP 29.52 ON 20
[REMARKS]
#FINAL-06-21#