000
CXUS53 KEAX 011036
CLSMCI
CLIMATE REPORT
NATIONAL WEATHER SERVICE
527 AM CDT TUE JUN 01 2021
...................................
...THE KANSAS CITY INTERNATIONAL MO CLIMATE SUMMARY FOR THE SEASON, FROM
3/1/2021 TO 5/31/2021...
CLIMATE NORMAL PERIOD: 1991 TO 2020
CLIMATE RECORD PERIOD: 1888 TO 2021
WEATHER OBSERVED NORMAL DEPART LAST YEAR`S
VALUE DATE(S) VALUE FROM VALUE DATE(S)
NORMAL
................................................................
TEMPERATURE (F)
RECORD
HIGH 103 05/30/1934
LOW -10 03/04/1978
HIGHEST 88 05/26 88 0 88 04/08
LOWEST 20 03/01 14 6 22 03/21
AVG. MAXIMUM 66.5 65.3 1.2 64.6
AVG. MINIMUM 46.4 43.9 2.5 44.4
MEAN 56.4 54.6 1.8 54.5
DAYS MAX >= 90 0 1.0 -1.0 0
DAYS MAX <= 32 0 1.4 -1.4 0
DAYS MIN <= 32 9 17.4 -8.4 15
DAYS MIN <= 0 0 0.2 -0.2 0
PRECIPITATION (INCHES)
RECORD
MAXIMUM 22.90 1904
MINIMUM 5.02 1928
TOTALS 13.88 11.73 2.15 10.97
DAILY AVG. 0.15 0.13 0.02 0.12
DAYS >= .01 35 32.9 2.1 MM
DAYS >= .10 25 20.1 4.9 MM
DAYS >= .50 9 8.1 0.9 MM
DAYS >= 1.00 5 3.0 2.0 MM
GREATEST
24 HR. TOTAL 1.63 04/28 TO 04/28
SNOWFALL (INCHES)
RECORDS
TOTAL 40.2 1912
TOTALS 3.5 2.0 1.5 T
SINCE 7/1 15.5 18.2 -2.7 MM
DAYS >= TRACE 1 2.1 -1.1 3
DAYS >= 1.0 1 0.7 0.3 0
GREATEST
SNOW DEPTH 3 04/20
24 HR TOTAL 3.5 04/20 TO 04/20
DEGREE DAYS
HEATING TOTAL 877 1079 -202 1013
COOLING TOTAL 116 120 -4 73
................................................................
WIND (MPH)
AVERAGE WIND SPEED 11.1
HIGHEST WIND SPEED/DIRECTION 40/200 DATE 03/10
HIGHEST GUST SPEED/DIRECTION 60/190 DATE 03/10
SKY COVER
POSSIBLE SUNSHINE (PERCENT) MM
AVERAGE SKY COVER 0.57
NUMBER OF DAYS FAIR 27
NUMBER OF DAYS PC 30
NUMBER OF DAYS CLOUDY 35
AVERAGE RH (PERCENT) 63
WEATHER CONDITIONS. NUMBER OF DAYS WITH
THUNDERSTORM 10
MIXED PRECIP 0
HEAVY RAIN 10
RAIN 16
LIGHT RAIN 42
LT FREEZING RAIN 0
HAIL 0
HEAVY SNOW 1
SNOW 1
LIGHT SNOW 2
SLEET 0
FOG 39
FOG W/VIS <= 1/4 MILE 3
HAZE 37
- INDICATES NEGATIVE NUMBERS.
R INDICATES RECORD WAS SET OR TIED.
MM INDICATES DATA IS MISSING.
T INDICATES TRACE AMOUNT.
>= INDICATES GREATER THAN OR EQUAL TO.
<= INDICATES LESS THAN OR EQUAL TO.
$$