000
CXUS53 KGLD 051829
CF6MCK
PRELIMINARY LOCAL CLIMATOLOGICAL DATA (WS FORM: F-6)
STATION: MCCOOK NE
MONTH: APRIL
YEAR: 2020
LATITUDE: 40 13 N
LONGITUDE: 100 35 W
TEMPERATURE IN F: :PCPN: SNOW: WIND :SUNSHINE: SKY :PK WND
================================================================================
1 2 3 4 5 6A 6B 7 8 9 10 11 12 13 14 15 16 17 18
12Z AVG MX 2MIN
DY MAX MIN AVG DEP HDD CDD WTR SNW DPTH SPD SPD DIR MIN PSBL S-S WX SPD DR
================================================================================
1 69 43 56 12 9 0 0.00 M M 8.1 24 10 M M 2 29 20
2 46 22 34 -11 31 0 T M M 20.0 28 350 M M 9 16 35 350
3 45 19 32 -13 33 0 0.00 M M 12.7 24 350 M M 4 30 350
4 55 18 37 -8 28 0 0.00 M M 8.2 21 160 M M 0 1 28 140
5 62 27 45 -1 20 0 0.00 M M 11.5 26 170 M M 1 18 33 150
6 78 45 62 16 3 0 0.00 M M 4.3 13 130 M M 4 18 17 130
7 83 39 61 15 4 0 0.00 M M 10.3 26 320 M M 0 8 35 340
8 71 39 55 8 10 0 0.00 M M 12.3 23 40 M M 0 33 30
9 62 29 46 -1 19 0 0.00 M M 9.7 23 340 M M 2 8 29 330
10 77 25 51 4 14 0 0.00 M M 11.7 28 210 M M 0 37 200
11 75 42 59 11 6 0 0.00 M M 9.9 26 40 M M 0 34 40
12 42 20 31 -17 34 0 T M M 25.6 38 10 M M 6 18 52 20
13 42 14 28 -20 37 0 0.00 M M 9.9 21 330 M M 4 26 330
14 52 20 36 -13 29 0 0.00 M M 11.1 28 290 M M 5 37 300
15 58 19 39 -10 26 0 0.00 M M 6.7 20 30 M M 3 27 240
16 38 24 31 -19 34 0 0.02 M M 16.8 26 60 M M 8 1 34 70
17 55 18 37 -13 28 0 0.00 M M 9.3 22 290 M M 0 34 270
18 73 26 50 0 15 0 0.00 M M 7.1 18 320 M M 1 22 330
19 68 37 53 2 12 0 0.00 M M 9.6 25 30 M M 2 39 30
20 75 34 55 4 10 0 0.00 M M 11.7 29 330 M M 2 1 37 330
21 78 30 54 2 11 0 T M M 8.7 28 220 M M 0 36 210
22 80 45 63 11 2 0 0.00 M M 9.0 28 360 M M 2 34 360
23 80 40 60 8 5 0 0.00 M M 11.6 26 320 M M 0 34 320
24 64 41 53 1 12 0 0.07 M M 13.5 26 320 M M 8 13 34 320
25 69 37 53 0 12 0 0.00 M M 12.2 29 340 M M 1 38 320
26 82 35 59 6 6 0 0.00 M M 9.5 28 190 M M 2 36 190
27 84 44 64 10 1 0 0.00 M M 7.1 16 180 M M 1 24 170
28 78 47 63 9 2 0 0.00 M M 17.7 43 340 M M 1 8 52 340
29 73 44 59 5 6 0 0.00 M M 16.2 31 340 M M 0 45 340
30 87 33 60 5 5 0 0.00 M M 11.2 24 170 M M 0 8 36 150
================================================================================
SM 2001 956 464 0 0.09 M 343.2 M 68
================================================================================
AV 66.7 31.9 11.4 FASTST M M 2 MAX(MPH)
MISC ----> 43 340 # 52 20
================================================================================
NOTES:
# LAST OF SEVERAL OCCURRENCES
COLUMN 17 PEAK WIND IN M.P.H.
PRELIMINARY LOCAL CLIMATOLOGICAL DATA (WS FORM: F-6) , PAGE 2
STATION: MCCOOK NE
MONTH: APRIL
YEAR: 2020
LATITUDE: 40 13 N
LONGITUDE: 100 35 W
[TEMPERATURE DATA] [PRECIPITATION DATA] SYMBOLS USED IN COLUMN 16
AVERAGE MONTHLY: 49.3 TOTAL FOR MONTH: 0.09 1 = FOG OR MIST
DPTR FM NORMAL: -0.2 DPTR FM NORMAL: -2.22 2 = FOG REDUCING VISIBILITY
HIGHEST: 87 ON 30 GRTST 24HR 0.07 ON 24-24 TO 1/4 MILE OR LESS
LOWEST: 14 ON 13 3 = THUNDER
SNOW, ICE PELLETS, HAIL 4 = ICE PELLETS
TOTAL MONTH: M 5 = HAIL
GRTST 24HR M ON M 6 = FREEZING RAIN OR DRIZZLE
GRTST DEPTH: M ON M 7 = DUSTSTORM OR SANDSTORM:
VSBY 1/2 MILE OR LESS
8 = SMOKE OR HAZE
[NO. OF DAYS WITH] [WEATHER - DAYS WITH] 9 = BLOWING SNOW
X = TORNADO
MAX 32 OR BELOW: 0 0.01 INCH OR MORE: 2
MAX 90 OR ABOVE: 0 0.10 INCH OR MORE: 0
MIN 32 OR BELOW: 14 0.50 INCH OR MORE: 0
MIN 0 OR BELOW: 0 1.00 INCH OR MORE: 0
[HDD (BASE 65) ]
TOTAL THIS MO. 464 CLEAR (SCALE 0-3) 22
DPTR FM NORMAL -8 PTCLDY (SCALE 4-7) 6
TOTAL FM JUL 1 5422 CLOUDY (SCALE 8-10) 2
DPTR FM NORMAL -481
[CDD (BASE 65) ]
TOTAL THIS MO. 0
DPTR FM NORMAL -6 [PRESSURE DATA]
TOTAL FM JAN 1 0 HIGHEST SLP 30.40 ON 3
DPTR FM NORMAL -6 LOWEST SLP 29.46 ON 11
[REMARKS]
#FINAL-04-20#