000
CXUS52 KFFC 011010
CF6MCN
PRELIMINARY LOCAL CLIMATOLOGICAL DATA (WS FORM: F-6)
STATION: MACON
MONTH: MARCH
YEAR: 2021
LATITUDE: 32 42 N
LONGITUDE: 83 39 W
TEMPERATURE IN F: :PCPN: SNOW: WIND :SUNSHINE: SKY :PK WND
================================================================================
1 2 3 4 5 6A 6B 7 8 9 10 11 12 13 14 15 16 17 18
12Z AVG MX 2MIN
DY MAX MIN AVG DEP HDD CDD WTR SNW DPTH SPD SPD DIR MIN PSBL S-S WX SPD DR
================================================================================
1 72 57 65 12 0 0 0.10 0.0 M 8.4 23 320 M M 8 1 32 310
2 57 41 49 -5 16 0 0.48 M M 8.5 17 30 M M 8 1 25 350
3 67 41 54 0 11 0 1.44 M M 6.4 17 10 M M 5 1 23 50
4 75 36 56 2 9 0 0.00 0.0 M 7.2 15 310 M M 0 21 310
5 70 36 53 -1 12 0 0.00 0.0 M 4.5 13 40 M M 0 8 17 60
6 60 36 48 -6 17 0 0.00 0.0 M 6.6 17 70 M M 5 24 70
7 66 30 48 -7 17 0 0.00 0.0 M 5.0 17 330 M M 0 1 24 10
8 71 28 50 -5 15 0 0.00 0.0 M 2.0 8 320 M M 0 11 170
9 73 30 52 -3 13 0 0.00 0.0 M 1.5 10 140 M M 0 15 160
10 76 34 55 -1 10 0 0.00 0.0 M 3.3 13 180 M M 0 17 180
11 78 43 61 5 4 0 0.00 0.0 M 3.6 14 160 M M 0 1 26 180
12 81 44 63 7 2 0 0.00 0.0 M 3.2 13 210 M M 1 12 18 230
13 85 46 66 10 0 1 0.00 0.0 M 2.3 9 330 M M 2 18 13 320
14 85 51 68 12 0 3 0.00 0.0 M 2.7 12 250 M M 0 1 18 240
15 78 54 66 9 0 1 0.00 0.0 M 5.8 17 120 M M 6 1 24 130
16 62 51 57 0 8 0 1.52 0.0 M 7.1 16 160 M M 9 13 22 290
17 69 52 61 4 4 0 0.06 0.0 M 5.5 14 170 M M 8 12 19 160
18 80 53 67 10 0 2 0.07 0.0 M 13.4 28 260 M M 7 1 38 250
19 65 49 57 -1 8 0 0.00 0.0 M 11.6 23 60 M M 9 30 60
20 61 40 51 -7 14 0 0.00 0.0 M 12.0 22 70 M M 2 32 40
21 69 47 58 0 7 0 T M M 11.5 20 40 M M 9 26 60
22 77 50 64 6 1 0 0.00 0.0 M 10.2 18 40 M M 1 25 20
23 77 52 65 7 0 0 0.00 0.0 M 4.4 13 150 M M 2 18 130
24 74 59 67 8 0 2 0.06 0.0 M 4.9 23 160 M M 7 1 32 180
25 85 60 73 14 0 8 0.03 0.0 M 10.2 23 170 M M 3 1 37 190
26 77 63 70 11 0 5 1.18 0.0 M 7.8 21 190 M M 9 1238 30 200
27 85 63 74 15 0 9 0.03 0.0 M 5.6 24 220 M M 7 128 36 220
28 80 57 69 9 0 4 0.40 0.0 M 10.0 22 290 M M 3 13 33 310
29 73 42 58 -2 7 0 0.00 0.0 M 4.9 9 320 M M 0 M M
30 73 48 61 1 4 0 0.00 0.0 M 5.0 14 150 M M 6 17 140
31 82 54 68 8 0 3 0.99 0.0 M 9.1 30 350 M M 7 13 39 350
================================================================================
SM 2283 1447 179 38 6.36 0.0 204.2 M 124
================================================================================
AV 73.6 46.7 6.6 FASTST M M 4 MAX(MPH)
MISC ----> 30 350 39 350
================================================================================
NOTES:
# LAST OF SEVERAL OCCURRENCES
COLUMN 17 PEAK WIND IN M.P.H.
PRELIMINARY LOCAL CLIMATOLOGICAL DATA (WS FORM: F-6) , PAGE 2
STATION: MACON
MONTH: MARCH
YEAR: 2021
LATITUDE: 32 42 N
LONGITUDE: 83 39 W
[TEMPERATURE DATA] [PRECIPITATION DATA] SYMBOLS USED IN COLUMN 16
AVERAGE MONTHLY: 60.2 TOTAL FOR MONTH: 6.36 1 = FOG OR MIST
DPTR FM NORMAL: 3.4 DPTR FM NORMAL: 1.81 2 = FOG REDUCING VISIBILITY
HIGHEST: 85 ON 27,25 GRTST 24HR 1.92 ON 2- 3 TO 1/4 MILE OR LESS
LOWEST: 28 ON 8 3 = THUNDER
SNOW, ICE PELLETS, HAIL 4 = ICE PELLETS
TOTAL MONTH: 0.0 INCH 5 = HAIL
GRTST 24HR 0.0 6 = FREEZING RAIN OR DRIZZLE
GRTST DEPTH: M ON M 7 = DUSTSTORM OR SANDSTORM:
VSBY 1/2 MILE OR LESS
8 = SMOKE OR HAZE
[NO. OF DAYS WITH] [WEATHER - DAYS WITH] 9 = BLOWING SNOW
X = TORNADO
MAX 32 OR BELOW: 0 0.01 INCH OR MORE: 12
MAX 90 OR ABOVE: 0 0.10 INCH OR MORE: 7
MIN 32 OR BELOW: 3 0.50 INCH OR MORE: 4
MIN 0 OR BELOW: 0 1.00 INCH OR MORE: 3
[HDD (BASE 65) ]
TOTAL THIS MO. 179 CLEAR (SCALE 0-3) 14
DPTR FM NORMAL -93 PTCLDY (SCALE 4-7) 12
TOTAL FM JUL 1 1814 CLOUDY (SCALE 8-10) 5
DPTR FM NORMAL -383
[CDD (BASE 65) ]
TOTAL THIS MO. 38
DPTR FM NORMAL 20 [PRESSURE DATA]
TOTAL FM JAN 1 47 HIGHEST SLP 30.59 ON 9
DPTR FM NORMAL 26 LOWEST SLP 29.64 ON 18
[REMARKS]
#FINAL-03-21#