000
CXUS52 KMLB 010736
CF6MCO
PRELIMINARY LOCAL CLIMATOLOGICAL DATA (WS FORM: F-6)
STATION: ORLANDO INTL
MONTH: OCTOBER
YEAR: 2020
LATITUDE: 28 25 N
LONGITUDE: 81 19 W
TEMPERATURE IN F: :PCPN: SNOW: WIND :SUNSHINE: SKY :PK WND
================================================================================
1 2 3 4 5 6A 6B 7 8 9 10 11 12 13 14 15 16 17 18
12Z AVG MX 2MIN
DY MAX MIN AVG DEP HDD CDD WTR SNW DPTH SPD SPD DIR MIN PSBL S-S WX SPD DR
================================================================================
1 83 69 76 -3 0 11 0.00 0.0 0 8.0 14 60 M M 7 18 40
2 83 67 75 -4 0 10 0.00 0.0 0 6.3 12 20 M M 7 16 20
3 80 68 74 -5 0 9 0.08 0.0 0 9.3 16 30 M M 10 33 30
4 80 71 76 -2 0 11 0.02 0.0 0 8.5 16 30 M M 10 21 20
5 86 73 80 2 0 15 T 0.0 0 9.3 16 70 M M 9 21 40
6 92 74 83 5 0 18 0.00 0.0 0 8.2 18 70 M M 5 22 60
7 93 76 85 7 0 20 0.10 0.0 0 6.4 13 90 M M 5 13 17 100
8 91 75 83 5 0 18 T 0.0 0 5.3 13 100 M M 4 1 16 100
9 89 75 82 5 0 17 0.04 0.0 0 7.4 21 120 M M 4 1 26 120
10 92 74 83 6 0 18 0.00 0.0 0 8.4 16 150 M M 6 20 150
11 91 74 83 6 0 18 0.65 0.0 0 6.8 24 280 M M 4 138 35 280
12 88 72 80 4 0 15 0.00 0.0 0 6.3 14 300 M M 3 1 18 290
13 88 73 81 5 0 16 0.00 0.0 0 5.9 13 360 M M 2 16 330
14 90 70 80 4 0 15 0.00 0.0 0 4.9 15 60 M M 2 1 17 60
15 90 71 81 5 0 16 0.00 0.0 0 3.6 14 100 M M 2 17 100
16 90 73 82 6 0 17 0.00 0.0 0 5.5 14 350 M M 6 16 30
17 87 71 79 4 0 14 0.24 0.0 0 11.0 20 40 M M 7 1 24 40
18 86 71 79 4 0 14 0.02 0.0 0 11.0 28 50 M M 5 1 37 30
19 85 71 78 3 0 13 0.99 0.0 0 8.5 24 60 M M 7 13 35 50
20 86 75 81 7 0 16 T 0.0 0 9.3 20 100 M M 9 26 80
21 86 73 80 6 0 15 0.03 0.0 0 8.8 20 70 M M 9 25 110
22 86 73 80 6 0 15 0.22 0.0 0 6.9 22 100 M M 7 1 29 100
23 82 72 77 3 0 12 0.24 0.0 0 6.9 18 60 M M 6 1 23 60
24 86 70 78 4 0 13 0.00 0.0 0 5.6 14 110 M M 5 17 100
25 88 72 80 7 0 15 0.00 0.0 0 4.5 16 60 M M 5 18 50
26 89 71 80 7 0 15 T 0.0 0 7.4 18 60 M M 5 22 60
27 88 75 82 9 0 17 T 0.0 0 8.5 16 80 M M 5 21 100
28 90 74 82 9 0 17 0.00 0.0 0 8.7 16 110 M M 4 1 23 110
29 91 73 82 10 0 17 T 0.0 0 10.4 21 220 M M 3 26 200
30 79 63 71 -1 0 6 0.00 0.0 0 9.3 17 280 M M 4 27 250
31 86 61 74 2 0 9 0.00 0.0 0 8.0 16 50 M M 3 22 80
================================================================================
SM 2701 2220 0 452 2.63 0.0 234.9 M 170
================================================================================
AV 87.1 71.6 7.6 FASTST M M 5 MAX(MPH)
MISC ----> 28 50 37 30
================================================================================
NOTES:
# LAST OF SEVERAL OCCURRENCES
COLUMN 17 PEAK WIND IN M.P.H.
PRELIMINARY LOCAL CLIMATOLOGICAL DATA (WS FORM: F-6) , PAGE 2
STATION: ORLANDO INTL
MONTH: OCTOBER
YEAR: 2020
LATITUDE: 28 25 N
LONGITUDE: 81 19 W
[TEMPERATURE DATA] [PRECIPITATION DATA] SYMBOLS USED IN COLUMN 16
AVERAGE MONTHLY: 79.4 TOTAL FOR MONTH: 2.63 1 = FOG OR MIST
DPTR FM NORMAL: 3.9 DPTR FM NORMAL: -0.68 2 = FOG REDUCING VISIBILITY
HIGHEST: 93 ON 7 GRTST 24HR 1.00 ON 18-19 TO 1/4 MILE OR LESS
LOWEST: 61 ON 31 3 = THUNDER
SNOW, ICE PELLETS, HAIL 4 = ICE PELLETS
TOTAL MONTH: 0.0 INCH 5 = HAIL
GRTST 24HR 0.0 6 = FREEZING RAIN OR DRIZZLE
GRTST DEPTH: 0 7 = DUSTSTORM OR SANDSTORM:
VSBY 1/2 MILE OR LESS
8 = SMOKE OR HAZE
[NO. OF DAYS WITH] [WEATHER - DAYS WITH] 9 = BLOWING SNOW
X = TORNADO
MAX 32 OR BELOW: 0 0.01 INCH OR MORE: 11
MAX 90 OR ABOVE: 10 0.10 INCH OR MORE: 6
MIN 32 OR BELOW: 0 0.50 INCH OR MORE: 2
MIN 0 OR BELOW: 0 1.00 INCH OR MORE: 0
[HDD (BASE 65) ]
TOTAL THIS MO. 0 CLEAR (SCALE 0-3) 5
DPTR FM NORMAL -5 PTCLDY (SCALE 4-7) 21
TOTAL FM JUL 1 0 CLOUDY (SCALE 8-10) 5
DPTR FM NORMAL 0
[CDD (BASE 65) ]
TOTAL THIS MO. 452
DPTR FM NORMAL 121 [PRESSURE DATA]
TOTAL FM JAN 1 4002 HIGHEST SLP 30.16 ON 31
DPTR FM NORMAL 795 LOWEST SLP 29.82 ON 29
[REMARKS]
#FINAL-10-20#