000
CXUS54 KMAF 011210
CF6MDD
PRELIMINARY LOCAL CLIMATOLOGICAL DATA (WS FORM: F-6)
STATION: MIDLAND AIRPARK
MONTH: DECEMBER
YEAR: 2022
LATITUDE: 32 2 N
LONGITUDE: 102 6 W
TEMPERATURE IN F: :PCPN: SNOW: WIND :SUNSHINE: SKY :PK WND
================================================================================
1 2 3 4 5 6A 6B 7 8 9 10 11 12 13 14 15 16 17 18
12Z AVG MX 2MIN
DY MAX MIN AVG DEP HDD CDD WTR SNW DPTH SPD SPD DIR MIN PSBL S-S WX SPD DR
================================================================================
1 60 37 49 M 16 0 M M M 9.4 14 180 M M 1 21 170
2 78 41 60 M 5 0 M M M 10.5 22 240 M M 0 1 33 240
3 56 40 48 M 17 0 M M M 10.4 22 50 M M 0 31 90
4 65 41 53 M 12 0 M M M 6.5 13 200 M M 1 M M
5 78 53 66 M 0 1 M M M 12.3 24 240 M M 0 30 240
6 71 58 65 M 0 0 M M M 6.8 10 180 M M 3 M M
7 73 58 66 M 0 1 0.02 M M 7.6 15 170 M M 7 M M
8 74 57 66 M 0 1 M M M 5.5 10 200 M M 6 12 17 250
9 58 52 55 M 10 0 M M M 3.9 8 50 M M 9 1 M M
10 65 50 58 M 7 0 M M M 6.4 14 30 M M 10 18 M M
11 60 49 55 M 10 0 M M M 5.8 10 150 M M 8 12 M M
12 71 53 62 M 3 0 M M M 15.0 25 190 M M 7 1 32 190
13 60 43 52 M 13 0 M M M 14.1 30 270 M M 0 37 270
14 55 38 47 M 18 0 M M M 12.6 23 300 M M 2 30 280
15 55 31 43 M 22 0 M M M 5.2 9 300 M M 0 M M
16 46 29 38 M 27 0 M M M 5.9 10 40 M M 0 M M
17 54 22 38 M 27 0 M M M 5.4 13 230 M M 0 17 170
18 56 32 44 M 21 0 M M M 11.6 22 170 M M 1 28 170
19 65 37 51 M 14 0 M M M 8.8 17 190 M M 0 24 190
20 49 28 39 M 26 0 M M M 7.0 9 100 M M 1 M M
21 58 36 47 M 18 0 M M M 9.7 13 190 M M 5 1 21 180
22 40 12 26 M 39 0 M M M 14.6 25 20 M M 0 30 20
23 26 11 19 M 46 0 M M M 7.5 13 10 M M 0 M M
24 38 17 28 M 37 0 M M M 5.6 13 180 M M 0 18 180
25 53 21 37 M 28 0 M M M 6.8 12 200 M M 0 M M
26 61 28 45 M 20 0 M M M 8.1 22 60 M M 0 29 50
27 65 30 48 M 17 0 M M M 12.0 23 190 M M 0 28 190
28 74 45 60 M 5 0 M M M 11.8 22 230 M M 0 30 230
29 69 49 59 M 6 0 M M M 10.0 17 280 M M 1 24 280
30 60 39 50 M 15 0 M M M 7.0 17 260 M M 3 23 260
31 73 44 59 M 6 0 M M M 15.1 23 240 M M 0 33 250
================================================================================
SM 1866 1181 485 3 0.02 M 279.0 M 65
================================================================================
AV 60.2 38.1 9.0 FASTST M M 2 MAX(MPH)
MISC ----> 30 270 37 270
================================================================================
NOTES:
# LAST OF SEVERAL OCCURRENCES
COLUMN 17 PEAK WIND IN M.P.H.
PRELIMINARY LOCAL CLIMATOLOGICAL DATA (WS FORM: F-6) , PAGE 2
STATION: MIDLAND AIRPARK
MONTH: DECEMBER
YEAR: 2022
LATITUDE: 32 2 N
LONGITUDE: 102 6 W
[TEMPERATURE DATA] [PRECIPITATION DATA] SYMBOLS USED IN COLUMN 16
AVERAGE MONTHLY: 49.1 TOTAL FOR MONTH: 0.02 1 = FOG OR MIST
DPTR FM NORMAL: 0.0 DPTR FM NORMAL: M 2 = FOG REDUCING VISIBILITY
HIGHEST: 78 ON 5, 2 GRTST 24HR 0.02 ON 7- 7 TO 1/4 MILE OR LESS
LOWEST: 11 ON 23 3 = THUNDER
SNOW, ICE PELLETS, HAIL 4 = ICE PELLETS
TOTAL MONTH: M 5 = HAIL
GRTST 24HR M ON M 6 = FREEZING RAIN OR DRIZZLE
GRTST DEPTH: M ON M 7 = DUSTSTORM OR SANDSTORM:
VSBY 1/2 MILE OR LESS
8 = SMOKE OR HAZE
[NO. OF DAYS WITH] [WEATHER - DAYS WITH] 9 = BLOWING SNOW
X = TORNADO
MAX 32 OR BELOW: 1 0.01 INCH OR MORE: 1
MAX 90 OR ABOVE: 0 0.10 INCH OR MORE: 0
MIN 32 OR BELOW: 11 0.50 INCH OR MORE: 0
MIN 0 OR BELOW: 0 1.00 INCH OR MORE: 0
[HDD (BASE 65) ]
TOTAL THIS MO. 485 CLEAR (SCALE 0-3) 24
DPTR FM NORMAL M PTCLDY (SCALE 4-7) 5
TOTAL FM JUL 1 991 CLOUDY (SCALE 8-10) 2
DPTR FM NORMAL M
[CDD (BASE 65) ]
TOTAL THIS MO. 3
DPTR FM NORMAL M [PRESSURE DATA]
TOTAL FM JAN 1 3136 HIGHEST SLP M ON M
DPTR FM NORMAL M LOWEST SLP M ON M
[REMARKS]
#FINAL-12-22#