000
CXUS51 KCTP 010800
CF6MDT
PRELIMINARY LOCAL CLIMATOLOGICAL DATA (WS FORM: F-6)
STATION: HARRISBURG PA
MONTH: APRIL
YEAR: 2022
LATITUDE: 40 11 N
LONGITUDE: 76 46 W
TEMPERATURE IN F: :PCPN: SNOW: WIND :SUNSHINE: SKY :PK WND
================================================================================
1 2 3 4 5 6A 6B 7 8 9 10 11 12 13 14 15 16 17 18
12Z AVG MX 2MIN
DY MAX MIN AVG DEP HDD CDD WTR SNW DPTH SPD SPD DIR MIN PSBL S-S WX SPD DR
================================================================================
1 57 41 49 2 16 0 0.03 0.0 0 17.8 32 290 M M 9 1 38 270
2 53 37 45 -3 20 0 0.00 0.0 0 7.9 23 310 M M 8 27 300
3 52 40 46 -2 19 0 0.01 0.0 0 13.4 29 290 M M 8 36 320
4 52 37 45 -4 20 0 0.00 0.0 0 7.6 16 300 M M 6 20 280
5 58 38 48 -1 17 0 0.30 0.0 0 4.8 14 100 M M 9 1 20 100
6 59 47 53 4 12 0 0.44 0.0 0 8.9 18 130 M M 10 1 25 160
7 51 46 49 -1 16 0 1.23 0.0 0 8.3 20 130 M M 10 13 23 140
8 60 40 50 0 15 0 0.01 0.0 0 7.3 28 290 M M 6 32 260
9 54 42 48 -3 17 0 0.25 0.0 0 9.4 28 290 M M 8 1 30 290
10 49 36 43 -8 22 0 T 0.0 0 13.5 28 290 M M 6 34 290
11 63 31 47 -4 18 0 0.00 0.0 0 5.3 14 190 M M 5 17 180
12 74 49 62 10 3 0 T 0.0 0 3.8 15 290 M M 5 18 290
13 79 50 65 13 0 0 0.00 0.0 0 4.4 14 120 M M 7 18 230
14 79 46 63 10 2 0 T 0.0 0 11.9 32 300 M M 6 40 310
15 69 40 55 2 10 0 0.00 0.0 0 6.9 23 180 M M 3 8 36 180
16 71 50 61 8 4 0 T 0.0 0 9.0 21 220 M M 8 26 220
17 52 39 46 -8 19 0 0.00 0.0 0 8.1 25 290 M M 4 31 320
18 46 33 40 -14 25 0 0.91 T 0 9.2 23 120 M M 8 14 35 120
19 48 35 42 -13 23 0 0.08 0.0 0 17.3 28 280 M M 7 43 270
20 59 39 49 -6 16 0 0.00 0.0 0 7.8 17 290 M M 3 23 280
21 62 42 52 -3 13 0 0.02 0.0 0 5.2 18 190 M M 9 1 27 190
22 68 41 55 -1 10 0 0.00 0.0 0 5.3 16 330 M M 4 18 22 320
23 66 51 59 3 6 0 T 0.0 0 5.6 13 100 M M 7 17 100
24 77 48 63 7 2 0 0.00 0.0 0 6.7 15 120 M M 3 19 130
25 65 50 58 1 7 0 0.00 0.0 0 10.1 20 130 M M 9 24 130
26 62 52 57 0 8 0 0.16 0.0 0 6.7 23 310 M M 10 1 28 310
27 52 38 45 -13 20 0 0.00 0.0 0 19.0 32 310 M M 7 42 320
28 59 37 48 -10 17 0 0.00 0.0 0 13.6 23 330 M M 4 33 300
29 64 37 51 -7 14 0 0.00 0.0 0 8.5 20 290 M M 1 24 290
30 68 35 52 -7 13 0 0.00 0.0 0 4.5 14 290 M M 4 16 280
================================================================================
SM 1828 1247 404 0 3.44 T 267.8 M 194
================================================================================
AV 60.9 41.6 8.9 FASTST M M 6 MAX(MPH)
MISC ----> # 32 290 43 270
================================================================================
NOTES:
# LAST OF SEVERAL OCCURRENCES
COLUMN 17 PEAK WIND IN M.P.H.
PRELIMINARY LOCAL CLIMATOLOGICAL DATA (WS FORM: F-6) , PAGE 2
STATION: HARRISBURG PA
MONTH: APRIL
YEAR: 2022
LATITUDE: 40 11 N
LONGITUDE: 76 46 W
[TEMPERATURE DATA] [PRECIPITATION DATA] SYMBOLS USED IN COLUMN 16
AVERAGE MONTHLY: 51.3 TOTAL FOR MONTH: 3.44 1 = FOG OR MIST
DPTR FM NORMAL: -2.0 DPTR FM NORMAL: -0.11 2 = FOG REDUCING VISIBILITY
HIGHEST: 79 ON 14,13 GRTST 24HR 1.23 ON 7- 7 TO 1/4 MILE OR LESS
LOWEST: 31 ON 11 3 = THUNDER
SNOW, ICE PELLETS, HAIL 4 = ICE PELLETS
TOTAL MONTH: T 5 = HAIL
GRTST 24HR T ON 18-18 6 = FREEZING RAIN OR DRIZZLE
GRTST DEPTH: 0 7 = DUSTSTORM OR SANDSTORM:
VSBY 1/2 MILE OR LESS
8 = SMOKE OR HAZE
[NO. OF DAYS WITH] [WEATHER - DAYS WITH] 9 = BLOWING SNOW
X = TORNADO
MAX 32 OR BELOW: 0 0.01 INCH OR MORE: 11
MAX 90 OR ABOVE: 0 0.10 INCH OR MORE: 6
MIN 32 OR BELOW: 1 0.50 INCH OR MORE: 2
MIN 0 OR BELOW: 0 1.00 INCH OR MORE: 1
[HDD (BASE 65) ]
TOTAL THIS MO. 404 CLEAR (SCALE 0-3) 4
DPTR FM NORMAL 40 PTCLDY (SCALE 4-7) 18
TOTAL FM JUL 1 4459 CLOUDY (SCALE 8-10) 8
DPTR FM NORMAL -431
[CDD (BASE 65) ]
TOTAL THIS MO. 0
DPTR FM NORMAL -9 [PRESSURE DATA]
TOTAL FM JAN 1 0 HIGHEST SLP 30.45 ON 22
DPTR FM NORMAL -10 LOWEST SLP 29.51 ON 1
[REMARKS]
#FINAL-04-22#