770
CXUS54 KMEG 010643
CF6MEG
PRELIMINARY LOCAL CLIMATOLOGICAL DATA (WS FORM: F-6)
STATION: MEMPHIS/GERMANTOWN WFO
MONTH: JULY
YEAR: 2020
LATITUDE: 35 7 N
LONGITUDE: 89 48 W
TEMPERATURE IN F: :PCPN: SNOW: WIND :SUNSHINE: SKY :PK WND
================================================================================
1 2 3 4 5 6A 6B 7 8 9 10 11 12 13 14 15 16 17 18
12Z AVG MX 2MIN
DY MAX MIN AVG DEP HDD CDD WTR SNW DPTH SPD SPD DIR MIN PSBL S-S WX SPD DR
================================================================================
1 89 71 80 0 0 15 0.10 0.0 0 M M M M M M 3 M M
2 90 71 81 1 0 16 0.00 0.0 0 M M M M M M M M
3 94 72 83 2 0 18 0.00 0.0 0 M M M M M M M M
4 94 73 84 3 0 19 0.00 0.0 0 M M M M M M M M
5 92 72 82 1 0 17 0.00 0.0 0 M M M M M M 3 M M
6 94 72 83 2 0 18 0.00 0.0 0 M M M M M M 3 M M
7 96 71 84 3 0 19 0.00 0.0 0 M M M M M M 3 M M
8 92 72 82 1 0 17 0.00 0.0 0 M M M M M M M M
9 89 73 81 0 0 16 0.46 0.0 0 M M M M M M M M
10 93 71 82 1 0 17 0.00 0.0 0 M M M M M M M M
11 96 71 84 3 0 19 0.00 0.0 0 M M M M M M M M
12 92 75 84 3 0 19 0.01 0.0 0 M M M M M M M M
13 91 73 82 1 0 17 0.00 0.0 0 M M M M M M M M
14 96 79 88 7 0 23 0.00 0.0 0 M M M M M M M M
15 98 77 88 7 0 23 0.00 0.0 0 M M M M M M M M
16 97 75 86 5 0 21 0.07 0.0 0 M M M M M M M M
17 96 75 86 5 0 21 0.00 0.0 0 M M M M M M M M
18 97 74 86 5 0 21 0.00 0.0 0 M M M M M M M M
19 94 75 85 4 0 20 0.12 0.0 0 M M M M M M 3 M M
20 97 75 86 5 0 21 0.00 0.0 0 M M M M M M M M
21 95 73 84 3 0 19 0.53 0.0 0 M M M M M M M M
22 90 75 83 2 0 18 0.01 0.0 0 M M M M M M 3 M M
23 92 74 83 2 0 18 0.36 0.0 0 M M M M M M M M
24 94 73 84 3 0 19 0.00 0.0 0 M M M M M M M M
25 92 74 83 2 0 18 0.00 0.0 0 M M M M M M M M
26 92 74 83 2 0 18 0.00 0.0 0 M M M M M M M M
27 94 73 84 3 0 19 0.00 0.0 0 M M M M M M M M
28 92 73 83 2 0 18 0.00 0.0 0 M M M M M M M M
29 90 74 82 1 0 17 0.40 0.0 0 M M M M M M M M
30 90 76 83 2 0 18 0.04 0.0 0 M M M M M M M M
31 88 75 82 1 0 17 0.03 0.0 0 M M M M M M M M
================================================================================
SM 2886 2281 0 576 2.13 0.0 M M M
================================================================================
AV 93.1 73.6 M FASTST M M 2 MAX(MPH)
MISC ----> M M M M
================================================================================
NOTES:
# LAST OF SEVERAL OCCURRENCES
COLUMN 17 PEAK WIND IN M.P.H.
PRELIMINARY LOCAL CLIMATOLOGICAL DATA (WS FORM: F-6) , PAGE 2
STATION: MEMPHIS/GERMANTOWN WFO
MONTH: JULY
YEAR: 2020
LATITUDE: 35 7 N
LONGITUDE: 89 48 W
[TEMPERATURE DATA] [PRECIPITATION DATA] SYMBOLS USED IN COLUMN 16
AVERAGE MONTHLY: 83.3 TOTAL FOR MONTH: 2.13 1 = FOG OR MIST
DPTR FM NORMAL: 2.3 DPTR FM NORMAL: -2.41 2 = FOG REDUCING VISIBILITY
HIGHEST: 98 ON 15 GRTST 24HR 0.53 ON 21-21 TO 1/4 MILE OR LESS
LOWEST: 71 ON 11,10 3 = THUNDER
SNOW, ICE PELLETS, HAIL 4 = ICE PELLETS
TOTAL MONTH: 0.0 INCH 5 = HAIL
GRTST 24HR 0.0 6 = FREEZING RAIN OR DRIZZLE
GRTST DEPTH: 0 7 = DUSTSTORM OR SANDSTORM:
VSBY 1/2 MILE OR LESS
8 = SMOKE OR HAZE
[NO. OF DAYS WITH] [WEATHER - DAYS WITH] 9 = BLOWING SNOW
X = TORNADO
MAX 32 OR BELOW: 0 0.01 INCH OR MORE: 11
MAX 90 OR ABOVE: 28 0.10 INCH OR MORE: 6
MIN 32 OR BELOW: 0 0.50 INCH OR MORE: 1
MIN 0 OR BELOW: 0 1.00 INCH OR MORE: 0
[HDD (BASE 65) ]
TOTAL THIS MO. 0 CLEAR (SCALE 0-3) 0
DPTR FM NORMAL 0 PTCLDY (SCALE 4-7) 0
TOTAL FM JUL 1 0 CLOUDY (SCALE 8-10) 0
DPTR FM NORMAL 0
[CDD (BASE 65) ]
TOTAL THIS MO. 576
DPTR FM NORMAL 80 [PRESSURE DATA]
TOTAL FM JAN 1 1197 HIGHEST SLP M ON M
DPTR FM NORMAL 69 LOWEST SLP M ON M
[REMARKS]
#FINAL-07-20#