838
CXUS56 KPDT 011910
CF6MEH
PRELIMINARY LOCAL CLIMATOLOGICAL DATA (WS FORM: F-6)
STATION: MEACHAM OR
MONTH: NOVEMBER
YEAR: 2020
LATITUDE: 45 30 N
LONGITUDE: 118 24 W
TEMPERATURE IN F: :PCPN: SNOW: WIND :SUNSHINE: SKY :PK WND
================================================================================
1 2 3 4 5 6A 6B 7 8 9 10 11 12 13 14 15 16 17 18
12Z AVG MX 2MIN
DY MAX MIN AVG DEP HDD CDD WTR SNW DPTH SPD SPD DIR MIN PSBL S-S WX SPD DR
================================================================================
1 61 26 44 6 21 0 0.00 M M 0.0 7 90 M M 0 16 100
2 69 32 51 13 14 0 0.00 M M 0.1 8 100 M M 0 14 90
3 68 28 48 10 17 0 0.00 M M 0.0 5 280 M M 2 10 260
4 68 35 52 14 13 0 T M M 0.2 6 270 M M 2 14 210
5 63 35 49 12 16 0 0.18 M M 0.6 6 20 M M 7 1 11 290
6 44 33 39 2 26 0 1.37 M M 1.4 7 30 M M 10 12 13 60
7 35 26 31 -6 34 0 T M M 1.7 8 280 M M 9 12 15 260
8 28 22 25 -11 40 0 0.35 M M 0.8 6 310 M M 10 1 12 300
9 32 19 26 -10 39 0 0.01 M M 0.3 6 270 M M 6 8 9 270
10 36 29 33 -3 32 0 0.68 M M 2.5 9 290 M M 10 1 24 290
11 33 16 25 -11 40 0 0.54 M M 0.5 7 260 M M 9 12 20 260
12 32 4 18 -17 47 0 T M M 0.2 5 200 M M 2 8 16 190
13 38 29 34 -1 31 0 0.51 M M 1.9 12 270 M M 7 128 28 250
14 39 32 36 1 29 0 0.53 M M 1.5 10 270 M M 8 1 23 220
15 44 30 37 3 28 0 T M M 0.0 3 190 M M 6 1 11 210
16 45 30 38 4 27 0 0.03 M M 1.4 7 190 M M 5 1 14 240
17 54 38 46 12 19 0 T M M 2.5 13 100 M M 4 30 180
18 50 31 41 8 24 0 0.08 M M 0.0 12 270 M M 8 1 26 290
19 42 24 33 0 32 0 T M M 1.2 9 280 M M 7 21 260
20 43 17 30 -2 35 0 0.00 M M 0.3 6 90 M M 0 9 80
21 43 14 29 -3 36 0 0.00 M M 0.1 6 100 M M 0 8 11 100
22 40 29 35 3 30 0 0.00 M M 0.8 9 100 M M 0 20 90
23 38 29 34 3 31 0 0.13 M M 0.2 6 250 M M 9 18 12 280
24 41 26 34 3 31 0 0.07 M M 0.3 5 200 M M 3 13 140
25 35 32 34 3 31 0 0.55 M M 0.9 7 280 M M 10 1 19 260
26 37 24 31 1 34 0 T M M 0.1 5 250 M M 8 18 11 240
27 39 18 29 -1 36 0 0.00 M M 0.4 5 200 M M 0 10 220
28 42 26 34 4 31 0 0.00 M M 0.1 5 90 M M 5 8 100
29 40 20 30 1 35 0 0.00 M M 0.8 6 240 M M 0 17 80
30 40 29 35 6 30 0 0.04 M M 1.2 9 270 M M 5 1 20 270
================================================================================
SM 1319 783 889 0 5.07 M 22.0 M 152
================================================================================
AV 44.0 26.1 0.7 FASTST M M 5 MAX(MPH)
MISC ----> 13 100 30 180
================================================================================
NOTES:
# LAST OF SEVERAL OCCURRENCES
COLUMN 17 PEAK WIND IN M.P.H.
PRELIMINARY LOCAL CLIMATOLOGICAL DATA (WS FORM: F-6) , PAGE 2
STATION: MEACHAM OR
MONTH: NOVEMBER
YEAR: 2020
LATITUDE: 45 30 N
LONGITUDE: 118 24 W
[TEMPERATURE DATA] [PRECIPITATION DATA] SYMBOLS USED IN COLUMN 16
AVERAGE MONTHLY: 35.0 TOTAL FOR MONTH: 5.07 1 = FOG OR MIST
DPTR FM NORMAL: 1.0 DPTR FM NORMAL: 0.72 2 = FOG REDUCING VISIBILITY
HIGHEST: 69 ON 2 GRTST 24HR 1.55 ON 5- 6 TO 1/4 MILE OR LESS
LOWEST: 4 ON 12 3 = THUNDER
SNOW, ICE PELLETS, HAIL 4 = ICE PELLETS
TOTAL MONTH: M 5 = HAIL
GRTST 24HR M ON M 6 = FREEZING RAIN OR DRIZZLE
GRTST DEPTH: M ON M 7 = DUSTSTORM OR SANDSTORM:
VSBY 1/2 MILE OR LESS
8 = SMOKE OR HAZE
[NO. OF DAYS WITH] [WEATHER - DAYS WITH] 9 = BLOWING SNOW
X = TORNADO
MAX 32 OR BELOW: 3 0.01 INCH OR MORE: 14
MAX 90 OR ABOVE: 0 0.10 INCH OR MORE: 9
MIN 32 OR BELOW: 26 0.50 INCH OR MORE: 6
MIN 0 OR BELOW: 0 1.00 INCH OR MORE: 1
[HDD (BASE 65) ]
TOTAL THIS MO. 889 CLEAR (SCALE 0-3) 10
DPTR FM NORMAL -43 PTCLDY (SCALE 4-7) 13
TOTAL FM JUL 1 2021 CLOUDY (SCALE 8-10) 7
DPTR FM NORMAL -447
[CDD (BASE 65) ]
TOTAL THIS MO. 0
DPTR FM NORMAL 0 [PRESSURE DATA]
TOTAL FM JAN 1 98 HIGHEST SLP 30.58 ON 21
DPTR FM NORMAL 74 LOWEST SLP 29.44 ON 13
[REMARKS]
#FINAL-11-20#