000
CXUS54 KBRO 011121
CF6MFE
PRELIMINARY LOCAL CLIMATOLOGICAL DATA (WS FORM: F-6)
STATION: MCALLEN
MONTH: FEBRUARY
YEAR: 2023
LATITUDE: 26 10 N
LONGITUDE: 98 14 W
TEMPERATURE IN F: :PCPN: SNOW: WIND :SUNSHINE: SKY :PK WND
================================================================================
1 2 3 4 5 6A 6B 7 8 9 10 11 12 13 14 15 16 17 18
12Z AVG MX 2MIN
DY MAX MIN AVG DEP HDD CDD WTR SNW DPTH SPD SPD DIR MIN PSBL S-S WX SPD DR
================================================================================
1 42 38 40 -25 25 0 0.02 0.0 0 10.3 18 350 M M 10 1 24 350
2 53 40 47 -18 18 0 0.01 0.0 0 9.7 18 340 M M 8 1 25 310
3 66 41 54 -11 11 0 0.00 0.0 0 8.1 18 340 M M 1 24 320
4 74 42 58 -7 7 0 0.00 0.0 0 5.7 14 130 M M 2 1 19 160
5 82 50 66 1 0 1 0.00 0.0 0 6.1 17 130 M M 0 1 23 140
6 83 60 72 6 0 7 0.00 0.0 0 16.2 31 140 M M 6 1 39 140
7 85 70 78 12 0 13 0.00 0.0 0 19.6 32 150 M M 8 47 150
8 73 57 65 -1 0 0 0.01 0.0 0 12.1 28 320 M M 5 37 320
9 76 56 66 0 0 1 0.00 0.0 0 5.1 13 90 M M 7 17 100
10 70 46 58 -8 7 0 0.00 0.0 0 13.8 29 340 M M 3 42 330
11 68 37 53 -13 12 0 0.00 0.0 0 6.6 20 330 M M 0 30 360
12 74 42 58 -9 7 0 0.00 0.0 0 7.0 17 120 M M 0 23 100
13 80 52 66 -1 0 1 0.00 0.0 0 17.9 33 150 M M 3 50 140
14 91 69 80 13 0 15 0.00 0.0 0 12.0 29 150 M M 2 18 43 140
15 91 68 80 13 0 15 0.00 0.0 0 14.2 23 120 M M 6 18 34 200
16 73 56 65 -2 0 0 0.01 0.0 0 15.9 28 340 M M 9 18 46 360
17 59 47 53 -15 12 0 0.00 0.0 0 12.0 22 350 M M 4 32 340
18 73 43 58 -10 7 0 0.00 0.0 0 6.1 17 110 M M 1 22 110
19 85 52 69 1 0 4 0.00 0.0 0 10.1 23 130 M M 2 31 130
20 90 69 80 12 0 15 T 0.0 0 14.5 24 140 M M 5 1 32 150
21 89 66 78 10 0 13 0.00 0.0 0 17.9 32 140 M M 3 44 120
22 98 71 85 16 0 20 0.00 0.0 0 11.1 29 150 M M 3 1 38 140
23 97 68 83 14 0 18 0.00 0.0 0 9.6 23 130 M M 1 18 29 140
24 92 70 81 12 0 16 0.00 0.0 0 12.8 24 130 M M 6 18 30 140
25 90 70 80 11 0 15 0.00 0.0 0 12.7 22 140 M M 7 1 38 140
26 86 73 80 11 0 15 0.00 0.0 0 17.4 28 140 M M 6 36 130
27 93 70 82 12 0 17 0.00 0.0 0 11.2 29 150 M M 1 1 40 140
28 92 73 83 13 0 18 0.00 0.0 0 13.8 22 140 M M 5 18 32 140
================================================================================
SM 2225 1596 106 204 0.05 0.0 329.5 M 114
================================================================================
AV 79.5 57.0 11.8 FASTST M M 4 MAX(MPH)
MISC ----> 33 150 50 140
================================================================================
NOTES:
# LAST OF SEVERAL OCCURRENCES
COLUMN 17 PEAK WIND IN M.P.H.
PRELIMINARY LOCAL CLIMATOLOGICAL DATA (WS FORM: F-6) , PAGE 2
STATION: MCALLEN
MONTH: FEBRUARY
YEAR: 2023
LATITUDE: 26 10 N
LONGITUDE: 98 14 W
[TEMPERATURE DATA] [PRECIPITATION DATA] SYMBOLS USED IN COLUMN 16
AVERAGE MONTHLY: 68.2 TOTAL FOR MONTH: 0.05 1 = FOG OR MIST
DPTR FM NORMAL: 1.0 DPTR FM NORMAL: -0.67 2 = FOG REDUCING VISIBILITY
HIGHEST: 98 ON 22 GRTST 24HR 0.05 ON 31- 1 TO 1/4 MILE OR LESS
LOWEST: 37 ON 11 3 = THUNDER
SNOW, ICE PELLETS, HAIL 4 = ICE PELLETS
TOTAL MONTH: 0.0 INCH 5 = HAIL
GRTST 24HR 0.0 6 = FREEZING RAIN OR DRIZZLE
GRTST DEPTH: 0 7 = DUSTSTORM OR SANDSTORM:
VSBY 1/2 MILE OR LESS
8 = SMOKE OR HAZE
[NO. OF DAYS WITH] [WEATHER - DAYS WITH] 9 = BLOWING SNOW
X = TORNADO
MAX 32 OR BELOW: 0 0.01 INCH OR MORE: 4
MAX 90 OR ABOVE: 9 0.10 INCH OR MORE: 0
MIN 32 OR BELOW: 0 0.50 INCH OR MORE: 0
MIN 0 OR BELOW: 0 1.00 INCH OR MORE: 0
[HDD (BASE 65) ]
TOTAL THIS MO. 106 CLEAR (SCALE 0-3) 13
DPTR FM NORMAL 27 PTCLDY (SCALE 4-7) 12
TOTAL FM JUL 1 469 CLOUDY (SCALE 8-10) 3
DPTR FM NORMAL 49
[CDD (BASE 65) ]
TOTAL THIS MO. 204
DPTR FM NORMAL 65 [PRESSURE DATA]
TOTAL FM JAN 1 357 HIGHEST SLP 30.59 ON 3
DPTR FM NORMAL 137 LOWEST SLP 29.58 ON 22
[REMARKS]
#FINAL-02-23#