000
CXUS54 KBRO 011143
CF6MFE
PRELIMINARY LOCAL CLIMATOLOGICAL DATA (WS FORM: F-6)
STATION: MCALLEN
MONTH: MARCH
YEAR: 2024
LATITUDE: 26 10 N
LONGITUDE: 98 14 W
TEMPERATURE IN F: :PCPN: SNOW: WIND :SUNSHINE: SKY :PK WND
================================================================================
1 2 3 4 5 6A 6B 7 8 9 10 11 12 13 14 15 16 17 18
12Z AVG MX 2MIN
DY MAX MIN AVG DEP HDD CDD WTR SNW DPTH SPD SPD DIR MIN PSBL S-S WX SPD DR
================================================================================
1 62 50 56 -14 9 0 0.00 0.0 0 6.1 13 350 M M 10 18 16 360
2 84 51 68 -2 0 3 0.00 0.0 0 5.5 18 100 M M 3 12 24 110
3 85 65 75 5 0 10 0.00 0.0 0 9.9 20 150 M M 6 1 27 150
4 84 69 77 7 0 12 0.00 0.0 0 7.3 16 140 M M 9 18 21 150
5 92 69 81 10 0 16 0.00 0.0 0 5.8 18 110 M M 4 18 23 120
6 90 69 80 9 0 15 0.00 0.0 0 11.8 23 110 M M 6 18 29 110
7 87 73 80 9 0 15 0.00 0.0 0 14.1 23 120 M M 7 18 32 150
8 89 66 78 7 0 13 0.00 0.0 0 8.5 23 340 M M 5 18 30 30
9 74 60 67 -5 0 2 0.00 0.0 0 13.8 24 340 M M 3 36 350
10 74 56 65 -7 0 0 0.00 0.0 0 7.5 16 80 M M 6 20 80
11 77 57 67 -5 0 2 0.00 0.0 0 7.8 16 90 M M 6 20 90
12 85 63 74 2 0 9 0.00 0.0 0 13.9 23 160 M M 5 31 140
13 93 70 82 10 0 17 0.00 0.0 0 14.3 24 140 M M 3 31 150
14 92 75 84 12 0 19 0.00 0.0 0 16.1 24 140 M M 6 34 150
15 89 75 82 9 0 17 0.00 0.0 0 10.6 22 130 M M 7 18 28 130
16 88 68 78 5 0 13 M 0.0 0 M 24 130 M M 5 32 110
17 84 71 78 5 0 13 0.00 0.0 0 M 18 10 M M 10 26 10
18 71 62 67 -6 0 2 T 0.0 0 11.0 22 10 M M 10 1 30 20
19 67 60 64 -10 1 0 T 0.0 0 7.1 15 30 M M 10 18 24 10
20 70 59 65 -9 0 0 T 0.0 0 3.5 8 350 M M 10 18 11 10
21 82 67 75 1 0 10 0.35 0.0 0 4.2 12 290 M M 7 1 15 350
22 94 62 78 4 0 13 0.00 0.0 0 6.8 16 60 M M 0 1 25 340
23 83 60 72 -2 0 7 0.00 0.0 0 8.6 17 100 M M 0 25 90
24 86 63 75 0 0 10 0.00 0.0 0 18.7 30 150 M M 5 42 130
25 93 72 83 8 0 18 0.00 0.0 0 11.7 24 150 M M 3 18 35 140
26 86 60 73 -2 0 8 0.00 0.0 0 9.2 22 70 M M 2 28 70
27 82 59 71 -4 0 6 0.00 0.0 0 8.3 17 80 M M 1 24 70
28 85 56 71 -4 0 6 0.00 0.0 0 9.1 22 140 M M 0 27 120
29 85 63 74 -2 0 9 0.00 0.0 0 17.7 29 130 M M 1 41 120
30 85 67 76 0 0 11 0.00 0.0 0 13.5 22 120 M M 5 28 130
31 88 70 79 3 0 14 0.00 0.0 0 14.0 24 150 M M 8 32 150
================================================================================
SM 2586 1987 10 290 0.35 0.0 296.4 M 163
================================================================================
AV 83.4 64.1 10.2 FASTST M M 5 MAX(MPH)
MISC ----> 30 150 42 130
================================================================================
NOTES:
# LAST OF SEVERAL OCCURRENCES
COLUMN 17 PEAK WIND IN M.P.H.
PRELIMINARY LOCAL CLIMATOLOGICAL DATA (WS FORM: F-6) , PAGE 2
STATION: MCALLEN
MONTH: MARCH
YEAR: 2024
LATITUDE: 26 10 N
LONGITUDE: 98 14 W
[TEMPERATURE DATA] [PRECIPITATION DATA] SYMBOLS USED IN COLUMN 16
AVERAGE MONTHLY: 73.8 TOTAL FOR MONTH: 0.35 1 = FOG OR MIST
DPTR FM NORMAL: 0.9 DPTR FM NORMAL: -1.03 2 = FOG REDUCING VISIBILITY
HIGHEST: 94 ON 22 GRTST 24HR 0.35 ON 21-21 TO 1/4 MILE OR LESS
LOWEST: 50 ON 1 3 = THUNDER
SNOW, ICE PELLETS, HAIL 4 = ICE PELLETS
TOTAL MONTH: 0.0 INCH 5 = HAIL
GRTST 24HR 0.0 6 = FREEZING RAIN OR DRIZZLE
GRTST DEPTH: 0 7 = DUSTSTORM OR SANDSTORM:
VSBY 1/2 MILE OR LESS
8 = SMOKE OR HAZE
[NO. OF DAYS WITH] [WEATHER - DAYS WITH] 9 = BLOWING SNOW
X = TORNADO
MAX 32 OR BELOW: 0 0.01 INCH OR MORE: 1
MAX 90 OR ABOVE: 6 0.10 INCH OR MORE: 1
MIN 32 OR BELOW: 0 0.50 INCH OR MORE: 0
MIN 0 OR BELOW: 0 1.00 INCH OR MORE: 0
[HDD (BASE 65) ]
TOTAL THIS MO. 10 CLEAR (SCALE 0-3) 9
DPTR FM NORMAL -18 PTCLDY (SCALE 4-7) 16
TOTAL FM JUL 1 393 CLOUDY (SCALE 8-10) 6
DPTR FM NORMAL -52
[CDD (BASE 65) ]
TOTAL THIS MO. 290
DPTR FM NORMAL 16 [PRESSURE DATA]
TOTAL FM JAN 1 486 HIGHEST SLP 30.31 ON 10
DPTR FM NORMAL -8 LOWEST SLP 29.43 ON 25
[REMARKS]
#FINAL-03-24#