000
CXUS54 KBRO 010800
CF6MFE
PRELIMINARY LOCAL CLIMATOLOGICAL DATA (WS FORM: F-6)
STATION: MCALLEN
MONTH: APRIL
YEAR: 2022
LATITUDE: 26 10 N
LONGITUDE: 98 14 W
TEMPERATURE IN F: :PCPN: SNOW: WIND :SUNSHINE: SKY :PK WND
================================================================================
1 2 3 4 5 6A 6B 7 8 9 10 11 12 13 14 15 16 17 18
12Z AVG MX 2MIN
DY MAX MIN AVG DEP HDD CDD WTR SNW DPTH SPD SPD DIR MIN PSBL S-S WX SPD DR
================================================================================
1 87 63 75 -1 0 10 0.00 0.0 0 10.5 21 120 M M 6 29 130
2 91 68 80 4 0 15 0.00 0.0 0 6.8 17 80 M M 7 8 21 90
3 90 65 78 2 0 13 0.00 0.0 0 7.1 20 110 M M 5 18 26 100
4 89 72 81 4 0 16 0.00 0.0 0 15.4 24 120 M M 9 18 33 140
5 96 74 85 8 0 20 0.00 0.0 0 7.9 17 150 M M 4 18 23 140
6 109 68 89 12 0 24 0.00 0.0 0 9.3 32 350 M M 1 18 42 350
7 85 59 72 -5 0 7 0.00 0.0 0 9.3 20 10 M M 0 26 20
8 84 53 69 -8 0 4 0.00 0.0 0 7.0 18 140 M M 0 24 150
9 87 57 72 -6 0 7 0.00 0.0 0 16.4 31 130 M M 0 8 41 130
10 91 69 80 2 0 15 0.00 0.0 0 22.8 35 140 M M 3 8 45 150
11 100 73 87 9 0 22 0.00 0.0 0 15.0 25 160 M M 7 8 38 160
12 94 73 84 6 0 19 0.03 0.0 0 15.9 29 150 M M 8 138 39 140
13 107 74 91 13 0 26 0.00 0.0 0 14.2 26 150 M M 4 18 34 150
14 89 72 81 3 0 16 0.00 0.0 0 10.7 21 80 M M 10 18 30 60
15 92 73 83 5 0 18 0.00 0.0 0 12.1 22 140 M M 7 18 30 120
16 92 75 84 6 0 19 0.00 0.0 0 12.7 21 140 M M 7 8 27 140
17 92 73 83 4 0 18 0.00 0.0 0 12.5 22 130 M M 5 8 37 140
18 91 73 82 3 0 17 0.00 0.0 0 10.0 21 80 M M 7 1 27 90
19 89 74 82 3 0 17 T 0.0 0 16.0 28 130 M M 8 36 140
20 85 74 80 1 0 15 0.03 0.0 0 16.3 30 140 M M 6 1 42 140
21 87 75 81 2 0 16 0.00 0.0 0 15.7 24 140 M M 9 18 33 130
22 91 73 82 3 0 17 0.00 0.0 0 18.7 30 140 M M 8 8 41 130
23 90 75 83 3 0 18 0.00 0.0 0 20.8 31 140 M M 9 40 130
24 92 75 84 4 0 19 0.00 0.0 0 21.9 30 140 M M 6 43 130
25 93 75 84 4 0 19 0.04 0.0 0 14.9 29 140 M M 6 3 40 90
26 77 69 73 -7 0 8 0.60 0.0 0 10.1 23 360 M M 7 13 32 360
27 86 69 78 -2 0 13 0.09 0.0 0 9.2 25 130 M M 6 1 33 130
28 89 71 80 0 0 15 0.01 0.0 0 14.5 25 130 M M 7 36 150
29 90 71 81 1 0 16 0.00 0.0 0 16.1 26 120 M M 8 36 140
30 91 74 83 2 0 18 0.00 0.0 0 14.0 21 120 M M 7 18 27 120
================================================================================
SM 2726 2109 0 477 0.80 0.0 403.8 M 177
================================================================================
AV 90.9 70.3 13.5 FASTST M M 6 MAX(MPH)
MISC ----> 35 140 45 150
================================================================================
NOTES:
# LAST OF SEVERAL OCCURRENCES
COLUMN 17 PEAK WIND IN M.P.H.
PRELIMINARY LOCAL CLIMATOLOGICAL DATA (WS FORM: F-6) , PAGE 2
STATION: MCALLEN
MONTH: APRIL
YEAR: 2022
LATITUDE: 26 10 N
LONGITUDE: 98 14 W
[TEMPERATURE DATA] [PRECIPITATION DATA] SYMBOLS USED IN COLUMN 16
AVERAGE MONTHLY: 80.6 TOTAL FOR MONTH: 0.80 1 = FOG OR MIST
DPTR FM NORMAL: 2.2 DPTR FM NORMAL: -0.63 2 = FOG REDUCING VISIBILITY
HIGHEST: 109 ON 6 GRTST 24HR 0.64 ON 25-26 TO 1/4 MILE OR LESS
LOWEST: 53 ON 8 3 = THUNDER
SNOW, ICE PELLETS, HAIL 4 = ICE PELLETS
TOTAL MONTH: 0.0 INCH 5 = HAIL
GRTST 24HR 0.0 6 = FREEZING RAIN OR DRIZZLE
GRTST DEPTH: 0 7 = DUSTSTORM OR SANDSTORM:
VSBY 1/2 MILE OR LESS
8 = SMOKE OR HAZE
[NO. OF DAYS WITH] [WEATHER - DAYS WITH] 9 = BLOWING SNOW
X = TORNADO
MAX 32 OR BELOW: 0 0.01 INCH OR MORE: 6
MAX 90 OR ABOVE: 18 0.10 INCH OR MORE: 1
MIN 32 OR BELOW: 0 0.50 INCH OR MORE: 1
MIN 0 OR BELOW: 0 1.00 INCH OR MORE: 0
[HDD (BASE 65) ]
TOTAL THIS MO. 0 CLEAR (SCALE 0-3) 5
DPTR FM NORMAL -5 PTCLDY (SCALE 4-7) 21
TOTAL FM JUL 1 579 CLOUDY (SCALE 8-10) 4
DPTR FM NORMAL 131
[CDD (BASE 65) ]
TOTAL THIS MO. 477
DPTR FM NORMAL 71 [PRESSURE DATA]
TOTAL FM JAN 1 755 HIGHEST SLP M ON M
DPTR FM NORMAL -145 LOWEST SLP 29.52 ON 5
[REMARKS]
#FINAL-04-22#