909
CXUS54 KBMX 011110
CF6MGM
PRELIMINARY LOCAL CLIMATOLOGICAL DATA (WS FORM: F-6)
STATION: MONTGOMERY
MONTH: JUNE
YEAR: 2020
LATITUDE: 32 17 N
LONGITUDE: 86 24 W
TEMPERATURE IN F: :PCPN: SNOW: WIND :SUNSHINE: SKY :PK WND
================================================================================
1 2 3 4 5 6A 6B 7 8 9 10 11 12 13 14 15 16 17 18
12Z AVG MX 2MIN
DY MAX MIN AVG DEP HDD CDD WTR SNW DPTH SPD SPD DIR MIN PSBL S-S WX SPD DR
================================================================================
1 90 65 78 2 0 13 0.00 0.0 0 7.7 17 80 M M 2 22 100
2 89 68 79 2 0 14 0.00 0.0 0 6.3 12 170 M M 3 16 130
3 89 69 79 2 0 14 0.00 0.0 0 3.5 12 240 M M 1 3 14 230
4 91 70 81 4 0 16 0.00 0.0 0 4.5 9 170 M M 2 13 170
5 93 71 82 5 0 17 0.18 0.0 0 6.2 26 10 M M 3 13 36 10
6 87 71 79 2 0 14 0.27 0.0 0 7.0 24 120 M M 3 1 30 90
7 88 74 81 3 0 16 T 0.0 0 14.5 22 90 M M 7 28 90
8 90 76 83 5 0 18 1.34 0.0 0 11.3 24 150 M M 5 18 36 140
9 92 75 84 6 0 19 0.77 0.0 0 7.4 25 210 M M 5 13 32 180
10 89 74 82 4 0 17 1.06 0.0 0 7.2 23 220 M M 4 138 32 220
11 87 66 77 -1 0 12 0.00 0.0 0 6.5 14 10 M M 2 18 10
12 90 67 79 1 0 14 0.00 0.0 0 8.3 15 360 M M 1 19 350
13 91 69 80 1 0 15 0.00 0.0 0 5.4 15 30 M M 0 23 30
14 90 67 79 0 0 14 0.00 0.0 0 5.3 16 70 M M 1 19 60
15 90 66 78 -1 0 13 0.05 0.0 0 5.0 23 20 M M 1 31 50
16 85 65 75 -4 0 10 0.00 0.0 0 8.1 18 70 M M 2 23 60
17 84 61 73 -6 0 8 0.00 0.0 0 4.2 9 340 M M 4 11 340
18 89 67 78 -2 0 13 0.00 0.0 0 2.3 15 290 M M 6 18 290
19 92 66 79 -1 0 14 0.00 0.0 0 2.7 9 270 M M 0 1 11 320
20 94 68 81 1 0 16 0.00 0.0 0 3.3 9 200 M M 0 1 13 220
21 93 70 82 2 0 17 0.00 0.0 0 5.1 14 230 M M 0 1 19 250
22 89 71 80 0 0 15 0.20 0.0 0 5.2 17 210 M M 3 138 24 200
23 91 72 82 2 0 17 0.50 0.0 0 7.5 24 320 M M 4 13 29 310
24 84 71 78 -2 0 13 1.14 0.0 0 4.5 13 160 M M 5 123 17 150
25 86 71 79 -1 0 14 0.15 0.0 0 3.7 25 270 M M 3 138 32 280
26 86 70 78 -2 0 13 0.00 0.0 0 3.5 12 180 M M 0 14 180
27 90 72 81 0 0 16 0.00 0.0 0 3.5 13 250 M M 1 3 16 250
28 94 74 84 3 0 19 0.03 0.0 0 4.3 26 190 M M 4 13 35 190
29 94 74 84 3 0 19 0.13 0.0 0 3.3 16 240 M M 3 1 19 230
30 93 74 84 3 0 19 T 0.0 0 3.2 21 330 M M 2 3 29 330
================================================================================
SM 2690 2094 0 449 5.82 0.0 170.5 M 77
================================================================================
AV 89.7 69.8 5.7 FASTST M M 3 MAX(MPH)
MISC ----> # 26 10 # 36 10
================================================================================
NOTES:
# LAST OF SEVERAL OCCURRENCES
COLUMN 17 PEAK WIND IN M.P.H.
PRELIMINARY LOCAL CLIMATOLOGICAL DATA (WS FORM: F-6) , PAGE 2
STATION: MONTGOMERY
MONTH: JUNE
YEAR: 2020
LATITUDE: 32 17 N
LONGITUDE: 86 24 W
[TEMPERATURE DATA] [PRECIPITATION DATA] SYMBOLS USED IN COLUMN 16
AVERAGE MONTHLY: 79.7 TOTAL FOR MONTH: 5.82 1 = FOG OR MIST
DPTR FM NORMAL: 0.7 DPTR FM NORMAL: 1.75 2 = FOG REDUCING VISIBILITY
HIGHEST: 94 ON 29,28 GRTST 24HR 1.34 ON 8- 8 TO 1/4 MILE OR LESS
LOWEST: 61 ON 17 3 = THUNDER
SNOW, ICE PELLETS, HAIL 4 = ICE PELLETS
TOTAL MONTH: 0.0 INCH 5 = HAIL
GRTST 24HR 0.0 6 = FREEZING RAIN OR DRIZZLE
GRTST DEPTH: 0 7 = DUSTSTORM OR SANDSTORM:
VSBY 1/2 MILE OR LESS
8 = SMOKE OR HAZE
[NO. OF DAYS WITH] [WEATHER - DAYS WITH] 9 = BLOWING SNOW
X = TORNADO
MAX 32 OR BELOW: 0 0.01 INCH OR MORE: 12
MAX 90 OR ABOVE: 17 0.10 INCH OR MORE: 10
MIN 32 OR BELOW: 0 0.50 INCH OR MORE: 5
MIN 0 OR BELOW: 0 1.00 INCH OR MORE: 3
[HDD (BASE 65) ]
TOTAL THIS MO. 0 CLEAR (SCALE 0-3) 21
DPTR FM NORMAL 0 PTCLDY (SCALE 4-7) 9
TOTAL FM JUL 1 1531 CLOUDY (SCALE 8-10) 0
DPTR FM NORMAL -705
[CDD (BASE 65) ]
TOTAL THIS MO. 449
DPTR FM NORMAL 30 [PRESSURE DATA]
TOTAL FM JAN 1 948 HIGHEST SLP 30.22 ON 26
DPTR FM NORMAL 190 LOWEST SLP 29.78 ON 8
[REMARKS]
#FINAL-06-20#