000
CXUS54 KBMX 011010
CF6MGM
PRELIMINARY LOCAL CLIMATOLOGICAL DATA (WS FORM: F-6)
STATION: MONTGOMERY
MONTH: AUGUST
YEAR: 2023
LATITUDE: 32 17 N
LONGITUDE: 86 24 W
TEMPERATURE IN F: :PCPN: SNOW: WIND :SUNSHINE: SKY :PK WND
================================================================================
1 2 3 4 5 6A 6B 7 8 9 10 11 12 13 14 15 16 17 18
12Z AVG MX 2MIN
DY MAX MIN AVG DEP HDD CDD WTR SNW DPTH SPD SPD DIR MIN PSBL S-S WX SPD DR
================================================================================
1 97 73 85 2 0 20 0.00 0.0 0 3.5 13 40 M M 0 17 310
2 96 72 84 1 0 19 0.00 0.0 0 3.8 10 80 M M 1 13 70
3 97 75 86 3 0 21 0.08 0.0 0 3.6 26 360 M M 1 3 39 360
4 96 75 86 3 0 21 1.84 0.0 0 4.9 20 130 M M 3 123 25 140
5 96 74 85 2 0 20 0.04 0.0 0 3.3 17 270 M M 4 1 23 260
6 99 76 88 5 0 23 0.00 0.0 0 6.0 28 320 M M 1 3 39 330
7 98 76 87 4 0 22 0.00 0.0 0 6.9 20 220 M M 1 26 220
8 94 75 85 2 0 20 0.23 0.0 0 2.7 31 330 M M 3 13 46 340
9 96 73 85 2 0 20 0.00 0.0 0 4.4 20 190 M M 3 3 29 180
10 93 75 84 1 0 19 0.06 0.0 0 5.6 24 350 M M 3 38 350
11 96 75 86 3 0 21 0.89 0.0 0 8.1 33 80 M M 3 13 43 80
12 99 74 87 4 0 22 0.00 0.0 0 4.7 21 100 M M 1 3 27 90
13 97 75 86 3 0 21 0.33 0.0 0 3.1 30 320 M M 1 3 42 320
14 99 76 88 5 0 23 T 0.0 0 5.2 20 100 M M 2 3 24 110
15 98 75 87 4 0 22 0.00 0.0 0 5.3 16 290 M M 3 3 23 300
16 91 69 80 -3 0 15 0.00 0.0 0 2.9 9 40 M M 1 13 330
17 93 66 80 -3 0 15 0.00 0.0 0 2.6 13 300 M M 0 1 22 270
18 94 68 81 -1 0 16 0.00 0.0 0 3.2 10 50 M M 0 14 30
19 94 72 83 1 0 18 0.00 0.0 0 3.2 12 120 M M 1 16 50
20 96 73 85 3 0 20 0.00 0.0 0 5.0 15 110 M M 0 19 80
21 95 75 85 3 0 20 0.00 0.0 0 3.9 12 110 M M 1 15 100
22 99 75 87 5 0 22 0.00 0.0 0 3.7 12 40 M M 1 16 40
23 98 78 88 6 0 23 0.00 0.0 0 5.8 13 80 M M 1 8 16 120
24 96 77 87 5 0 22 0.00 0.0 0 5.4 10 110 M M 0 18 15 140
25 101 74 88 6 0 23 0.00 0.0 0 3.4 12 280 M M 1 138 16 270
26 102 73 88 6 0 23 0.00 0.0 0 4.0 15 40 M M 1 13 21 50
27 102 73 88 6 0 23 0.00 0.0 0 2.7 15 330 M M 1 1 19 320
28 94 75 85 3 0 20 T 0.0 0 3.9 24 310 M M 2 138 32 310
29 96 73 85 4 0 20 T 0.0 0 4.3 24 160 M M 2 3 35 180
30 92 75 84 3 0 19 0.00 0.0 0 7.5 16 360 M M 5 22 10
31 94 73 84 3 0 19 0.00 0.0 0 4.7 10 350 M M 4 15 350
================================================================================
SM 2988 2288 0 632 3.47 0.0 137.3 M 51
================================================================================
AV 96.4 73.8 4.4 FASTST M M 2 MAX(MPH)
MISC ----> 33 80 46 340
================================================================================
NOTES:
# LAST OF SEVERAL OCCURRENCES
COLUMN 17 PEAK WIND IN M.P.H.
PRELIMINARY LOCAL CLIMATOLOGICAL DATA (WS FORM: F-6) , PAGE 2
STATION: MONTGOMERY
MONTH: AUGUST
YEAR: 2023
LATITUDE: 32 17 N
LONGITUDE: 86 24 W
[TEMPERATURE DATA] [PRECIPITATION DATA] SYMBOLS USED IN COLUMN 16
AVERAGE MONTHLY: 85.1 TOTAL FOR MONTH: 3.47 1 = FOG OR MIST
DPTR FM NORMAL: 2.6 DPTR FM NORMAL: -0.55 2 = FOG REDUCING VISIBILITY
HIGHEST: 102 ON 27,26 GRTST 24HR 1.91 ON 3- 4 TO 1/4 MILE OR LESS
LOWEST: 66 ON 17 3 = THUNDER
SNOW, ICE PELLETS, HAIL 4 = ICE PELLETS
TOTAL MONTH: 0.0 INCH 5 = HAIL
GRTST 24HR 0.0 6 = FREEZING RAIN OR DRIZZLE
GRTST DEPTH: 0 7 = DUSTSTORM OR SANDSTORM:
VSBY 1/2 MILE OR LESS
8 = SMOKE OR HAZE
[NO. OF DAYS WITH] [WEATHER - DAYS WITH] 9 = BLOWING SNOW
X = TORNADO
MAX 32 OR BELOW: 0 0.01 INCH OR MORE: 7
MAX 90 OR ABOVE: 31 0.10 INCH OR MORE: 4
MIN 32 OR BELOW: 0 0.50 INCH OR MORE: 2
MIN 0 OR BELOW: 0 1.00 INCH OR MORE: 1
[HDD (BASE 65) ]
TOTAL THIS MO. 0 CLEAR (SCALE 0-3) 26
DPTR FM NORMAL 0 PTCLDY (SCALE 4-7) 5
TOTAL FM JUL 1 0 CLOUDY (SCALE 8-10) 0
DPTR FM NORMAL 0
[CDD (BASE 65) ]
TOTAL THIS MO. 632
DPTR FM NORMAL 90 [PRESSURE DATA]
TOTAL FM JAN 1 2189 HIGHEST SLP 30.15 ON 21
DPTR FM NORMAL 210 LOWEST SLP 29.67 ON 30
[REMARKS]
#FINAL-08-23#