000
CXUS53 KTOP 010810
CF6MHK
PRELIMINARY LOCAL CLIMATOLOGICAL DATA (WS FORM: F-6)
STATION: MANHATTAN KS
MONTH: AUGUST
YEAR: 2021
LATITUDE: 39 9 N
LONGITUDE: 96 40 W
TEMPERATURE IN F: :PCPN: SNOW: WIND :SUNSHINE: SKY :PK WND
================================================================================
1 2 3 4 5 6A 6B 7 8 9 10 11 12 13 14 15 16 17 18
12Z AVG MX 2MIN
DY MAX MIN AVG DEP HDD CDD WTR SNW DPTH SPD SPD DIR MIN PSBL S-S WX SPD DR
================================================================================
1 84 59 72 -8 0 7 0.00 M M 4.9 16 20 M M 0 18 24 30
2 83 54 69 -11 0 4 0.00 M M 2.0 10 80 M M 1 18 15 80
3 84 56 70 -10 0 5 0.00 M M 3.1 13 80 M M 1 18 16 70
4 90 63 77 -3 0 12 0.00 M M 5.6 15 160 M M 2 8 21 180
5 94 70 82 3 0 17 0.00 M M 8.6 21 130 M M 0 8 29 120
6 97 66 82 3 0 17 0.00 M M 8.7 17 220 M M 0 23 200
7 100 69 85 6 0 20 0.08 M M 11.7 32 270 M M 1 13 46 280
8 90 67 79 0 0 14 M M M 6.7 17 220 M M 3 13 25 220
9 98 70 84 5 0 19 0.00 M M 6.1 13 170 M M 0 1 21 180
10 93 75 84 5 0 19 M M M 10.1 23 180 M M 1 3 33 170
11 100 79 90 11 0 25 0.00 M M 10.6 21 210 M M 0 29 220
12 100 76 88 10 0 23 0.00 M M 7.6 15 60 M M 2 3 22 170
13 84 69 77 -1 0 12 0.19 M M 7.6 26 100 M M 4 13 37 80
14 88 63 76 -2 0 11 0.00 M M 3.6 12 100 M M 1 17 90
15 91 64 78 0 0 13 0.00 M M 4.1 14 110 M M 2 21 150
16 94 66 80 2 0 15 0.00 M M 4.8 15 130 M M 3 22 170
17 95 64 80 2 0 15 0.00 M M 5.2 17 160 M M 2 1 23 170
18 92 67 80 3 0 15 0.00 M M 6.8 16 180 M M 1 1 25 170
19 92 73 83 6 0 18 T M M 7.4 20 150 M M 5 27 160
20 100 71 86 9 0 21 0.36 M M 7.6 28 260 M M 4 13 46 270
21 84 65 75 -2 0 10 0.00 M M 4.5 14 30 M M 0 20 10
22 95 63 79 3 0 14 0.00 M M 8.2 18 180 M M 2 26 150
23 103 71 87 11 0 22 0.00 M M 9.9 20 200 M M 0 30 180
24 103 80 92 16 0 27 0.00 M M 12.7 22 180 M M 1 31 200
25 96 79 88 12 0 23 0.00 M M 10.2 18 70 M M 1 27 190
26 103 75 89 13 0 24 0.00 M M 8.2 20 220 M M 0 25 240
27 100 78 89 14 0 24 0.00 M M 13.2 24 210 M M 0 36 170
28 97 76 87 12 0 22 0.00 M M 12.7 22 170 M M 1 30 180
29 81 68 75 0 0 10 T M M 7.0 25 30 M M 2 37 20
30 95 65 80 6 0 15 0.00 M M 2.6 14 70 M M 2 1 17 70
31 94 66 80 6 0 15 0.28 M M 9.6 31 40 M M 1 13 46 50
================================================================================
SM 2900 2127 0 508 0.91 M 231.6 M 43
================================================================================
AV 93.5 68.6 7.5 FASTST M M 1 MAX(MPH)
MISC ----> 32 270 # 46 280
================================================================================
NOTES:
# LAST OF SEVERAL OCCURRENCES
COLUMN 17 PEAK WIND IN M.P.H.
PRELIMINARY LOCAL CLIMATOLOGICAL DATA (WS FORM: F-6) , PAGE 2
STATION: MANHATTAN KS
MONTH: AUGUST
YEAR: 2021
LATITUDE: 39 9 N
LONGITUDE: 96 40 W
[TEMPERATURE DATA] [PRECIPITATION DATA] SYMBOLS USED IN COLUMN 16
AVERAGE MONTHLY: 81.1 TOTAL FOR MONTH: 0.91 1 = FOG OR MIST
DPTR FM NORMAL: 3.7 DPTR FM NORMAL: -3.73 2 = FOG REDUCING VISIBILITY
HIGHEST: 103 ON 26,24 GRTST 24HR 0.36 ON 20-20 TO 1/4 MILE OR LESS
LOWEST: 54 ON 2 3 = THUNDER
SNOW, ICE PELLETS, HAIL 4 = ICE PELLETS
TOTAL MONTH: M 5 = HAIL
GRTST 24HR M ON M 6 = FREEZING RAIN OR DRIZZLE
GRTST DEPTH: M ON M 7 = DUSTSTORM OR SANDSTORM:
VSBY 1/2 MILE OR LESS
8 = SMOKE OR HAZE
[NO. OF DAYS WITH] [WEATHER - DAYS WITH] 9 = BLOWING SNOW
X = TORNADO
MAX 32 OR BELOW: 0 0.01 INCH OR MORE: 4
MAX 90 OR ABOVE: 24 0.10 INCH OR MORE: 3
MIN 32 OR BELOW: 0 0.50 INCH OR MORE: 0
MIN 0 OR BELOW: 0 1.00 INCH OR MORE: 0
[HDD (BASE 65) ]
TOTAL THIS MO. 0 CLEAR (SCALE 0-3) 28
DPTR FM NORMAL -2 PTCLDY (SCALE 4-7) 3
TOTAL FM JUL 1 0 CLOUDY (SCALE 8-10) 0
DPTR FM NORMAL 0
[CDD (BASE 65) ]
TOTAL THIS MO. 508
DPTR FM NORMAL 120 [PRESSURE DATA]
TOTAL FM JAN 1 1438 HIGHEST SLP M ON M
DPTR FM NORMAL 154 LOWEST SLP 29.59 ON 20
[REMARKS]
#FINAL-08-21#