000
CXUS52 KMFL 011030
CF6MIA
PRELIMINARY LOCAL CLIMATOLOGICAL DATA (WS FORM: F-6)
STATION: MIAMI
MONTH: JUNE
YEAR: 2022
LATITUDE: 25 49 N
LONGITUDE: 80 17 W
TEMPERATURE IN F: :PCPN: SNOW: WIND :SUNSHINE: SKY :PK WND
================================================================================
1 2 3 4 5 6A 6B 7 8 9 10 11 12 13 14 15 16 17 18
12Z AVG MX 2MIN
DY MAX MIN AVG DEP HDD CDD WTR SNW DPTH SPD SPD DIR MIN PSBL S-S WX SPD DR
================================================================================
1 92 68 80 -2 0 15 2.32 0.0 0 5.2 25 340 M M 6 13 34 330
2 88 74 81 -1 0 16 0.27 0.0 0 4.9 23 200 M M 7 13 30 190
3 78 71 75 -7 0 10 3.39 0.0 0 7.7 18 120 M M 10 1 31 170
4 86 72 79 -3 0 14 5.26 0.0 0 10.1 22 200 M M 9 123 30 200
5 89 73 81 -1 0 16 0.00 0.0 0 6.6 13 140 M M 4 20 160
6 87 76 82 0 0 17 0.02 0.0 M 5.4 15 180 M M 6 3 23 190
7 87 75 81 -1 0 16 0.08 0.0 M 6.8 20 200 M M 9 3 27 190
8 88 73 81 -1 0 16 0.11 0.0 0 5.7 15 350 M M 7 3 25 350
9 91 73 82 0 0 17 0.25 0.0 0 2.8 20 140 M M 8 3 27 130
10 89 75 82 0 0 17 0.05 M M 5.9 17 180 M M 7 3 22 190
11 87 73 80 -3 0 15 0.03 0.0 0 3.0 14 180 M M 6 3 24 180
12 92 74 83 0 0 18 0.88 0.0 0 4.3 15 110 M M 6 13 21 180
13 91 77 84 1 0 19 T 0.0 0 4.5 15 100 M M 4 3 22 100
14 90 79 85 2 0 20 0.05 0.0 0 6.6 15 110 M M 4 13 21 130
15 90 79 85 2 0 20 0.00 0.0 0 6.8 16 100 M M 5 X 22 130
16 91 80 86 3 0 21 0.00 0.0 0 7.8 17 90 M M 6 25 120
17 90 74 82 -1 0 17 0.11 0.0 0 6.9 17 60 M M 4 13 24 80
18 90 77 84 1 0 19 0.00 0.0 0 4.5 15 120 M M 4 3 21 100
19 92 76 84 1 0 19 1.91 0.0 0 3.4 20 100 M M 7 13 24 110
20 89 76 83 0 0 18 0.01 0.0 0 3.6 14 90 M M 7 3 17 130
21 88 77 83 0 0 18 0.21 0.0 M 8.0 21 20 M M 6 18 28 50
22 86 75 81 -2 0 16 0.02 0.0 M 9.6 22 70 M M 7 26 90
23 89 76 83 0 0 18 0.00 0.0 0 5.3 14 130 M M 4 17 120
24 91 78 85 2 0 20 0.00 0.0 0 6.5 16 120 M M 5 3 21 140
25 91 76 84 1 0 19 0.64 0.0 0 3.7 17 190 M M 8 13 24 190
26 90 78 84 0 0 19 0.00 0.0 0 4.4 16 120 M M 8 3 24 150
27 90 77 84 0 0 19 0.00 M M 6.6 17 110 M M 5 3 22 120
28 90 80 85 1 0 20 0.00 M M 8.3 17 100 M M 5 22 120
29 91 78 85 1 0 20 T 0.0 0 5.1 15 250 M M 5 3 21 230
30 91 80 86 2 0 21 0.00 0.0 0 8.9 18 110 M M 5 3 25 140
================================================================================
SM 2674 2270 0 530 15.61 0.0 178.9 M 184
================================================================================
AV 89.1 75.7 6.0 FASTST M M 6 MAX(MPH)
MISC ----> 25 340 34 330
================================================================================
NOTES:
# LAST OF SEVERAL OCCURRENCES
COLUMN 17 PEAK WIND IN M.P.H.
PRELIMINARY LOCAL CLIMATOLOGICAL DATA (WS FORM: F-6) , PAGE 2
STATION: MIAMI
MONTH: JUNE
YEAR: 2022
LATITUDE: 25 49 N
LONGITUDE: 80 17 W
[TEMPERATURE DATA] [PRECIPITATION DATA] SYMBOLS USED IN COLUMN 16
AVERAGE MONTHLY: 82.4 TOTAL FOR MONTH: 15.61 1 = FOG OR MIST
DPTR FM NORMAL: -0.4 DPTR FM NORMAL: 5.10 2 = FOG REDUCING VISIBILITY
HIGHEST: 92 ON 19,12 GRTST 24HR 7.77 ON 3- 4 TO 1/4 MILE OR LESS
LOWEST: 68 ON 1 3 = THUNDER
SNOW, ICE PELLETS, HAIL 4 = ICE PELLETS
TOTAL MONTH: 0.0 INCH 5 = HAIL
GRTST 24HR 0.0 6 = FREEZING RAIN OR DRIZZLE
GRTST DEPTH: 0 7 = DUSTSTORM OR SANDSTORM:
VSBY 1/2 MILE OR LESS
8 = SMOKE OR HAZE
[NO. OF DAYS WITH] [WEATHER - DAYS WITH] 9 = BLOWING SNOW
X = TORNADO
MAX 32 OR BELOW: 0 0.01 INCH OR MORE: 18
MAX 90 OR ABOVE: 17 0.10 INCH OR MORE: 11
MIN 32 OR BELOW: 0 0.50 INCH OR MORE: 6
MIN 0 OR BELOW: 0 1.00 INCH OR MORE: 4
[HDD (BASE 65) ]
TOTAL THIS MO. 0 CLEAR (SCALE 0-3) 0
DPTR FM NORMAL 0 PTCLDY (SCALE 4-7) 27
TOTAL FM JUL 1 54 CLOUDY (SCALE 8-10) 3
DPTR FM NORMAL -49
[CDD (BASE 65) ]
TOTAL THIS MO. 530
DPTR FM NORMAL -4 [PRESSURE DATA]
TOTAL FM JAN 1 2237 HIGHEST SLP 30.17 ON 29
DPTR FM NORMAL 287 LOWEST SLP 29.59 ON 4
[REMARKS]
#FINAL-06-22#