000
CXUS52 KMFL 011328
CLMMIA
CLIMATE REPORT
NATIONAL WEATHER SERVICE MIAMI, FL
828 AM EST FRI MAR 01 2024
...................................
...THE MIAMI CLIMATE SUMMARY FOR THE MONTH OF FEBRUARY 2024...
CLIMATE NORMAL PERIOD: 1991 TO 2020
CLIMATE RECORD PERIOD: 1895 TO 2024
WEATHER OBSERVED NORMAL DEPART LAST YEAR`S
VALUE DATE(S) VALUE FROM VALUE
NORMAL
..............................................................
TEMPERATURE (F)
RECORD
HIGH 89 02/24/2008
02/23/2008
02/25/1994
LOW 27 02/03/1917
HIGHEST 85 02/12 88
LOWEST 54 02/20 57
02/25
AVG. MAXIMUM 77.0 78.2 -1.2 83.0
AVG. MINIMUM 61.0 63.2 -2.2 68.8
MEAN 69.0 70.7 -1.7 75.9
DAYS MAX >= 90 0 0
DAYS MAX <= 32 0 0
DAYS MIN <= 32 0 0
DAYS MIN <= 0 0 0
PRECIPITATION (INCHES)
RECORD
MAXIMUM 8.07 1983
MINIMUM 0.00 1911
TOTALS 3.03 2.15 0.88 5.72
DAILY AVG. 0.10 NAN NAN
DAYS >= .01 7 4
DAYS >= .10 5 4
DAYS >= .50 2 3
DAYS >= 1.00 1 1
GREATEST
24 HR. TOTAL 1.99 02/18 TO 02/19 4.43
DEGREE DAYS
HEATING TOTAL 6 22 -16 0
SINCE 7/1 25 97 -72 MM
COOLING TOTAL 129 182 -53 312
SINCE 1/1 329 338 -9 MM
..............................................................
WIND (MPH)
AVERAGE WIND SPEED 7.2
HIGHEST WIND SPEED/DIRECTION 25/270 DATE 02/04
HIGHEST GUST SPEED/DIRECTION 38/330 DATE 02/18
SKY COVER
POSSIBLE SUNSHINE (PERCENT) MM
AVERAGE SKY COVER 0.50
NUMBER OF DAYS FAIR 11
NUMBER OF DAYS PC 13
NUMBER OF DAYS CLOUDY 5
AVERAGE RH (PERCENT) 68
WEATHER CONDITIONS. NUMBER OF DAYS WITH
THUNDERSTORM 2 MIXED PRECIP 0
HEAVY RAIN 3 RAIN 5
LIGHT RAIN 9 FREEZING RAIN 0
LT FREEZING RAIN 0 HAIL 0
HEAVY SNOW 0 SNOW 0
LIGHT SNOW 0 SLEET 0
FOG 7 FOG W/VIS <= 1/4 MILE 0
HAZE 0
- INDICATES NEGATIVE NUMBERS.
R INDICATES RECORD WAS SET OR TIED.
MM INDICATES DATA IS MISSING.
T INDICATES TRACE AMOUNT.
$$