000
CXUS53 KMKX 141456 CCA
CLMMKE
CLIMATE REPORT
NATIONAL WEATHER SERVICE MILWAUKEE/SULLIVAN WI
1020 AM CST FRI DEC 01 2023
...................................
...THE MILWAUKEE WI CLIMATE SUMMARY FOR THE MONTH OF NOVEMBER 2023...
CLIMATE NORMAL PERIOD 1991 TO 2020
CLIMATE RECORD PERIOD 1871 TO 2023
WEATHER OBSERVED NORMAL DEPART LAST YEAR`S
VALUE DATE(S) VALUE FROM VALUE DATE(S)
NORMAL
................................................................
TEMPERATURE (F)
RECORD
HIGH 77 11/01/2016
11/01/1950
11/01/1944
LOW -14 11/29/1875
HIGHEST 70 11/06 64 6 77 11/10
LOWEST 15 11/28 13 2 13 11/20
AVG. MAXIMUM 50.4 47.8 2.6 51.3
AVG. MINIMUM 34.1 33.1 1.0 34.8
MEAN 42.2 40.4 1.8 43.0
DAYS MAX >= 90 0 0.0 0.0 0
DAYS MAX <= 32 2 2.5 -0.5 3
DAYS MIN <= 32 13 14.5 -1.5 13
DAYS MIN <= 0 0 0.0 0.0 0
PRECIPITATION (INCHES)
RECORD
MAXIMUM 8.56 1934
MINIMUM 0.11 1904
TOTALS 1.75 2.24 -0.49 1.26
DAILY AVG. 0.06 0.07 -0.01 0.04
DAYS >= .01 6 10.2 -4.2 10
DAYS >= .10 4 5.1 -1.1 3
DAYS >= .50 2 1.2 0.8 0
DAYS >= 1.00 0 0.4 -0.4 0
GREATEST
24 HR. TOTAL 0.84 11/08 TO 11/08 0.63 11/04 TO 11/05
SNOWFALL (INCHES)
RECORDS
TOTAL 18.4 1895
TOTALS 1.1 2.5 -1.4 2.1
SINCE 7/1 4.4 2.8 1.6 2.1
SNOWDEPTH AVG. 0 0
DAYS >= 1.0 1 0.7 0.3 0
GREATEST
SNOW DEPTH 2 11/01 1 11/20
24 HR TOTAL 1.1 11/26 TO 11/26 0.7 11/15 TO 11/15
DEGREE DAYS
HEATING TOTAL 674 737 -63 656
SINCE 7/1 1035 1227 -192 1124
COOLING TOTAL 0 0 0 4
SINCE 1/1 875 780 95 944
................................................................
WIND (MPH)
AVERAGE WIND SPEED 9.8
HIGHEST WIND SPEED/DIRECTION 28/120 DATE 11/08
HIGHEST GUST SPEED/DIRECTION 38/230 DATE 11/06
SKY COVER
AVERAGE SKY COVER 0.54
NUMBER OF DAYS FAIR 7
NUMBER OF DAYS PC 15
NUMBER OF DAYS CLOUDY 8
AVERAGE RH (PERCENT) 60
WEATHER CONDITIONS. NUMBER OF DAYS WITH
THUNDERSTORM 1 MIXED PRECIP 0
HEAVY RAIN 1 RAIN 5
LIGHT RAIN 5 FREEZING RAIN 0
LT FREEZING RAIN 0 HAIL 0
HEAVY SNOW 0 SNOW 2
LIGHT SNOW 2 SLEET 0
FOG 5 FOG W/VIS <= 1/4 MILE 0
HAZE 5
- INDICATES NEGATIVE NUMBERS.
R INDICATES RECORD WAS SET OR TIED.
MM INDICATES DATA IS MISSING.
T INDICATES TRACE AMOUNT.
$$