000
CXUS53 KGRR 011017
CF6MKG
PRELIMINARY LOCAL CLIMATOLOGICAL DATA (WS FORM: F-6)
STATION: MUSKEGON
MONTH: JULY
YEAR: 2020
LATITUDE: 43 10 N
LONGITUDE: 86 14 W
TEMPERATURE IN F: :PCPN: SNOW: WIND :SUNSHINE: SKY :PK WND
================================================================================
1 2 3 4 5 6A 6B 7 8 9 10 11 12 13 14 15 16 17 18
12Z AVG MX 2MIN
DY MAX MIN AVG DEP HDD CDD WTR SNW DPTH SPD SPD DIR MIN PSBL S-S WX SPD DR
================================================================================
1 91 64 78 8 0 13 0.00 0.0 0 6.6 15 130 M M 3 20 100
2 92 68 80 10 0 15 0.00 0.0 0 5.4 16 290 M M 4 24 320
3 90 66 78 8 0 13 0.00 0.0 0 5.5 15 290 M M 3 20 280
4 92 72 82 11 0 17 0.00 0.0 0 6.9 14 290 M M 5 8 21 80
5 91 66 79 8 0 14 0.00 0.0 0 4.1 12 280 M M 5 18 19 280
6 90 65 78 7 0 13 0.00 0.0 0 4.2 13 230 M M 2 1 17 210
7 91 70 81 10 0 16 0.00 0.0 0 6.2 15 290 M M 4 20 280
8 89 73 81 10 0 16 0.00 0.0 0 5.1 13 270 M M 4 18 280
9 90 71 81 10 0 16 0.00 0.0 0 6.8 17 190 M M 5 23 200
10 83 67 75 4 0 10 0.56 0.0 0 10.1 28 280 M M 6 13 36 270
11 84 63 74 3 0 9 0.00 0.0 0 6.2 14 270 M M 3 1 20 280
12 80 66 73 2 0 8 0.00 0.0 0 9.9 20 290 M M 5 27 270
13 80 61 71 0 0 6 0.00 0.0 0 6.5 16 290 M M 2 22 280
14 83 55 69 -2 0 4 0.00 0.0 0 5.3 13 210 M M 5 18 170
15 85 71 78 7 0 13 0.06 0.0 0 7.3 15 190 M M 7 22 200
16 82 63 73 2 0 8 0.37 0.0 0 7.5 15 300 M M 6 1 22 290
17 83 62 73 2 0 8 0.00 0.0 0 6.9 17 220 M M 3 12 21 210
18 89 70 80 9 0 15 0.01 0.0 0 14.5 26 190 M M 6 37 200
19 83 73 78 7 0 13 0.26 0.0 0 11.7 35 220 M M 7 13 46 220
20 80 68 74 3 0 9 0.00 0.0 0 9.0 16 320 M M 5 23 320
21 82 62 72 1 0 7 0.01 0.0 0 5.0 13 110 M M 6 18 110
22 82 66 74 3 0 9 0.00 0.0 0 6.8 16 250 M M 8 1 23 250
23 84 66 75 4 0 10 0.00 0.0 0 6.6 13 290 M M 6 19 300
24 85 63 74 3 0 9 0.00 0.0 0 5.2 14 290 M M 4 17 260
25 86 63 75 4 0 10 0.00 0.0 0 6.8 16 200 M M 5 1 21 190
26 91 75 83 12 0 18 T 0.0 0 12.7 24 290 M M 6 33 190
27 85 69 77 6 0 12 T 0.0 0 8.6 18 320 M M 5 28 340
28 83 68 76 5 0 11 1.01 0.0 0 8.6 23 300 M M 4 13 32 290
29 84 66 75 4 0 10 0.00 0.0 0 5.5 15 330 M M 4 1 21 360
30 85 62 74 3 0 9 0.00 0.0 0 7.2 16 350 M M 4 24 360
31 83 61 72 1 0 7 0.00 0.0 0 7.5 13 340 M M 5 19 30
================================================================================
SM 2658 2055 0 348 2.28 0.0 226.2 M 147
================================================================================
AV 85.7 66.3 7.3 FASTST M M 5 MAX(MPH)
MISC ----> # 35 220 # 46 220
================================================================================
NOTES:
# LAST OF SEVERAL OCCURRENCES
COLUMN 17 PEAK WIND IN M.P.H.
PRELIMINARY LOCAL CLIMATOLOGICAL DATA (WS FORM: F-6) , PAGE 2
STATION: MUSKEGON
MONTH: JULY
YEAR: 2020
LATITUDE: 43 10 N
LONGITUDE: 86 14 W
[TEMPERATURE DATA] [PRECIPITATION DATA] SYMBOLS USED IN COLUMN 16
AVERAGE MONTHLY: 76.0 TOTAL FOR MONTH: 2.28 1 = FOG OR MIST
DPTR FM NORMAL: 4.9 DPTR FM NORMAL: -0.09 2 = FOG REDUCING VISIBILITY
HIGHEST: 92 ON 4, 2 GRTST 24HR 1.01 ON 28-28 TO 1/4 MILE OR LESS
LOWEST: 55 ON 14 3 = THUNDER
SNOW, ICE PELLETS, HAIL 4 = ICE PELLETS
TOTAL MONTH: 0.0 INCH 5 = HAIL
GRTST 24HR 0.0 6 = FREEZING RAIN OR DRIZZLE
GRTST DEPTH: 0 7 = DUSTSTORM OR SANDSTORM:
VSBY 1/2 MILE OR LESS
8 = SMOKE OR HAZE
[NO. OF DAYS WITH] [WEATHER - DAYS WITH] 9 = BLOWING SNOW
X = TORNADO
MAX 32 OR BELOW: 0 0.01 INCH OR MORE: 7
MAX 90 OR ABOVE: 9 0.10 INCH OR MORE: 4
MIN 32 OR BELOW: 0 0.50 INCH OR MORE: 2
MIN 0 OR BELOW: 0 1.00 INCH OR MORE: 1
[HDD (BASE 65) ]
TOTAL THIS MO. 0 CLEAR (SCALE 0-3) 4
DPTR FM NORMAL -11 PTCLDY (SCALE 4-7) 27
TOTAL FM JUL 1 0 CLOUDY (SCALE 8-10) 0
DPTR FM NORMAL -11
[CDD (BASE 65) ]
TOTAL THIS MO. 348
DPTR FM NORMAL 146 [PRESSURE DATA]
TOTAL FM JAN 1 552 HIGHEST SLP 30.19 ON 24
DPTR FM NORMAL 216 LOWEST SLP 29.70 ON 19
[REMARKS]
#FINAL-07-20#