000
CXUS52 KMLB 010626
CF6MLB
PRELIMINARY LOCAL CLIMATOLOGICAL DATA (WS FORM: F-6)
STATION: MELBOURNE
MONTH: OCTOBER
YEAR: 2021
LATITUDE: 28 6 N
LONGITUDE: 80 39 W
TEMPERATURE IN F: :PCPN: SNOW: WIND :SUNSHINE: SKY :PK WND
================================================================================
1 2 3 4 5 6A 6B 7 8 9 10 11 12 13 14 15 16 17 18
12Z AVG MX 2MIN
DY MAX MIN AVG DEP HDD CDD WTR SNW DPTH SPD SPD DIR MIN PSBL S-S WX SPD DR
================================================================================
1 87 76 82 1 0 17 0.02 0.0 0 10.2 21 70 M M 4 26 60
2 86 79 83 3 0 18 0.00 0.0 0 11.5 17 100 M M 3 22 90
3 87 73 80 0 0 15 T 0.0 0 8.3 16 70 M M 1 20 60
4 87 70 79 -1 0 14 T 0.0 0 5.8 13 120 M M 3 17 100
5 87 69 78 -2 0 13 0.00 0.0 0 6.2 16 80 M M 2 21 70
6 88 73 81 1 0 16 0.00 0.0 0 5.9 13 90 M M 1 16 100
7 88 73 81 1 0 16 0.00 0.0 0 5.5 14 90 M M 2 3 17 100
8 91 72 82 3 0 17 1.15 0.0 0 5.6 25 350 M M 4 13 32 360
9 86 71 79 0 0 14 0.00 0.0 0 8.6 17 360 M M 3 21 360
10 86 69 78 -1 0 13 0.44 0.0 0 9.4 18 360 M M 1 1 22 360
11 85 70 78 -1 0 13 T 0.0 0 5.7 14 80 M M 2 1 17 100
12 86 70 78 -1 0 13 T 0.0 0 6.5 16 60 M M 2 19 70
13 86 72 79 1 0 14 0.26 0.0 0 6.7 15 60 M M 3 1 19 50
14 86 73 80 2 0 15 0.01 0.0 0 6.8 15 40 M M 3 19 40
15 87 72 80 2 0 15 0.00 0.0 0 7.7 16 30 M M 3 20 20
16 87 69 78 0 0 13 0.00 0.0 0 6.3 13 20 M M 1 15 60
17 84 70 77 -1 0 12 0.00 0.0 0 11.1 18 10 M M 4 25 350
18 81 62 72 -5 0 7 0.00 0.0 0 10.4 17 50 M M 3 23 50
19 83 74 79 2 0 14 0.00 0.0 0 10.8 17 60 M M 3 20 70
20 84 74 79 2 0 14 0.00 0.0 0 9.9 16 70 M M 3 20 70
21 85 74 80 4 0 15 0.00 0.0 0 7.5 15 90 M M 2 19 80
22 84 66 75 -1 0 10 0.00 0.0 0 5.1 13 100 M M 0 17 100
23 85 70 78 2 0 13 0.00 0.0 0 6.8 14 50 M M 2 17 60
24 86 77 82 6 0 17 0.02 0.0 0 6.7 17 80 M M 2 20 80
25 89 74 82 6 0 17 0.55 0.0 0 7.9 22 250 M M 4 13 29 260
26 88 67 78 3 0 13 0.00 0.0 0 10.5 22 280 M M 4 1 28 280
27 83 60 72 -3 0 7 0.00 0.0 0 5.6 14 290 M M 0 23 250
28 85 66 76 1 0 11 0.26 0.0 0 8.5 20 200 M M 4 13 29 230
29 83 68 76 2 0 11 T 0.0 0 11.4 24 250 M M 6 34 270
30 76 61 69 -5 0 4 0.01 0.0 0 7.9 21 270 M M 5 1 28 280
31 76 58 67 -7 0 2 0.00 0.0 0 5.7 16 300 M M 4 20 300
================================================================================
SM 2642 2172 0 403 2.72 0.0 242.5 M 84
================================================================================
AV 85.2 70.1 7.8 FASTST M M 3 MAX(MPH)
MISC ----> 25 350 34 270
================================================================================
NOTES:
# LAST OF SEVERAL OCCURRENCES
COLUMN 17 PEAK WIND IN M.P.H.
PRELIMINARY LOCAL CLIMATOLOGICAL DATA (WS FORM: F-6) , PAGE 2
STATION: MELBOURNE
MONTH: OCTOBER
YEAR: 2021
LATITUDE: 28 6 N
LONGITUDE: 80 39 W
[TEMPERATURE DATA] [PRECIPITATION DATA] SYMBOLS USED IN COLUMN 16
AVERAGE MONTHLY: 77.6 TOTAL FOR MONTH: 2.72 1 = FOG OR MIST
DPTR FM NORMAL: 0.1 DPTR FM NORMAL: -2.14 2 = FOG REDUCING VISIBILITY
HIGHEST: 91 ON 8 GRTST 24HR 1.15 ON 8- 8 TO 1/4 MILE OR LESS
LOWEST: 58 ON 31 3 = THUNDER
SNOW, ICE PELLETS, HAIL 4 = ICE PELLETS
TOTAL MONTH: 0.0 INCH 5 = HAIL
GRTST 24HR 0.0 6 = FREEZING RAIN OR DRIZZLE
GRTST DEPTH: 0 7 = DUSTSTORM OR SANDSTORM:
VSBY 1/2 MILE OR LESS
8 = SMOKE OR HAZE
[NO. OF DAYS WITH] [WEATHER - DAYS WITH] 9 = BLOWING SNOW
X = TORNADO
MAX 32 OR BELOW: 0 0.01 INCH OR MORE: 9
MAX 90 OR ABOVE: 1 0.10 INCH OR MORE: 5
MIN 32 OR BELOW: 0 0.50 INCH OR MORE: 2
MIN 0 OR BELOW: 0 1.00 INCH OR MORE: 1
[HDD (BASE 65) ]
TOTAL THIS MO. 0 CLEAR (SCALE 0-3) 19
DPTR FM NORMAL -4 PTCLDY (SCALE 4-7) 12
TOTAL FM JUL 1 0 CLOUDY (SCALE 8-10) 0
DPTR FM NORMAL 0
[CDD (BASE 65) ]
TOTAL THIS MO. 403
DPTR FM NORMAL 10 [PRESSURE DATA]
TOTAL FM JAN 1 3552 HIGHEST SLP M ON M
DPTR FM NORMAL 14 LOWEST SLP 29.64 ON 29
[REMARKS]
#FINAL-10-21#