000
CXUS55 KBYZ 011100
CF6MLS
PRELIMINARY LOCAL CLIMATOLOGICAL DATA (WS FORM: F-6)
STATION: MILES CITY MT
MONTH: JANUARY
YEAR: 2023
LATITUDE: 46 25 N
LONGITUDE: 105 53 W
TEMPERATURE IN F: :PCPN: SNOW: WIND :SUNSHINE: SKY :PK WND
================================================================================
1 2 3 4 5 6A 6B 7 8 9 10 11 12 13 14 15 16 17 18
12Z AVG MX 2MIN
DY MAX MIN AVG DEP HDD CDD WTR SNW DPTH SPD SPD DIR MIN PSBL S-S WX SPD DR
================================================================================
1 34 16 25 6 40 0 0.00 M M 3.9 10 210 M M 5 13 220
2 29 7 18 -1 47 0 0.00 M M 3.6 9 320 M M 1 12 10 150
3 18 6 12 -7 53 0 0.00 M M 4.2 8 250 M M 10 128 10 250
4 31 4 18 -1 47 0 0.00 M M 4.4 10 220 M M 3 12 12 230
5 29 9 19 0 46 0 0.00 M M 4.8 12 50 M M 0 1 13 50
6 26 12 19 0 46 0 0.00 M M 4.9 10 170 M M 5 11 170
7 38 14 26 7 39 0 0.00 M M 6.2 10 150 M M 1 12 160
8 32 15 24 5 41 0 0.00 M M 8.8 13 170 M M 0 16 160
9 44 20 32 13 33 0 0.00 M M 4.8 12 230 M M 1 13 270
10 39 18 29 10 36 0 0.00 M M 5.1 10 300 M M 2 1 12 290
11 25 10 18 -1 47 0 T M M 3.0 9 300 M M 5 126 9 300
12 32 9 21 2 44 0 0.00 M M 5.8 13 170 M M 3 128 14 170
13 42 23 33 14 32 0 0.00 M M 9.5 15 170 M M 0 17 160
14 45 29 37 18 28 0 0.05 M M 8.6 18 270 M M 2 1 22 270
15 35 21 28 9 37 0 0.00 M M 7.8 21 40 M M 1 12 25 40
16 27 23 25 6 40 0 T M M 6.0 15 40 M M 10 12 18 40
17 30 23 27 8 38 0 T M M 4.0 10 30 M M 10 1 10 30
18 34 22 28 9 37 0 0.00 M M 5.3 10 160 M M 6 12 12 150
19 39 12 26 6 39 0 0.00 M M 7.2 14 260 M M 1 1 15 240
20 34 13 24 4 41 0 0.00 M M 7.6 15 280 M M 5 1 16 280
21 35 26 31 11 34 0 0.00 M M 7.9 16 300 M M 9 21 290
22 37 30 34 14 31 0 T M M 9.9 22 300 M M 10 1 26 290
23 36 23 30 10 35 0 T M M 12.7 23 250 M M 4 1 27 250
24 36 29 33 13 32 0 T M M 13.8 26 280 M M 9 1 31 320
25 33 22 28 8 37 0 0.01 M M 12.4 24 320 M M 9 1 28 320
26 42 18 30 10 35 0 T M M 17.2 37 310 M M 5 12 46 310
27 36 17 27 7 38 0 0.04 M M 8.7 23 30 M M 9 16 27 20
28 17 1 9 -11 56 0 T M M 12.6 22 50 M M 10 18 26 50
29 6 -8 -1 -21 66 0 T M M 12.7 24 330 M M 6 8 29 320
30 14 -11 2 -18 63 0 0.00 M M 9.8 21 260 M M 5 24 270
31 29 -1 14 -7 51 0 0.00 M M 8.1 20 250 M M 2 21 240
================================================================================
SM 984 452 1289 0 0.10 M 241.3 M 149
================================================================================
AV 31.7 14.6 7.8 FASTST M M 5 MAX(MPH)
MISC ----> 37 310 46 310
================================================================================
NOTES:
# LAST OF SEVERAL OCCURRENCES
COLUMN 17 PEAK WIND IN M.P.H.
PRELIMINARY LOCAL CLIMATOLOGICAL DATA (WS FORM: F-6) , PAGE 2
STATION: MILES CITY MT
MONTH: JANUARY
YEAR: 2023
LATITUDE: 46 25 N
LONGITUDE: 105 53 W
[TEMPERATURE DATA] [PRECIPITATION DATA] SYMBOLS USED IN COLUMN 16
AVERAGE MONTHLY: 23.2 TOTAL FOR MONTH: 0.10 1 = FOG OR MIST
DPTR FM NORMAL: 3.7 DPTR FM NORMAL: -0.18 2 = FOG REDUCING VISIBILITY
HIGHEST: 45 ON 14 GRTST 24HR 0.49 ON 26-27 TO 1/4 MILE OR LESS
LOWEST: -11 ON 30 3 = THUNDER
SNOW, ICE PELLETS, HAIL 4 = ICE PELLETS
TOTAL MONTH: M 5 = HAIL
GRTST 24HR M ON M 6 = FREEZING RAIN OR DRIZZLE
GRTST DEPTH: M ON M 7 = DUSTSTORM OR SANDSTORM:
VSBY 1/2 MILE OR LESS
8 = SMOKE OR HAZE
[NO. OF DAYS WITH] [WEATHER - DAYS WITH] 9 = BLOWING SNOW
X = TORNADO
MAX 32 OR BELOW: 14 0.01 INCH OR MORE: 3
MAX 90 OR ABOVE: 0 0.10 INCH OR MORE: 0
MIN 32 OR BELOW: 31 0.50 INCH OR MORE: 0
MIN 0 OR BELOW: 3 1.00 INCH OR MORE: 0
[HDD (BASE 65) ]
TOTAL THIS MO. 1289 CLEAR (SCALE 0-3) 13
DPTR FM NORMAL -121 PTCLDY (SCALE 4-7) 9
TOTAL FM JUL 1 4691 CLOUDY (SCALE 8-10) 9
DPTR FM NORMAL 200
[CDD (BASE 65) ]
TOTAL THIS MO. 0
DPTR FM NORMAL 0 [PRESSURE DATA]
TOTAL FM JAN 1 0 HIGHEST SLP 30.58 ON 29
DPTR FM NORMAL 0 LOWEST SLP 29.50 ON 15
[REMARKS]
#FINAL-01-23#