000
CXUS54 KMOB 011446
CLMMOB
CLIMATE REPORT
NATIONAL WEATHER SERVICE MOBILE AL
946 AM CDT TUE AUG 01 2023
...................................
...THE MOBILE CLIMATE SUMMARY FOR THE MONTH OF JULY 2023...
CLIMATE NORMAL PERIOD: 1991 TO 2020
CLIMATE RECORD PERIOD: 1842 TO 2023
WEATHER OBSERVED NORMAL DEPART LAST YEAR`S
VALUE DATE(S) VALUE FROM VALUE DATE(S)
NORMAL
................................................................
TEMPERATURE (F)
RECORD
HIGH 104 07/25/1952
LOW 62 07/16/1967
07/15/1967
07/23/1947
HIGHEST 97 07/01 95 07/09
07/18
07/20
07/21
07/22
07/30
LOWEST 70 07/24 71 07/11
AVG. MAXIMUM 94.3 90.9 3.4 91.1
AVG. MINIMUM 75.0 73.1 1.9 74.9
MEAN 84.6 82.0 2.6 83.0
DAYS MAX >= 90 29 22.0 7.0 25
DAYS MAX <= 32 0 0.0 0.0 0
DAYS MIN <= 32 0 0.0 0.0 0
DAYS MIN <= 0 0 0.0 0.0 0
PRECIPITATION (INCHES)
RECORD
MAXIMUM 20.50 1916
MINIMUM 1.13 1947
TOTALS 7.28 7.69 -0.41 9.89
DAILY AVG. 0.23 0.25 -0.02 0.32
DAYS >= .01 14 14.9 -0.9 21
DAYS >= .10 13 10.5 2.5 16
DAYS >= .50 6 5.1 0.9 10
DAYS >= 1.00 2 2.4 -0.4 2
GREATEST
24 HR. TOTAL 1.47 07/22 TO 07/23
DEGREE DAYS
COOLING TOTAL 617 527 90 565
SINCE 1/1 1881 1457 424 1766
................................................................
WIND (MPH)
AVERAGE WIND SPEED 4.3
HIGHEST WIND SPEED/DIRECTION 33/020 DATE 07/29
HIGHEST GUST SPEED/DIRECTION 48/030 DATE 07/29
SKY COVER
POSSIBLE SUNSHINE (PERCENT)
AVERAGE SKY COVER 0.44
NUMBER OF DAYS FAIR 9
NUMBER OF DAYS PC 22
NUMBER OF DAYS CLOUDY 0
AVERAGE RH (PERCENT) 71
WEATHER CONDITIONS. NUMBER OF DAYS WITH
THUNDERSTORM 19 MIXED PRECIP 0
HEAVY RAIN 11 RAIN 12
LIGHT RAIN 14 FREEZING RAIN 0
LT FREEZING RAIN 0 HAIL 0
HEAVY SNOW 0 SNOW 0
LIGHT SNOW 0 SLEET 0
FOG 20 FOG W/VIS <= 1/4 MILE 0
HAZE 10
- INDICATES NEGATIVE NUMBERS.
R INDICATES RECORD WAS SET OR TIED.
MM INDICATES DATA IS MISSING.
T INDICATES TRACE AMOUNT.
$$