000
CXUS56 KSTO 180618
CF6MOD
PRELIMINARY LOCAL CLIMATOLOGICAL DATA (WS FORM: F-6)
STATION: MODESTO CA
MONTH: NOVEMBER
YEAR: 2021
LATITUDE: 37 37 N
LONGITUDE: 120 57 W
TEMPERATURE IN F: :PCPN: SNOW: WIND :SUNSHINE: SKY :PK WND
================================================================================
1 2 3 4 5 6A 6B 7 8 9 10 11 12 13 14 15 16 17 18
12Z AVG MX 2MIN
DY MAX MIN AVG DEP HDD CDD WTR SNW DPTH SPD SPD DIR MIN PSBL S-S WX SPD DR
================================================================================
1 62 53 58 -2 7 0 0.04 M M 4.2 10 140 M M 6 18 14 130
2 68 55 62 3 3 0 0.01 M M 5.5 13 300 M M 6 18 15 300
3 72 52 62 3 3 0 0.00 0.0 M 3.0 10 120 M M 0 1 10 120
4 68 52 60 2 5 0 0.00 0.0 M 8.4 17 340 M M 4 1 21 320
5 67 45 56 -2 9 0 0.00 M M 4.5 12 320 M M 0 1 14 320
6 66 49 58 0 7 0 0.00 M M 7.4 21 320 M M 0 25 320
7 62 44 53 -4 12 0 0.00 M M 10.3 20 320 M M 0 23 320
8 63 37 50 -7 15 0 0.10 M M 4.7 16 130 M M 3 1 22 130
9 62 50 56 -1 9 0 0.11 M M 7.1 20 150 M M 7 1 29 120
10 63 48 56 0 9 0 0.00 M M 7.8 15 300 M M 4 12 19 330
11 65 47 56 0 9 0 0.00 0.0 M 2.7 9 300 M M 3 12 10 300
12 63 45 54 -2 11 0 0.00 M M 2.6 9 330 M M 5 128 10 330
13 58 48 53 -2 12 0 0.00 0.0 M 3.6 9 120 M M 9 12 11 120
14 58 50 54 -1 11 0 0.00 M M 3.3 9 320 M M 9 128 11 310
15 60 50 55 1 10 0 0.00 M M 3.7 9 330 M M 7 18 12 150
16 57 49 53 -1 12 0 0.00 M M 6.5 15 330 M M 9 128 19 310
17 66 45 56 2 9 0 0.00 M M 2.0 8 290 M M 5 128 9 80
18 61 45 53 0 12 0 T M M 3.3 12 280 M M 4 128 14 280
19 69 52 61 8 4 0 0.00 M M 7.0 14 310 M M 6 18 17 320
20 66 47 57 4 8 0 T M M 8.1 15 310 M M 3 18 18 300
21 69 43 56 4 9 0 0.00 M M 1.1 6 290 M M 0 18 7 320
22 66 43 55 3 10 0 0.00 M M 2.8 9 150 M M 4 128 13 150
23 64 44 54 2 11 0 0.00 M M 7.5 23 300 M M 4 128 27 290
24 62 41 52 0 13 0 0.00 M M 7.4 17 300 M M 0 18 21 310
25 65 36 51 0 14 0 0.00 M M 1.9 7 120 M M 1 128 9 120
26 67 41 54 3 11 0 0.00 0.0 M 2.0 10 340 M M 0 18 14 350
27 68 41 55 4 10 0 0.00 0.0 M 2.2 7 120 M M 0 18 8 310
28 68 43 56 6 9 0 0.00 M M 2.5 7 330 M M 0 18 9 330
29 69 39 54 4 11 0 0.00 M M 2.2 13 310 M M 1 128 14 320
30 68 42 55 5 10 0 0.00 M M 1.9 8 320 M M 0 128 9 320
================================================================================
SM 1942 1376 285 0 0.26 0.0 137.2 M 100
================================================================================
AV 64.7 45.9 4.6 FASTST M M 3 MAX(MPH)
MISC ----> 23 300 29 120
================================================================================
NOTES:
# LAST OF SEVERAL OCCURRENCES
COLUMN 17 PEAK WIND IN M.P.H.
PRELIMINARY LOCAL CLIMATOLOGICAL DATA (WS FORM: F-6) , PAGE 2
STATION: MODESTO CA
MONTH: NOVEMBER
YEAR: 2021
LATITUDE: 37 37 N
LONGITUDE: 120 57 W
[TEMPERATURE DATA] [PRECIPITATION DATA] SYMBOLS USED IN COLUMN 16
AVERAGE MONTHLY: 55.3 TOTAL FOR MONTH: 0.26 1 = FOG OR MIST
DPTR FM NORMAL: 0.8 DPTR FM NORMAL: -0.81 2 = FOG REDUCING VISIBILITY
HIGHEST: 72 ON 3 GRTST 24HR 0.21 ON 8- 9 TO 1/4 MILE OR LESS
LOWEST: 36 ON 25 3 = THUNDER
SNOW, ICE PELLETS, HAIL 4 = ICE PELLETS
TOTAL MONTH: 0.0 INCH 5 = HAIL
GRTST 24HR 0.0 6 = FREEZING RAIN OR DRIZZLE
GRTST DEPTH: M ON M 7 = DUSTSTORM OR SANDSTORM:
VSBY 1/2 MILE OR LESS
8 = SMOKE OR HAZE
[NO. OF DAYS WITH] [WEATHER - DAYS WITH] 9 = BLOWING SNOW
X = TORNADO
MAX 32 OR BELOW: 0 0.01 INCH OR MORE: 4
MAX 90 OR ABOVE: 0 0.10 INCH OR MORE: 2
MIN 32 OR BELOW: 0 0.50 INCH OR MORE: 0
MIN 0 OR BELOW: 0 1.00 INCH OR MORE: 0
[HDD (BASE 65) ]
TOTAL THIS MO. 285 CLEAR (SCALE 0-3) 14
DPTR FM NORMAL -33 PTCLDY (SCALE 4-7) 13
TOTAL FM JUL 1 409 CLOUDY (SCALE 8-10) 3
DPTR FM NORMAL 19
[CDD (BASE 65) ]
TOTAL THIS MO. 0
DPTR FM NORMAL -2 [PRESSURE DATA]
TOTAL FM JAN 1 1702 HIGHEST SLP 30.41 ON 25
DPTR FM NORMAL 79 LOWEST SLP 29.98 ON 1
[REMARKS]
#FINAL-11-21#