000
CXUS56 KSTO 031009
CLMMOD
CLIMATE REPORT
NATIONAL WEATHER SERVICE SACRAMENTO
209 AM PST SUN DEC 03 2023
...................................
...THE MODESTO CA CLIMATE SUMMARY FOR THE MONTH OF NOVEMBER 2023...
CLIMATE NORMAL PERIOD: 1991 TO 2020
CLIMATE RECORD PERIOD: 1931 TO 2023
WEATHER OBSERVED NORMAL DEPART LAST YEAR`S
VALUE DATE(S) VALUE FROM VALUE
NORMAL
..............................................................
TEMPERATURE (F)
RECORD
HIGH 91 11/30/2021
11/30/2021
LOW 0 11/13/2020
HIGHEST 79 11/04 MM MM
LOWEST 31 11/27 MM MM
AVG. MAXIMUM 67.2
AVG. MINIMUM 41.7
MEAN 54.4
DAYS MAX >= 90 0 0.0 0.0
DAYS MAX <= 32 0 0.0 0.0
DAYS MIN <= 32 3 1.0 2.0
DAYS MIN <= 0 0 0.0 0.0
PRECIPITATION (INCHES)
RECORD
MAXIMUM 1.19 2022
MINIMUM 0.26 2021
TOTALS 0.54 1.07 -0.53 1.19
DAYS >= .01 7
DAYS >= .10 1
DAYS >= .50 0
DAYS >= 1.00 0
DEGREE DAYS
HEATING TOTAL 308 318 -10
SINCE 7/1 375 390 -15
COOLING TOTAL 0 2 -2
SINCE 1/1 1549 1623 -74
..............................................................
WIND (MPH)
AVERAGE WIND SPEED 4.0
HIGHEST WIND SPEED/DIRECTION 23/300 DATE 11/19
HIGHEST GUST SPEED/DIRECTION 32/340 DATE 11/19
SKY COVER
POSSIBLE SUNSHINE (PERCENT) MM
AVERAGE SKY COVER 0.13
NUMBER OF DAYS FAIR 25
NUMBER OF DAYS PC 4
NUMBER OF DAYS CLOUDY 1
AVERAGE RH (PERCENT) 67
WEATHER CONDITIONS. NUMBER OF DAYS WITH
THUNDERSTORM 0 MIXED PRECIP 0
HEAVY RAIN 1 RAIN 0
LIGHT RAIN 9 FREEZING RAIN 0
LT FREEZING RAIN 0 HAIL 0
HEAVY SNOW 0 SNOW 0
LIGHT SNOW 0 SLEET 0
FOG 25 FOG W/VIS <= 1/4 MILE 1
HAZE 16
- INDICATES NEGATIVE NUMBERS.
R INDICATES RECORD WAS SET OR TIED.
MM INDICATES DATA IS MISSING.
T INDICATES TRACE AMOUNT.
$$