000
CXUS51 KPHI 280815
CF6MPO
PRELIMINARY LOCAL CLIMATOLOGICAL DATA (WS FORM: F-6)
STATION: MOUNT POCONO PA
MONTH: MARCH
YEAR: 2024
LATITUDE: 41 8 N
LONGITUDE: 75 24 W
TEMPERATURE IN F: :PCPN: SNOW: WIND :SUNSHINE: SKY :PK WND
================================================================================
1 2 3 4 5 6A 6B 7 8 9 10 11 12 13 14 15 16 17 18
12Z AVG MX 2MIN
DY MAX MIN AVG DEP HDD CDD WTR SNW DPTH SPD SPD DIR MIN PSBL S-S WX SPD DR
================================================================================
1 42 16 29 1 36 0 0.00 M M 7.3 17 200 M M 1 22 190
2 44 29 37 8 28 0 0.83 M M 7.8 12 340 M M 10 126 19 90
3 53 41 47 18 18 0 0.00 M M 8.3 20 320 M M 9 1 24 310
4 58 41 50 21 15 0 0.00 M M 7.0 18 130 M M 9 1 23 120
5 42 38 40 11 25 0 0.51 M M 6.7 14 110 M M 10 12 19 90
6 49 41 45 15 20 0 0.33 M M 6.3 14 40 M M 10 12 20 40
7 49 36 43 13 22 0 0.04 M M 14.2 21 340 M M 9 1 32 340
8 50 25 38 8 27 0 0.00 M M 6.1 18 150 M M 0 25 150
9 37 32 35 5 30 0 1.94 M M 11.4 18 110 M M 9 12 25 120
10 39 25 32 1 33 0 0.17 M M 16.9 32 280 M M 10 12 40 290
11 42 25 34 3 31 0 0.00 M M 25.9 44 300 M M 1 59 280
12 58 35 47 16 18 0 0.00 M M 13.0 25 290 M M 2 33 260
13 65 30 48 16 17 0 0.00 M M 6.7 17 260 M M 1 23 240
14 68 35 52 20 13 0 T M M 7.8 17 210 M M 1 27 200
15 59 36 48 16 17 0 0.03 M M 15.5 28 220 M M 6 1 41 270
16 52 34 43 11 22 0 0.00 M M 9.9 21 270 M M 3 30 250
17 50 29 40 7 25 0 0.01 M M 14.0 25 320 M M 6 37 240
18 37 26 32 -1 33 0 T M M 14.4 23 280 M M 7 1 33 280
19 35 24 30 -3 35 0 0.03 M M 14.0 29 290 M M 10 1 39 280
20 41 21 31 -3 34 0 0.08 M M 10.6 31 310 M M 8 12 48 320
21 30 18 24 -10 41 0 0.00 M M 18.4 29 310 M M 2 42 310
22 38 16 27 -7 38 0 0.00 M M 6.8 17 330 M M 5 24 320
23 38 22 30 -5 35 0 1.71 M M 16.6 44 310 M M 9 16 61 320
24 39 22 31 -4 34 0 0.00 M M 13.3 30 320 M M 3 43 320
25 48 25 37 1 28 0 0.00 M M 6.8 14 80 M M 0 22 100
26 56 30 43 7 22 0 0.00 M M 8.1 16 120 M M 8 1 23 110
27 43 36 40 4 25 0 0.24 M M 4.8 15 150 M M 10 12 23 150
================================================================================
SM 1262 788 722 0 5.92 M 298.6 M 159
================================================================================
AV 46.7 29.2 11.1 FASTST M M 6 MAX(MPH)
MISC ----> # 44 300 61 320
================================================================================
NOTES:
# LAST OF SEVERAL OCCURRENCES
COLUMN 17 PEAK WIND IN M.P.H.
PRELIMINARY LOCAL CLIMATOLOGICAL DATA (WS FORM: F-6) , PAGE 2
STATION: MOUNT POCONO PA
MONTH: MARCH
YEAR: 2024
LATITUDE: 41 8 N
LONGITUDE: 75 24 W
[TEMPERATURE DATA] [PRECIPITATION DATA] SYMBOLS USED IN COLUMN 16
AVERAGE MONTHLY: 38.0 TOTAL FOR MONTH: 5.92 1 = FOG OR MIST
DPTR FM NORMAL: 6.0 DPTR FM NORMAL: 2.59 2 = FOG REDUCING VISIBILITY
HIGHEST: 68 ON 14 GRTST 24HR 1.97 ON 9-10 TO 1/4 MILE OR LESS
LOWEST: 16 ON 22, 1 3 = THUNDER
SNOW, ICE PELLETS, HAIL 4 = ICE PELLETS
TOTAL MONTH: M 5 = HAIL
GRTST 24HR M ON M 6 = FREEZING RAIN OR DRIZZLE
GRTST DEPTH: M ON M 7 = DUSTSTORM OR SANDSTORM:
VSBY 1/2 MILE OR LESS
8 = SMOKE OR HAZE
[NO. OF DAYS WITH] [WEATHER - DAYS WITH] 9 = BLOWING SNOW
X = TORNADO
MAX 32 OR BELOW: 1 0.01 INCH OR MORE: 12
MAX 90 OR ABOVE: 0 0.10 INCH OR MORE: 7
MIN 32 OR BELOW: 17 0.50 INCH OR MORE: 4
MIN 0 OR BELOW: 0 1.00 INCH OR MORE: 2
[HDD (BASE 65) ]
TOTAL THIS MO. 722 CLEAR (SCALE 0-3) 10
DPTR FM NORMAL -167 PTCLDY (SCALE 4-7) 6
TOTAL FM JUL 1 5214 CLOUDY (SCALE 8-10) 11
DPTR FM NORMAL -871
[CDD (BASE 65) ]
TOTAL THIS MO. 0
DPTR FM NORMAL 0 [PRESSURE DATA]
TOTAL FM JAN 1 0 HIGHEST SLP M ON M
DPTR FM NORMAL 0 LOWEST SLP 29.42 ON 10
[REMARKS]