000
CXUS53 KMQT 040023
CF6MQT
PRELIMINARY LOCAL CLIMATOLOGICAL DATA (WS FORM: F-6)
STATION: MARQUETTE MI
MONTH: MARCH
YEAR: 2021
LATITUDE: 46 31 N
LONGITUDE: 87 33 W
TEMPERATURE IN F: :PCPN: SNOW: WIND :SUNSHINE: SKY :PK WND
================================================================================
1 2 3 4 5 6A 6B 7 8 9 10 11 12 13 14 15 16 17 18
12Z AVG MX 2MIN
DY MAX MIN AVG DEP HDD CDD WTR SNW DPTH SPD SPD DIR MIN PSBL S-S WX SPD DR
================================================================================
1 20 2 11 -9 54 0 0.01 0.2 22 M M M M M M 9 28 315
2 42 2 22 2 43 0 0.00 0.0 22 M M M M M M 34 270
3 31 19 25 5 40 0 T T 21 M M M M M M 22 315
4 29 18 24 3 41 0 T T 20 M M M M M M 20 360
5 35 15 25 4 40 0 0.00 0.0 20 M M M M M M 21 315
6 29 6 18 -4 47 0 0.00 0.0 20 M M M M M M 19 315
7 37 -3 17 -5 48 0 0.00 0.0 20 M M M M M M 31 180
8 47 26 37 15 28 0 0.00 0.0 20 M M M M M M 21 270
9 51 21 36 13 29 0 0.00 0.0 19 M M M M M M 35 180
10 47 34 41 18 24 0 1.25 0.0 15 M M M M M M 13 19 180
11 48 29 39 16 26 0 0.20 T 11 M M M M M M 44 180
12 33 16 25 1 40 0 T 0.1 10 M M M M M M 34 270
13 51 14 33 9 32 0 0.00 0.0 10 M M M M M M 30 270
14 38 16 27 3 38 0 T T 8 M M M M M M 27 360
15 37 12 25 0 40 0 0.00 0.0 7 M M M M M M 19 180
16 36 27 32 7 33 0 0.00 0.0 7 M M M M M M 14 215
17 44 29 37 12 28 0 T T 7 M M M M M M 20 315
18 36 21 29 3 36 0 0.00 0.0 6 M M M M M M 26 360
19 53 17 35 9 30 0 0.00 0.0 6 M M M M M M 16 180
20 59 34 47 21 18 0 0.00 0.0 5 M M M M M M 32 180
21 60 37 49 22 16 0 0.00 0.0 3 M M M M M M 40 180
22 55 36 46 19 19 0 0.00 0.0 T M M M M M M 24 180
23 39 35 37 10 28 0 0.13 0.0 0 M M M M M M 12 15 360
24 52 28 40 12 25 0 0.33 T 0 M M M M M M 1 24 270
25 28 21 25 -3 40 0 T T 0 M M M M M M 29 270
26 29 23 26 -2 39 0 0.01 T 0 M M M M M M 6 18 45
27 37 25 31 2 34 0 0.24 2.4 0 M M M M M M 21 180
28 32 13 23 -6 42 0 0.28 4.2 4 M M M M M M 29 315
29 45 8 27 -3 38 0 0.00 0.0 4 M M M M M M 40 135
30 54 30 42 12 23 0 T T T M M M M M M 36 225
31 30 17 24 -6 41 0 0.01 0.2 T M M M M M M 28 270
================================================================================
SM 1264 628 1060 0 2.46 7.1 M M M
================================================================================
AV 40.8 20.3 M FASTST M M M MAX(MPH)
MISC ----> M M 44 180
================================================================================
NOTES:
# LAST OF SEVERAL OCCURRENCES
COLUMN 17 PEAK WIND IN M.P.H.
PRELIMINARY LOCAL CLIMATOLOGICAL DATA (WS FORM: F-6) , PAGE 2
STATION: MARQUETTE MI
MONTH: MARCH
YEAR: 2021
LATITUDE: 46 31 N
LONGITUDE: 87 33 W
[TEMPERATURE DATA] [PRECIPITATION DATA] SYMBOLS USED IN COLUMN 16
AVERAGE MONTHLY: 30.5 TOTAL FOR MONTH: 2.46 1 = FOG OR MIST
DPTR FM NORMAL: 5.5 DPTR FM NORMAL: -0.21 2 = FOG REDUCING VISIBILITY
HIGHEST: 60 ON 21 GRTST 24HR 1.25 ON 10-10 TO 1/4 MILE OR LESS
LOWEST: -3 ON 7 3 = THUNDER
SNOW, ICE PELLETS, HAIL 4 = ICE PELLETS
TOTAL MONTH: 10.5 INCHES 5 = HAIL
GRTST 24HR 4.2 ON 28-28 6 = FREEZING RAIN OR DRIZZLE
GRTST DEPTH: 22 ON 2, 1 7 = DUSTSTORM OR SANDSTORM:
VSBY 1/2 MILE OR LESS
8 = SMOKE OR HAZE
[NO. OF DAYS WITH] [WEATHER - DAYS WITH] 9 = BLOWING SNOW
X = TORNADO
MAX 32 OR BELOW: 8 0.01 INCH OR MORE: 9
MAX 90 OR ABOVE: 0 0.10 INCH OR MORE: 6
MIN 32 OR BELOW: 26 0.50 INCH OR MORE: 1
MIN 0 OR BELOW: 1 1.00 INCH OR MORE: 1
[HDD (BASE 65) ]
TOTAL THIS MO. 1060 CLEAR (SCALE 0-3) 0
DPTR FM NORMAL -180 PTCLDY (SCALE 4-7) 0
TOTAL FM JUL 1 7333 CLOUDY (SCALE 8-10) 31
DPTR FM NORMAL -408
[CDD (BASE 65) ]
TOTAL THIS MO. 0
DPTR FM NORMAL 0 [PRESSURE DATA]
TOTAL FM JAN 1 0 HIGHEST SLP M ON M
DPTR FM NORMAL 0 LOWEST SLP M ON M
[REMARKS]
#FINAL-03-21#