000
CXUS52 KMHX 290053
CF6MRH
PRELIMINARY LOCAL CLIMATOLOGICAL DATA (WS FORM: F-6)
STATION: BEAUFORT/SMITH FIELD NC
MONTH: MARCH
YEAR: 2021
LATITUDE: 34 43 N
LONGITUDE: 76 39 W
TEMPERATURE IN F: :PCPN: SNOW: WIND :SUNSHINE: SKY :PK WND
================================================================================
1 2 3 4 5 6A 6B 7 8 9 10 11 12 13 14 15 16 17 18
12Z AVG MX 2MIN
DY MAX MIN AVG DEP HDD CDD WTR SNW DPTH SPD SPD DIR MIN PSBL S-S WX SPD DR
================================================================================
1 67 55 61 11 4 0 0.02 0.0 0 13.0 25 220 M M 9 12 33 320
2 55 43 49 -1 16 0 0.00 0.0 0 10.0 18 20 M M 0 24 20
3 61 42 52 2 13 0 T 0.0 0 8.2 18 20 M M 6 24 20
4 66 41 54 4 11 0 0.00 0.0 0 6.5 18 220 M M 0 22 220
5 53 35 44 -6 21 0 0.00 0.0 0 9.0 21 360 M M 0 29 30
6 51 34 43 -8 22 0 0.00 0.0 0 5.6 17 20 M M 0 21 20
7 55 30 43 -8 22 0 0.00 0.0 0 8.2 18 10 M M 0 27 20
8 53 29 41 -10 24 0 0.00 0.0 0 4.6 13 160 M M 0 16 180
9 61 33 47 -4 18 0 0.00 0.0 0 7.5 18 210 M M 0 22 210
10 69 46 58 6 7 0 0.00 0.0 0 6.5 14 190 M M 0 16 200
11 69 44 57 5 8 0 0.00 0.0 0 6.7 13 190 M M 0 16 190
12 70 54 62 10 3 0 0.00 0.0 0 11.4 20 220 M M 0 23 230
13 67 49 58 6 7 0 0.01 0.0 0 8.0 16 50 M M 8 22 60
14 71 50 61 8 4 0 0.00 0.0 0 4.6 13 220 M M 1 14 220
15 60 44 52 -1 13 0 0.00 0.0 0 10.0 18 20 M M 3 25 30
16 61 44 53 0 12 0 1.13 0.0 0 8.4 17 40 M M 10 18 23 50
17 57 47 52 -1 13 0 0.03 0.0 0 6.7 14 350 M M 10 1 17 10
18 72 53 63 9 2 0 0.04 0.0 0 12.3 31 190 M M 7 1 40 210
19 63 41 52 -2 13 0 0.08 0.0 0 16.4 35 10 M M 9 1 49 10
20 53 43 48 -6 17 0 0.00 0.0 0 18.1 26 30 M M 10 38 40
21 58 49 54 0 11 0 T 0.0 0 16.3 24 40 M M 9 18 38 30
22 60 54 57 2 8 0 0.29 0.0 0 18.6 26 20 M M 9 1 38 20
23 71 55 63 8 2 0 0.04 0.0 0 13.6 23 20 M M 8 18 31 20
24 67 60 64 9 1 0 0.01 0.0 0 10.0 17 220 M M 5 1 29 150
25 77 54 66 11 0 1 0.00 0.0 0 6.8 16 180 M M 2 12 22 170
26 72 63 68 12 0 3 T 0.0 0 14.0 29 210 M M 4 1 35 220
27 75 58 67 11 0 2 T 0.0 0 6.5 16 210 M M 5 12 22 210
28 72 63 68 12 0 3 0.07 0.0 0 16.8 31 220 M M 7 12 39 220
29 63 51 57 1 8 0 0.00 0.0 0 12.3 24 330 M M 0 36 330
30 72 48 60 3 5 0 T 0.0 0 6.9 15 160 M M 2 21 160
31 76 63 70 13 0 5 0.03 0.0 0 11.6 29 220 M M 3 1 37 230
================================================================================
SM 1997 1475 285 14 1.75 0.0 315.1 M 127
================================================================================
AV 64.4 47.6 10.2 FASTST M M 4 MAX(MPH)
MISC ----> 35 10 49 10
================================================================================
NOTES:
# LAST OF SEVERAL OCCURRENCES
COLUMN 17 PEAK WIND IN M.P.H.
PRELIMINARY LOCAL CLIMATOLOGICAL DATA (WS FORM: F-6) , PAGE 2
STATION: BEAUFORT/SMITH FIELD NC
MONTH: MARCH
YEAR: 2021
LATITUDE: 34 43 N
LONGITUDE: 76 39 W
[TEMPERATURE DATA] [PRECIPITATION DATA] SYMBOLS USED IN COLUMN 16
AVERAGE MONTHLY: 56.0 TOTAL FOR MONTH: 1.75 1 = FOG OR MIST
DPTR FM NORMAL: 2.9 DPTR FM NORMAL: -2.45 2 = FOG REDUCING VISIBILITY
HIGHEST: 77 ON 25 GRTST 24HR 1.16 ON 16-17 TO 1/4 MILE OR LESS
LOWEST: 29 ON 8 3 = THUNDER
SNOW, ICE PELLETS, HAIL 4 = ICE PELLETS
TOTAL MONTH: 0.0 INCH 5 = HAIL
GRTST 24HR 0.0 6 = FREEZING RAIN OR DRIZZLE
GRTST DEPTH: 0 7 = DUSTSTORM OR SANDSTORM:
VSBY 1/2 MILE OR LESS
8 = SMOKE OR HAZE
[NO. OF DAYS WITH] [WEATHER - DAYS WITH] 9 = BLOWING SNOW
X = TORNADO
MAX 32 OR BELOW: 0 0.01 INCH OR MORE: 11
MAX 90 OR ABOVE: 0 0.10 INCH OR MORE: 2
MIN 32 OR BELOW: 2 0.50 INCH OR MORE: 1
MIN 0 OR BELOW: 0 1.00 INCH OR MORE: 1
[HDD (BASE 65) ]
TOTAL THIS MO. 285 CLEAR (SCALE 0-3) 15
DPTR FM NORMAL -84 PTCLDY (SCALE 4-7) 8
TOTAL FM JUL 1 2038 CLOUDY (SCALE 8-10) 8
DPTR FM NORMAL -333
[CDD (BASE 65) ]
TOTAL THIS MO. 14
DPTR FM NORMAL 12 [PRESSURE DATA]
TOTAL FM JAN 1 14 HIGHEST SLP 30.56 ON 9
DPTR FM NORMAL 12 LOWEST SLP 29.62 ON 19
[REMARKS]
#FINAL-03-21#