000
CXUS52 KMHX 010700
CF6MRH
PRELIMINARY LOCAL CLIMATOLOGICAL DATA (WS FORM: F-6)
STATION: BEAUFORT/SMITH FIELD NC
MONTH: OCTOBER
YEAR: 2020
LATITUDE: 34 43 N
LONGITUDE: 76 39 W
TEMPERATURE IN F: :PCPN: SNOW: WIND :SUNSHINE: SKY :PK WND
================================================================================
1 2 3 4 5 6A 6B 7 8 9 10 11 12 13 14 15 16 17 18
12Z AVG MX 2MIN
DY MAX MIN AVG DEP HDD CDD WTR SNW DPTH SPD SPD DIR MIN PSBL S-S WX SPD DR
================================================================================
1 76 56 66 -4 0 1 0.00 0.0 0 6.2 13 210 M M 0 16 230
2 73 61 67 -3 0 2 0.00 0.0 0 10.0 18 20 M M 6 25 20
3 70 61 66 -4 0 1 0.00 0.0 0 10.2 17 30 M M 8 24 40
4 65 62 64 -5 1 0 0.51 0.0 0 11.6 20 20 M M 9 1 25 20
5 74 60 67 -2 0 2 0.00 0.0 0 7.5 16 20 M M 0 19 10
6 75 59 67 -1 0 2 0.00 0.0 0 5.3 14 40 M M 0 19 40
7 80 59 70 2 0 5 0.00 0.0 0 6.9 16 210 M M 1 20 220
8 83 64 74 6 0 9 0.00 0.0 0 7.2 15 10 M M 0 21 10
9 76 65 71 3 0 6 0.00 0.0 0 7.9 15 50 M M 6 21 60
10 80 66 73 6 0 8 T 0.0 0 6.5 15 170 M M 3 20 160
11 76 69 73 6 0 8 0.53 0.0 0 10.2 23 120 M M 8 1 30 130
12 82 71 77 10 0 12 T 0.0 0 6.3 14 220 M M 5 12 16 210
13 80 68 74 8 0 9 0.00 0.0 0 6.7 13 300 M M 6 1 15 300
14 75 56 66 0 0 1 0.00 0.0 0 5.9 14 10 M M 1 19 10
15 79 56 68 2 0 3 0.00 0.0 0 5.5 13 150 M M 1 17 170
16 80 58 69 4 0 4 0.19 0.0 0 8.1 18 320 M M 5 1 22 320
17 67 53 60 -5 5 0 0.00 0.0 0 11.8 21 20 M M 3 27 20
18 77 55 66 1 0 1 0.00 0.0 0 8.4 15 50 M M 1 21 50
19 77 62 70 6 0 5 T 0.0 0 8.9 17 40 M M 6 1 24 40
20 81 64 73 9 0 8 0.00 0.0 0 6.2 12 20 M M 5 1 14 90
21 83 66 75 11 0 10 0.00 0.0 0 4.8 15 130 M M 3 18 140
22 80 68 74 10 0 9 0.00 0.0 0 7.3 15 50 M M 7 20 30
23 80 66 73 10 0 8 0.00 0.0 0 6.2 12 50 M M 8 14 40
24 79 61 70 7 0 5 0.00 0.0 0 2.7 13 190 M M 2 12 14 200
25 73 64 69 6 0 4 1.08 0.0 0 6.4 13 350 M M 7 1 19 30
26 72 60 66 4 0 1 0.00 0.0 0 8.7 16 350 M M 6 1 20 330
27 76 60 68 6 0 3 0.00 0.0 0 4.0 9 110 M M 5 12 12 120
28 76 57 67 5 0 2 0.00 0.0 0 3.0 9 190 M M 1 12 12 210
29 81 67 74 12 0 9 0.01 0.0 0 16.8 36 210 M M 4 1 44 220
30 79 55 67 6 0 2 0.01 0.0 0 16.8 33 230 M M 3 1 45 240
31 66 51 59 -2 6 0 0.00 0.0 0 9.8 18 20 M M 0 26 20
================================================================================
SM 2371 1900 12 140 2.33 0.0 243.8 M 120
================================================================================
AV 76.5 61.3 7.9 FASTST M M 4 MAX(MPH)
MISC ----> # 36 210 # 45 240
================================================================================
NOTES:
# LAST OF SEVERAL OCCURRENCES
COLUMN 17 PEAK WIND IN M.P.H.
PRELIMINARY LOCAL CLIMATOLOGICAL DATA (WS FORM: F-6) , PAGE 2
STATION: BEAUFORT/SMITH FIELD NC
MONTH: OCTOBER
YEAR: 2020
LATITUDE: 34 43 N
LONGITUDE: 76 39 W
[TEMPERATURE DATA] [PRECIPITATION DATA] SYMBOLS USED IN COLUMN 16
AVERAGE MONTHLY: 68.9 TOTAL FOR MONTH: 2.33 1 = FOG OR MIST
DPTR FM NORMAL: 3.5 DPTR FM NORMAL: -1.55 2 = FOG REDUCING VISIBILITY
HIGHEST: 83 ON 21, 8 GRTST 24HR 1.08 ON 25-25 TO 1/4 MILE OR LESS
LOWEST: 51 ON 31 3 = THUNDER
SNOW, ICE PELLETS, HAIL 4 = ICE PELLETS
TOTAL MONTH: 0.0 INCH 5 = HAIL
GRTST 24HR 0.0 6 = FREEZING RAIN OR DRIZZLE
GRTST DEPTH: 0 7 = DUSTSTORM OR SANDSTORM:
VSBY 1/2 MILE OR LESS
8 = SMOKE OR HAZE
[NO. OF DAYS WITH] [WEATHER - DAYS WITH] 9 = BLOWING SNOW
X = TORNADO
MAX 32 OR BELOW: 0 0.01 INCH OR MORE: 6
MAX 90 OR ABOVE: 0 0.10 INCH OR MORE: 4
MIN 32 OR BELOW: 0 0.50 INCH OR MORE: 3
MIN 0 OR BELOW: 0 1.00 INCH OR MORE: 1
[HDD (BASE 65) ]
TOTAL THIS MO. 12 CLEAR (SCALE 0-3) 13
DPTR FM NORMAL -74 PTCLDY (SCALE 4-7) 17
TOTAL FM JUL 1 15 CLOUDY (SCALE 8-10) 1
DPTR FM NORMAL -74
[CDD (BASE 65) ]
TOTAL THIS MO. 140
DPTR FM NORMAL 42 [PRESSURE DATA]
TOTAL FM JAN 1 2119 HIGHEST SLP M ON M
DPTR FM NORMAL 337 LOWEST SLP 29.50 ON 30
[REMARKS]
#FINAL-10-20#