000
CXUS54 KLIX 010810
CF6MSY
PRELIMINARY LOCAL CLIMATOLOGICAL DATA (WS FORM: F-6)
STATION: NEW ORLEANS
MONTH: MAY
YEAR: 2022
LATITUDE: 29 58 N
LONGITUDE: 90 15 W
TEMPERATURE IN F: :PCPN: SNOW: WIND :SUNSHINE: SKY :PK WND
================================================================================
1 2 3 4 5 6A 6B 7 8 9 10 11 12 13 14 15 16 17 18
12Z AVG MX 2MIN
DY MAX MIN AVG DEP HDD CDD WTR SNW DPTH SPD SPD DIR MIN PSBL S-S WX SPD DR
================================================================================
1 85 67 76 2 0 11 0.30 0.0 M 5.8 21 330 M M 7 13 27 330
2 85 72 79 5 0 14 0.00 0.0 M 9.1 20 140 M M 6 1 24 140
3 88 74 81 7 0 16 0.00 0.0 M 8.0 16 170 M M 6 22 180
4 87 71 79 5 0 14 0.00 0.0 M 6.5 15 190 M M 3 1 19 190
5 88 68 78 3 0 13 1.42 0.0 M 9.3 28 310 M M 6 123 38 320
6 88 68 78 3 0 13 1.13 0.0 M 6.2 23 320 M M 6 13 34 310
7 87 68 78 3 0 13 0.00 0.0 M 3.5 9 30 M M 4 18 13 10
8 88 73 81 6 0 16 0.00 0.0 M 7.6 12 130 M M 5 16 50
9 89 76 83 7 0 18 0.00 0.0 M 9.9 16 110 M M 3 21 130
10 86 73 80 4 0 15 0.00 0.0 M 8.3 17 110 M M 2 23 70
11 89 70 80 4 0 15 0.00 0.0 M 4.6 12 100 M M 2 15 90
12 92 72 82 6 0 17 1.22 0.0 M 7.1 21 40 M M 5 13 39 40
13 87 70 79 3 0 14 0.17 0.0 M 7.0 28 360 M M 7 13 40 350
14 88 68 78 1 0 13 0.00 0.0 M 5.2 13 330 M M 6 1 18 310
15 89 73 81 4 0 16 0.06 0.0 M 6.1 22 310 M M 5 3 29 330
16 93 72 83 6 0 18 T 0.0 M 5.3 17 260 M M 6 3 21 260
17 92 74 83 5 0 18 0.00 0.0 M 5.2 14 240 M M 3 8 19 220
18 91 74 83 5 0 18 0.00 0.0 M 6.8 13 260 M M 5 17 190
19 90 74 82 4 0 17 0.00 0.0 M 7.6 18 160 M M 5 23 170
20 89 77 83 5 0 18 0.00 0.0 M 11.6 22 140 M M 4 29 140
21 89 73 81 3 0 16 0.16 0.0 M 12.2 29 120 M M 7 13 35 110
22 86 75 81 2 0 16 0.00 0.0 M 6.9 18 100 M M 8 3 22 80
23 87 75 81 2 0 16 0.02 0.0 M 6.7 15 300 M M 9 3 21 110
24 87 72 80 1 0 15 0.70 0.0 M 9.8 21 160 M M 8 138 29 150
25 85 70 78 -1 0 13 2.46 0.0 M 8.6 22 170 M M 8 138 30 210
26 86 70 78 -1 0 13 1.15 0.0 M 5.0 18 270 M M 4 13 23 270
27 88 69 79 -1 0 14 0.00 0.0 M 9.1 20 280 M M 1 25 280
28 85 70 78 -2 0 13 0.00 0.0 M 6.1 12 280 M M 1 16 60
29 87 66 77 -3 0 12 0.00 0.0 M 4.1 12 360 M M 2 15 20
30 90 75 83 3 0 18 0.00 0.0 M 10.0 20 130 M M 4 24 140
31 89 78 84 4 0 19 0.44 0.0 M 9.3 21 150 M M 5 13 24 140
================================================================================
SM 2730 2227 0 472 9.23 0.0 228.5 M 153
================================================================================
AV 88.1 71.8 7.4 FASTST M M 5 MAX(MPH)
MISC ----> 29 120 40 350
================================================================================
NOTES:
# LAST OF SEVERAL OCCURRENCES
COLUMN 17 PEAK WIND IN M.P.H.
PRELIMINARY LOCAL CLIMATOLOGICAL DATA (WS FORM: F-6) , PAGE 2
STATION: NEW ORLEANS
MONTH: MAY
YEAR: 2022
LATITUDE: 29 58 N
LONGITUDE: 90 15 W
[TEMPERATURE DATA] [PRECIPITATION DATA] SYMBOLS USED IN COLUMN 16
AVERAGE MONTHLY: 80.0 TOTAL FOR MONTH: 9.23 1 = FOG OR MIST
DPTR FM NORMAL: 2.9 DPTR FM NORMAL: 3.59 2 = FOG REDUCING VISIBILITY
HIGHEST: 93 ON 16 GRTST 24HR 3.61 ON 25-26 TO 1/4 MILE OR LESS
LOWEST: 66 ON 29 3 = THUNDER
SNOW, ICE PELLETS, HAIL 4 = ICE PELLETS
TOTAL MONTH: 0.0 INCH 5 = HAIL
GRTST 24HR 0.0 6 = FREEZING RAIN OR DRIZZLE
GRTST DEPTH: M ON M 7 = DUSTSTORM OR SANDSTORM:
VSBY 1/2 MILE OR LESS
8 = SMOKE OR HAZE
[NO. OF DAYS WITH] [WEATHER - DAYS WITH] 9 = BLOWING SNOW
X = TORNADO
MAX 32 OR BELOW: 0 0.01 INCH OR MORE: 12
MAX 90 OR ABOVE: 6 0.10 INCH OR MORE: 10
MIN 32 OR BELOW: 0 0.50 INCH OR MORE: 6
MIN 0 OR BELOW: 0 1.00 INCH OR MORE: 5
[HDD (BASE 65) ]
TOTAL THIS MO. 0 CLEAR (SCALE 0-3) 5
DPTR FM NORMAL -1 PTCLDY (SCALE 4-7) 22
TOTAL FM JUL 1 1000 CLOUDY (SCALE 8-10) 4
DPTR FM NORMAL -175
[CDD (BASE 65) ]
TOTAL THIS MO. 472
DPTR FM NORMAL 94 [PRESSURE DATA]
TOTAL FM JAN 1 805 HIGHEST SLP M ON M
DPTR FM NORMAL 116 LOWEST SLP 29.78 ON 7
[REMARKS]
#FINAL-05-22#