000
CXUS53 KILX 011013
CLAMTO
CLIMATE REPORT
NATIONAL WEATHER SERVICE LINCOLN IL
105 AM CST WED JAN 1 2020
...................................
...THE MATTOON IL AIRPORT CLIMATE SUMMARY FOR THE YEAR OF 2019...
CLIMATE NORMAL PERIOD 1981 TO 2010
CLIMATE RECORD PERIOD 9999 TO 9999
WEATHER OBSERVED NORMAL DEPART LAST YEAR`S
VALUE DATE(S) VALUE FROM VALUE
NORMAL
.............................................................
TEMPERATURE (F)
RECORD
HIGH MM MM
LOW MM MM
HIGHEST 93 07/10 MM MM 94
LOWEST -12 01/30 MM MM -11
AVG. MAXIMUM 62.4 62.6 -0.2 62.5
AVG. MINIMUM 44.0 43.5 0.5 44.1
MEAN 53.2 53.1 0.1 53.3
DAYS MAX >= 90 15 15.8 -0.8 19
DAYS MAX <= 32 31 29.7 1.3 33
DAYS MIN <= 32 114 107.5 6.5 127
DAYS MIN <= 0 3 3.2 -0.2 9
PRECIPITATION (INCHES)
RECORD
MAXIMUM MM MM
MINIMUM MM MM
TOTALS 35.62 38.05 -2.43 45.02
DAILY AVG. 0.10 0.12
DAYS >= .01 103 MM MM 107
DAYS >= .10 61 MM MM 60
DAYS >= .50 19 MM MM 29
DAYS >= 1.00 9 MM MM 9
GREATEST
24 HR. TOTAL 3.30 MM 4.70
DEGREE_DAYS
HEATING TOTAL 5378 5406 -28 5618
COOLING TOTAL 1256 1059 197 1485
FREEZE DATES
RECORD
EARLIEST MM
LATEST MM
EARLIEST MM
LATEST MM
..............................................................
SKY COVER
POSSIBLE SUNSHINE (PERCENT) MM
WEATHER CONDITIONS. NUMBER OF DAYS WITH
THUNDERSTORM 50 MIXED PRECIP 1
HEAVY RAIN 51 RAIN 73
LIGHT RAIN 153 FREEZING RAIN 1
LT FREEZING RAIN 5 HAIL 0
HEAVY SNOW 3 SNOW 7
LIGHT SNOW 31 SLEET 0
FOG 183 FOG W/VIS <= 1/4 MILE 33
HAZE 41
- INDICATES NEGATIVE NUMBERS.
R INDICATES RECORD WAS SET OR TIED.
MM INDICATES DATA IS MISSING.
T INDICATES TRACE AMOUNT.
$$