000
CXUS53 KGRB 152024
CF6MTW
PRELIMINARY LOCAL CLIMATOLOGICAL DATA (WS FORM: F-6)
STATION: MANITOWOC AWOS
MONTH: SEPTEMBER
YEAR: 2023
LATITUDE: 44 7 N
LONGITUDE: 87 40 W
TEMPERATURE IN F: :PCPN: SNOW: WIND :SUNSHINE: SKY :PK WND
================================================================================
1 2 3 4 5 6A 6B 7 8 9 10 11 12 13 14 15 16 17 18
12Z AVG MX 2MIN
DY MAX MIN AVG DEP HDD CDD WTR SNW DPTH SPD SPD DIR MIN PSBL S-S WX SPD DR
================================================================================
1 73 50 62 M 3 0 M M M 9.5 20 170 M M 0 1 25 170
2 78 62 70 M 0 5 T M M 7.4 13 230 M M 1 3 M M
3 93 74 84 M 0 19 M M M 10.4 14 230 M M 0 21 240
4 88 65 77 M 0 12 M M M 10.0 21 170 M M 1 25 170
5 80 67 74 M 0 9 T M M 9.7 21 170 M M 1 31 170
6 81 62 72 M 0 7 0.05 M M 6.7 15 360 M M 7 1 22 360
7 62 57 60 M 5 0 M M M 8.6 16 340 M M 9 18 330
8 63 48 56 M 9 0 M M M 4.7 9 350 M M 7 1 M M
9 69 45 57 M 8 0 M M M 2.6 10 110 M M 0 1 M M
10 66 51 59 M 6 0 M M M 3.7 8 90 M M 9 1 M M
11 63 57 60 M 5 0 M M M 7.2 12 360 M M 10 M M
12 64 53 59 M 6 0 M M M 8.2 13 350 M M 7 18 340
13 64 48 56 M 9 0 M M M 5.3 9 340 M M 7 M M
14 67 44 56 M 9 0 M M M 5.4 13 140 M M 2 8 M M
15 73 54 64 M 1 0 M M M 10.9 18 180 M M 3 23 180
16 74 52 63 M 2 0 T M M 3.7 9 130 M M 4 M M
17 66 51 59 M 6 0 M M M 5.3 10 10 M M 5 M M
18 64 47 56 M 9 0 M M M 5.4 10 340 M M 5 M M
19 67 45 56 M 9 0 T M M 8.2 15 120 M M 8 22 150
20 75 59 67 M 0 2 M M M 7.6 15 160 M M 2 12 M M
21 75 56 66 M 0 1 0.35 M M 1.7 7 150 M M 1 12 M M
22 74 55 65 M 0 0 T M M 4.6 12 130 M M 1 128 M M
23 72 59 66 M 0 1 T M M 7.7 15 110 M M 3 21 110
24 68 60 64 M 1 0 M M M 8.9 15 130 M M 3 23 130
25 71 62 67 M 0 2 0.03 M M 7.3 14 110 M M 5 M M
26 70 62 66 M 0 1 T M M 9.7 16 100 M M 10 22 100
27 65 61 63 M 2 0 0.09 M M 10.5 15 100 M M 10 1 21 110
28 68 53 61 M 4 0 T M M 3.8 8 100 M M 8 1 M M
29 69 49 59 M 6 0 M M M 7.1 15 160 M M 7 12 21 160
30 72 56 64 M 1 0 M M M 8.2 21 180 M M 2 12 30 180
================================================================================
SM 2134 1664 101 59 0.52 M 209.8 M 138
================================================================================
AV 71.1 55.5 7.0 FASTST M M 5 MAX(MPH)
MISC ----> # 21 170 31 170
================================================================================
NOTES:
# LAST OF SEVERAL OCCURRENCES
COLUMN 17 PEAK WIND IN M.P.H.
PRELIMINARY LOCAL CLIMATOLOGICAL DATA (WS FORM: F-6) , PAGE 2
STATION: MANITOWOC AWOS
MONTH: SEPTEMBER
YEAR: 2023
LATITUDE: 44 7 N
LONGITUDE: 87 40 W
[TEMPERATURE DATA] [PRECIPITATION DATA] SYMBOLS USED IN COLUMN 16
AVERAGE MONTHLY: 63.3 TOTAL FOR MONTH: 0.52 1 = FOG OR MIST
DPTR FM NORMAL: 0.0 DPTR FM NORMAL: M 2 = FOG REDUCING VISIBILITY
HIGHEST: 93 ON 3 GRTST 24HR 0.35 ON 21-21 TO 1/4 MILE OR LESS
LOWEST: 44 ON 14 3 = THUNDER
SNOW, ICE PELLETS, HAIL 4 = ICE PELLETS
TOTAL MONTH: M 5 = HAIL
GRTST 24HR M ON M 6 = FREEZING RAIN OR DRIZZLE
GRTST DEPTH: M ON M 7 = DUSTSTORM OR SANDSTORM:
VSBY 1/2 MILE OR LESS
8 = SMOKE OR HAZE
[NO. OF DAYS WITH] [WEATHER - DAYS WITH] 9 = BLOWING SNOW
X = TORNADO
MAX 32 OR BELOW: 0 0.01 INCH OR MORE: 4
MAX 90 OR ABOVE: 1 0.10 INCH OR MORE: 1
MIN 32 OR BELOW: 0 0.50 INCH OR MORE: 0
MIN 0 OR BELOW: 0 1.00 INCH OR MORE: 0
[HDD (BASE 65) ]
TOTAL THIS MO. 101 CLEAR (SCALE 0-3) 13
DPTR FM NORMAL M PTCLDY (SCALE 4-7) 11
TOTAL FM JUL 1 139 CLOUDY (SCALE 8-10) 6
DPTR FM NORMAL M
[CDD (BASE 65) ]
TOTAL THIS MO. 59
DPTR FM NORMAL M [PRESSURE DATA]
TOTAL FM JAN 1 402 HIGHEST SLP 30.25 ON 22
DPTR FM NORMAL 402 LOWEST SLP 29.69 ON 6
[REMARKS]
#FINAL-09-23#